WEATHER (Reports)

Walker Flat, South Australia    

home    gauges    today/yesterday    observations    reports    graphs    status
cam    month/year    monthly records   data   extremes   links   android   about

 

NOAA Style Reports Select the month or click ∨/∧ for other years data
Select a Year or Month report
V/Λ2020 > Jan Feb Mar Apr May Jun Jul Aug Sep Oct Nov Dec
V/Λ2019 > Jan Feb Mar Apr May Jun Jul Aug Sep Oct Nov Dec
V/Λ2018 > Jan Feb Mar Apr May Jun Jul Aug Sep Oct Nov Dec
V/Λ2017 > Jan Feb Mar Apr May Jun Jul Aug Sep Oct Nov Dec
V/Λ2016 > Jan Feb Mar Apr May Jun Jul Aug Sep Oct Nov Dec
V/Λ2015 > Jan Feb Mar Apr May Jun Jul Aug Sep Oct Nov Dec
V/Λ2014 > Jan Feb Mar Apr May Jun Jul Aug Sep Oct Nov Dec

Report for 2019 Dec
                   Monthly Climatological Summary for Dec 2019

Name: Walker Flat Weather   City: Walker Flat   State: SA
Elevation: 25 m  Lat: S 34° 45' 23"   Lon: E 139° 34' 12"

                  Temperature (°C), Rain (mm), Wind Speed (km/h)

                                      Heat  Cool        Avg
    Mean                              Deg   Deg         Wind                 Dom
Day Temp  High   Time   Low    Time   Days  Days  Rain  Speed High   Time    Dir
----------------------------------------------------------------------------------
 1  16.5  18.9  11:15a  15.2   8:33p   1.8   0.0   0.0  16.9  48.3  12:41p     S
 2  15.4  15.4  10:00a  15.4  10:00a   2.9   0.0   0.0  14.5  16.1  10:00a     S
 3  15.4  15.4  10:00a  15.4  10:00a   2.9   0.0   0.0  14.5  16.1  10:00a     S
 4  14.8  19.7   9:59a  11.5   6:46a   3.6   0.0   0.0   9.3  16.1  10:00a     S
 5  19.6  29.1   3:07p  11.3   6:23a   1.9   3.2   0.0  10.9  45.1   2:10p     S
 6  21.0  23.6   2:45p   9.8   6:59a   0.8   3.6   0.0  14.4  37.0  10:09a   SSW
 7  19.4  29.6   4:51p  11.7   6:38a   2.0   3.1   0.0   4.1  27.4   6:22p     S
 8  29.3  37.2   6:48p  21.9   6:45a   0.0  11.0   0.0   6.6  35.4  11:49a     S
 9  20.1  31.8   1:11p  14.8   5:31a   1.1   2.9   0.0  13.1  45.1   4:02p   SSW
10  17.4  24.3   3:00p  11.1   6:22a   2.5   1.6   0.0  11.2  38.6   4:23p   SSW
11  18.3  24.8   2:03p  14.2   1:34a   1.5   1.5   0.0  13.0  41.8   5:36p   SSW
12  17.0  22.1   4:12p  12.5   5:39a   2.3   1.0   0.0  12.1  46.7   5:31p   SSW
13  18.0  24.0   3:43p  14.2   1:30a   1.7   1.4   0.0  10.3  40.2   8:06p   SSW
14  19.0  27.9   4:13p  11.5   6:27a   1.9   2.6   0.0   6.4  30.6   8:48p   SSW
15  23.4  32.5   2:53p  14.0   5:48a   0.7   5.8   0.0   4.4  32.2   1:34p   SSW
16  26.4  37.2   5:26p  16.0   6:14a   0.3   8.4   0.0   3.9  38.6   7:00p     S
17  31.1  40.4   6:38p  20.1   6:33a   0.0  12.8   0.0   3.6  32.2   9:38a     S
18  31.5  45.2   4:05p  21.2   4:06a   0.0  13.2   0.0   6.8  38.6   6:00p     S
19  33.8  45.7   6:10p  24.1   6:21a   0.0  15.5   0.0   2.8  27.4   9:32a     S
20  29.0  45.8   2:27p  17.6   6:03a   0.1  10.7   1.6  14.0  57.9   7:24p   SSW
21  17.6  24.2   1:30p  11.4   6:24a   2.0   1.3   0.0  11.7  38.6   2:25p   SSW
22  21.5  28.2   5:41p  16.8   6:19a   0.2   3.4   0.0   4.8  27.4   7:08p   SSW
23  23.7  35.4   3:40p  15.7   5:55a   0.5   5.9   0.0   6.8  33.8   4:54p   SSW
24  25.3  34.7   5:03p  17.4   5:07a   0.1   7.1   0.0   6.9  29.0   6:19p   SSW
25  32.5  36.0   3:10p  26.7  10:00a   0.0  14.2   0.0  16.9  40.2   5:15p     S
26  24.2  33.8   3:43p  16.9   3:52a   0.3   6.2   0.0   8.5  40.2   3:57p     S
----------------------------------------------------------------------------------
    22.4  45.8    20     9.8     6    31.1 136.4   1.6   9.6  57.9    20       S

Max >=  27.0: 16
Max <=   0.0:  0
Min <=   0.0:  0
Min <= -18.0:  0
Max Rain: 1.6 on day 20
Days of Rain: 1 (>= 0.2 mm)  0 (>= 2.0 mm)  0 (>= 20.0 mm)
Heat Base: 18.3  Cool Base: 18.3  Method: Integration

The information provided herein is for informational purposes only and is not guaranteed to be accurate in any way. Do not make any life threatening decisions either directly or indirectly based on the information herein, no responsibility is accepted for any injuries, accidents or other incidents whether fatal or non-fatal, as a direct or indirect result of actions taken based upon the information herein.
Please refer to the Australian Government Bureau of Meteorology for the official weather and forecast.





page updated 18/01/2020 9:00:01 AM
powered by  cumulus v1.9.4 (1099)
cumulus software support forum
maintained by  Ankara Youth Camp

Flag Counter