WEATHER (Reports)

Walker Flat, South Australia    

home    gauges    today/yesterday    observations    reports    graphs    status
cam    month/year    monthly records   data   extremes   links   android   about

 

NOAA Style Reports Select the month or click ∨/∧ for other years data
Select a Year or Month report
V/Λ2018 > Jan Feb Mar Apr May Jun Jul Aug Sep Oct Nov Dec
V/Λ2017 > Jan Feb Mar Apr May Jun Jul Aug Sep Oct Nov Dec
V/Λ2016 > Jan Feb Mar Apr May Jun Jul Aug Sep Oct Nov Dec
V/Λ2015 > Jan Feb Mar Apr May Jun Jul Aug Sep Oct Nov Dec
V/Λ2014 > Jan Feb Mar Apr May Jun Jul Aug Sep Oct Nov Dec

Report for 2018 Dec
                   Monthly Climatological Summary for Dec 2018

Name: Walker Flat Weather   City: Walker Flat   State: SA
Elevation: 25 m  Lat: S 34° 45' 23"   Lon: E 139° 34' 12"

                  Temperature (°C), Rain (mm), Wind Speed (km/h)

                                      Heat  Cool        Avg
    Mean                              Deg   Deg         Wind                 Dom
Day Temp  High   Time   Low    Time   Days  Days  Rain  Speed High   Time    Dir
----------------------------------------------------------------------------------
 1  21.7  34.9   1:42p  12.8   6:35a   1.4   4.7   1.0  11.0  56.3   3:43p    NW
 2  17.0  21.9   3:16p  12.6   3:42a   2.1   0.8   0.0   9.6  51.5   3:50p     W
 3  19.5  25.9   4:04p  15.2   6:25a   1.1   2.3   0.0   9.3  32.2  10:01a    SW
 4  21.2  29.1   6:14p  13.5   5:51a   1.0   3.9   0.0   1.8  24.1   8:12p    SW
 5  26.5  35.2   4:53p  16.3   6:04a   0.2   8.3   0.0   0.6  22.5  11:33a   NNE
 6  30.8  40.7   4:45p  20.6   6:15a   0.0  12.5   0.0   2.9  35.4   9:29a    NE
 7  28.0  39.8  12:59p  20.6   4:12a   0.0   9.7   1.2   7.6  48.3  11:45a     W
 8  18.6  23.2   1:13p  15.6   4:43a   0.8   1.1   1.0  10.0  40.2   1:41p    SW
 9  20.1  28.7   2:16p  13.7   7:17a   1.2   3.0   0.0  11.6  45.1   6:59p    SW
10  20.4  29.2   2:51p  13.8   5:53a   1.1   3.2   0.0   9.7  45.1   7:02p    SW
11  26.2  33.3   4:18p  20.2   4:25a   0.0   7.8   0.0   0.9  29.0   1:07p     E
12  24.8  36.4   3:17p  13.9   7:15a   0.7   7.1   2.4  12.8  56.3   6:11a     S
13  14.5  17.9   9:56a  12.3  12:28a   3.8   0.0  11.8  27.8  69.2   4:32p     S
14  18.5  23.1   1:30p  15.4  12:09a   0.9   1.1   0.6   9.5  43.5   1:15p     S
15  21.1  28.2   5:00p  17.0   3:56a   0.2   3.0   0.0   4.1  35.4   7:08p     S
16  19.9  24.5   1:16p  16.4   6:00a   0.5   2.1   0.0  10.2  38.6   5:18p     S
17  20.7  27.1   4:47p  16.9   1:05a   0.4   2.7   0.0   6.1  37.0   7:12p     S
----------------------------------------------------------------------------------
    21.7  40.7     6    12.3    13    15.4  73.3  18.0   8.6  69.2    13      SW

Max >=  27.0: 11
Max <=   0.0:  0
Min <=   0.0:  0
Min <= -18.0:  0
Max Rain: 11.8 on day 13
Days of Rain: 6 (>= 0.2 mm)  2 (>= 2.0 mm)  0 (>= 20.0 mm)
Heat Base: 18.3  Cool Base: 18.3  Method: Integration

The information provided herein is for informational purposes only and is not guaranteed to be accurate in any way. Do not make any life threatening decisions either directly or indirectly based on the information herein, no responsibility is accepted for any injuries, accidents or other incidents whether fatal or non-fatal, as a direct or indirect result of actions taken based upon the information herein.
Please refer to the Australian Government Bureau of Meteorology for the official weather and forecast.





page updated 18/12/2018 9:00:01 AM
powered by  cumulus v1.9.4 (1099)
cumulus software support forum
maintained by  Ankara Youth Camp

Flag Counter