WEATHER (Reports)

Walker Flat, South Australia    

home    gauges    today/yesterday    observations    reports    graphs    status
cam    month/year    monthly records   data   extremes   links   android   about

 

NOAA Style Reports Select the month or click ∨/∧ for other years data
Select a Year or Month report
V/Λ2020 > Jan Feb Mar Apr May Jun Jul Aug Sep Oct Nov Dec V/Λ2019 > Jan Feb Mar Apr May Jun Jul Aug Sep Oct Nov Dec V/Λ2018 > Jan Feb Mar Apr May Jun Jul Aug Sep Oct Nov Dec V/Λ2017 > Jan Feb Mar Apr May Jun Jul Aug Sep Oct Nov Dec V/Λ2016 > Jan Feb Mar Apr May Jun Jul Aug Sep Oct Nov Dec V/Λ2015 > Jan Feb Mar Apr May Jun Jul Aug Sep Oct Nov Dec V/Λ2014 > Jan Feb Mar Apr May Jun Jul Aug Sep Oct Nov Dec

Report for 2014 Jun
                   Monthly Climatological Summary for Jun 2014

Name: Walker Flat Weather   City: Walker Flat   State: SA
Elevation: 25 m  Lat: S 34° 45' 23"   Lon: E 139° 34' 12"

                  Temperature (°C), Rain (mm), Wind Speed (km/h)

                                      Heat  Cool        Avg
    Mean                              Deg   Deg         Wind                 Dom
Day Temp  High   Time   Low    Time   Days  Days  Rain  Speed High   Time    Dir
----------------------------------------------------------------------------------
 1  12.8  15.7  12:52p  10.4   5:00a   5.3   0.0   4.6   1.3   8.0   2:00a   WSW
 2  13.4  15.7   3:15p  11.2   9:00a   4.9   0.0   0.0   0.9   6.4   9:55a   SSE
 3  12.9  20.2   2:15p   8.9   1:45a   5.5   0.1   0.0   1.1  14.5   3:15p    NW
 4  14.6  20.4   2:31p  11.2   4:00a   3.8   0.2   0.0   2.1  14.5  12:41p     W
 5  11.8  17.7   2:03p   6.6   6:45a   6.4   0.0   0.0   1.3   9.7  11:52a    SW
 6  12.0  16.7   2:53p   8.4   9:00a   6.0   0.0   0.0   1.3  12.9   2:08p   SSW
 7  13.5  18.6   2:45p  10.4   1:15a   4.8   0.0   0.0   1.4  16.1   1:15p    SW
 8  10.5  16.2   3:00p   6.1   6:45a   7.6   0.0   0.0   1.6  14.5  11:45a   SSW
 9   8.6  13.6   1:32p   4.3   7:33a   9.3   0.0   0.0   2.4  17.7  12:05p    NE
10   9.8  16.6   3:17p   6.1   5:15a   8.4   0.0   0.0   3.7  20.9   2:01p   NNE
11  10.7  14.0   3:55p   7.8   9:00a   7.4   0.0   0.0   2.2  14.5  12:34p   NNE
12  12.5  16.3   2:40p   8.4   7:18a   5.7   0.0   0.0   3.6  17.7   7:30a   NNE
13  10.6  14.1  11:30a   8.1  12:00a   7.7   0.0   7.0   2.5  22.5   9:30a   NNE
14  12.2  14.9  12:30p  10.6  12:45a   6.1   0.0   0.0   2.4  22.5  10:45a   WSW
15  12.7  16.3   1:16p  10.0  12:00a   5.4   0.0   0.2   1.9  14.5  12:11p     W
16  12.2  17.9  12:41p   8.2   7:45a   6.0   0.0   2.2   1.6  20.9   2:28p     W
17  13.5  16.1   1:41p   9.9   9:00a   4.8   0.0   0.0   1.0  14.5   9:00a    NE
18  10.9  14.7   2:50p   9.1  11:30p   7.2   0.0   0.0   4.6  29.0  10:24a   NNE
19  10.9  15.2  12:45p   8.2   2:15a   7.2   0.0   0.0   5.1  24.1   1:00p   NNE
20  12.6  17.7  12:39p   8.7   2:30a   5.4   0.0   2.0   3.1  24.1  11:42a    NW
21  11.3  17.4  11:45a   6.1   8:15a   7.0   0.0   0.0   1.3  12.9   1:45p   WNW
22  13.7  16.6   3:15p   7.9   9:00a   4.6   0.0   3.2   7.7  35.4  10:00p     N
23  10.5  14.6  11:15a   8.0   8:15p   7.6   0.0   2.8   5.7  33.8   9:15a     W
24  13.1  17.6  12:59p   9.9   7:30a   5.1   0.0   0.2   6.5  33.8  11:56a     W
25  14.3  17.5   1:51p  12.6   6:44a   4.0   0.0   0.0   4.3  29.0  12:12p    NW
26  12.6  17.2   2:46p   8.6   4:45a   5.5   0.0   0.0   4.6  25.7   2:45a   NNE
27  13.1  19.6   2:02p   8.4   9:00a   5.3   0.1   4.6   6.7  38.6   2:04p   NNW
28   9.6  13.7   1:00p   6.9   6:45a   8.7   0.0   0.2   4.7  32.2   2:45p     W
29   9.0  14.6  11:52a   6.6  12:36a   9.1   0.0   4.6   2.4  25.7  12:10p   WSW
30  11.9  16.2   2:57p   8.4   7:51a   6.4   0.0   0.0   2.0  19.3  12:40p     W
----------------------------------------------------------------------------------
    11.9  20.4     4     4.3     9   188.2   0.4  31.6   3.0  38.6    27      NW

Max >=  27.0:  0
Max <=   0.0:  0
Min <=   0.0:  0
Min <= -18.0:  0
Max Rain: 7.0 on day 13
Days of Rain: 11 (>= 0.2 mm)  8 (>= 2.0 mm)  0 (>= 20.0 mm)
Heat Base: 18.3  Cool Base: 18.3  Method: Integration

The information provided herein is for informational purposes only and is not guaranteed to be accurate in any way. Do not make any life threatening decisions either directly or indirectly based on the information herein, no responsibility is accepted for any injuries, accidents or other incidents whether fatal or non-fatal, as a direct or indirect result of actions taken based upon the information herein.
Please refer to the Australian Government Bureau of Meteorology for the official weather and forecast.





page updated 9/04/2020 9:00:02 AM
powered by  cumulus v1.9.4 (1099)
cumulus software support forum
maintained by  Ankara Youth Camp

Flag Counter