WEATHER (Reports)

Walker Flat, South Australia    

home    gauges    today/yesterday    observations    reports    graphs    status
cam    month/year    monthly records   data   extremes   links   android   about

 

NOAA Style Reports Select the month or click ∨/∧ for other years data
Select a Year or Month report
V/Λ2019 > Jan Feb Mar Apr May Jun Jul Aug Sep Oct Nov Dec V/Λ2018 > Jan Feb Mar Apr May Jun Jul Aug Sep Oct Nov Dec V/Λ2017 > Jan Feb Mar Apr May Jun Jul Aug Sep Oct Nov Dec V/Λ2016 > Jan Feb Mar Apr May Jun Jul Aug Sep Oct Nov Dec V/Λ2015 > Jan Feb Mar Apr May Jun Jul Aug Sep Oct Nov Dec V/Λ2014 > Jan Feb Mar Apr May Jun Jul Aug Sep Oct Nov Dec

Report for 2014 Jul
                   Monthly Climatological Summary for Jul 2014

Name: Walker Flat Weather   City: Walker Flat   State: SA
Elevation: 25 m  Lat: S 34° 45' 23"   Lon: E 139° 34' 12"

                  Temperature (°C), Rain (mm), Wind Speed (km/h)

                                      Heat  Cool        Avg
    Mean                              Deg   Deg         Wind                 Dom
Day Temp  High   Time   Low    Time   Days  Days  Rain  Speed High   Time    Dir
----------------------------------------------------------------------------------
 1  10.0  15.4  12:59p   5.1   8:15a   8.3   0.0   0.0   0.9   9.7  12:12p    SE
 2   9.3  15.7   3:07p   3.3   7:15a   8.7   0.0   0.2   2.9  17.7   3:45a    NE
 3  11.3  17.3   3:15p   6.4   9:15a   6.8   0.0   0.0   4.0  27.4  12:45p     N
 4  11.8  15.9   3:07p   7.9   1:00a   6.5   0.0   2.2   3.9  20.9  12:46p   WNW
 5  11.2  15.3   1:15p   8.1   5:15a   7.1   0.0   2.0   2.1  17.7  12:45p     W
 6  10.1  16.6   2:30p   5.9   5:00a   8.2   0.0   0.0   1.8  17.7  12:15p     W
 7  13.3  17.3   1:01p   7.4   9:00a   4.9   0.0   0.0   8.8  27.4   1:13p   NNE
 8  12.2  17.9   4:02p   8.4   6:45a   5.9   0.0   1.2  11.2  45.1   6:59p     N
 9   9.2  12.6   2:56p   6.8   7:45a   8.9   0.0   4.8   5.4  29.0   1:15a     W
10   8.9  15.7   1:38p   3.5   7:15a   9.2   0.0   0.0   4.5  25.7  12:07p     W
11  11.4  15.3  12:36p   6.4   9:00a   6.7   0.0   2.8   3.0  24.1   1:20p    NW
12   6.9  13.1  11:44a   1.6   6:46a  11.4   0.0   0.0   1.6  17.7   4:22p    SW
13   7.1  12.2   2:58p   3.1   9:00a  11.2   0.0   0.0   1.7  12.9   1:57p   ESE
14   7.5  10.2   3:02p   4.3   9:00a  10.7   0.0   0.0   2.6  14.5   7:30a   NNE
15  10.2  13.0   2:44p   7.9   9:00a   8.0   0.0   0.0   6.4  19.3  11:38a    NE
16  12.2  16.7   1:00p   6.9   6:00a   6.0   0.0   0.4   5.3  27.4  11:15a    NW
17   8.7  13.9   1:34p   4.9   6:50a   9.6   0.0   2.6   4.5  27.4   3:23p     W
18  10.2  13.9  11:55a   7.0   9:00a   8.1   0.0   0.0   2.1  16.1  12:30p    SW
19   7.9  12.8   4:00p   3.6   8:00a  10.3   0.0   0.0   1.1  14.5   1:00p    SE
20   8.4  12.6   4:00p   4.1   5:45a   9.6   0.0   0.0   1.9  14.5   1:00p    NE
21   8.5  15.6   3:30p   2.6   7:30a   9.6   0.0   0.0   2.7  16.1   9:45a    NE
22   9.7  17.6   3:45p   4.3   9:00a   8.6   0.0   0.0   2.0  12.9   1:30p    NE
23  11.4  13.6   1:03p   7.4   9:00a   6.8   0.0   6.2   3.1  24.1   8:30a   NNE
24  13.0  16.4   1:57p  10.3   7:15a   5.2   0.0   0.4   4.0  22.5   4:25p   NNW
25  12.3  17.1   2:00p   8.1   7:45a   5.9   0.0   0.4   0.8  19.3   2:15p   WNW
26  10.4  18.3   3:30p   5.0   7:15a   7.8   0.0   0.0   1.4  17.7  11:30a   WNW
27  14.3  19.7   2:13p   7.9   9:00a   4.0   0.1   0.0   4.0  22.5   1:35p     N
28  13.4  18.6   2:11p   7.9   2:15a   4.7   0.0   0.0   2.4  22.5   5:00a   NNW
29  15.0  18.6   1:37p  12.3   1:15a   3.2   0.0   0.0   7.3  32.2   2:26p   WNW
30  14.4  18.7   2:19p  10.4   5:15a   3.8   0.0   0.0   4.7  25.7   7:00a     N
31  10.6  19.3  12:37p   6.3   3:00a   7.7   0.1   3.4  10.3  46.7  10:27a   WNW
----------------------------------------------------------------------------------
    10.7  19.7    27     1.6    12   233.4   0.2  26.6   4.2  46.7    31     NNW

Max >=  27.0:  0
Max <=   0.0:  0
Min <=   0.0:  0
Min <= -18.0:  0
Max Rain: 6.2 on day 23
Days of Rain: 12 (>= 0.2 mm)  7 (>= 2.0 mm)  0 (>= 20.0 mm)
Heat Base: 18.3  Cool Base: 18.3  Method: Integration

The information provided herein is for informational purposes only and is not guaranteed to be accurate in any way. Do not make any life threatening decisions either directly or indirectly based on the information herein, no responsibility is accepted for any injuries, accidents or other incidents whether fatal or non-fatal, as a direct or indirect result of actions taken based upon the information herein.
Please refer to the Australian Government Bureau of Meteorology for the official weather and forecast.





page updated 23/09/2019 9:00:05 AM
powered by  cumulus v1.9.4 (1099)
cumulus software support forum
maintained by  Ankara Youth Camp

Flag Counter