WEATHER (Reports)

Walker Flat, South Australia    

home    gauges    today/yesterday    observations    reports    graphs    status
cam    month/year    monthly records   data   extremes   links   android   about

 

NOAA Style Reports Select the month or click ∨/∧ for other years data
Select a Year or Month report
V/Λ2019 > Jan Feb Mar Apr May Jun Jul Aug Sep Oct Nov Dec V/Λ2018 > Jan Feb Mar Apr May Jun Jul Aug Sep Oct Nov Dec V/Λ2017 > Jan Feb Mar Apr May Jun Jul Aug Sep Oct Nov Dec V/Λ2016 > Jan Feb Mar Apr May Jun Jul Aug Sep Oct Nov Dec V/Λ2015 > Jan Feb Mar Apr May Jun Jul Aug Sep Oct Nov Dec V/Λ2014 > Jan Feb Mar Apr May Jun Jul Aug Sep Oct Nov Dec

Report for 2014 Aug
                   Monthly Climatological Summary for Aug 2014

Name: Walker Flat Weather   City: Walker Flat   State: SA
Elevation: 25 m  Lat: S 34° 45' 23"   Lon: E 139° 34' 12"

                  Temperature (°C), Rain (mm), Wind Speed (km/h)

                                      Heat  Cool        Avg
    Mean                              Deg   Deg         Wind                 Dom
Day Temp  High   Time   Low    Time   Days  Days  Rain  Speed High   Time    Dir
----------------------------------------------------------------------------------
 1   7.0  13.1   2:22p   2.8   7:30a  10.9   0.0   1.0   6.5  35.4   2:25p   WSW
 2   6.7  13.8  12:15p   1.1   7:30a  11.3   0.0   0.0   1.0  11.3   3:15p   ESE
 3   6.6  14.4   3:13p   0.3   7:15a  11.6   0.0   0.0   3.0  17.7  11:55a     E
 4   6.8  15.2   3:17p   1.4   7:15a  11.1   0.0   0.0   1.6   9.7   1:03p    SE
 5   9.7  17.1   3:28p   3.2   9:00a   8.6   0.0   0.0   1.0   8.0   4:45a     S
 6   9.0  18.2   2:45p   2.8   6:45a   9.3   0.0   0.0   1.3  16.1   2:15p   WSW
 7   8.6  16.4   3:45p   1.6   6:15a   9.7   0.0   0.0   1.9  14.5  12:15p   ENE
 8  10.2  19.0   2:45p   5.4   2:15a   8.1   0.0   0.0   0.9  14.5   4:00p     N
 9  13.4  18.8   1:15p   7.7   9:00a   4.9   0.0   0.0   1.3  14.5   1:00p    NW
10   8.3  14.6  11:30a   2.7   7:00a  10.0   0.0   0.0   2.1  25.7   4:45p    SW
11   7.7  13.4   3:00p   3.4   5:45a  10.6   0.0   0.0   1.3  16.1   3:30p   SSW
12   9.2  12.7   1:30p   6.0   7:30a   9.1   0.0   0.0   3.5  24.1   3:30p    SW
13  10.9  14.3   2:30p   8.4   9:00a   7.4   0.0   0.0   3.5  27.4  11:30a   SSW
14   9.5  15.3   2:15p   4.6   5:30a   8.8   0.0   0.0   1.9  20.9   4:00p    SW
15  11.8  17.8   3:00p   7.8   9:00a   6.5   0.0   2.6   1.8  12.9   8:30a    SW
16  10.5  13.2   4:00p   7.1   6:45a   7.8   0.0   1.4   3.3  19.3   8:45a    SW
17  11.5  16.6   1:45p   8.4   4:00a   6.8   0.0   0.0   3.8  32.2  12:15p    SW
18  11.2  15.0   1:45p   8.8   8:15p   7.1   0.0   0.0   2.9  27.4   3:00p    SW
19  10.3  15.2   2:30p   3.9   6:30a   8.0   0.0   0.0   2.6  19.3  10:15a    SW
20   9.2  15.5   3:30p   3.1   4:45a   8.9   0.0   0.0   1.4  14.5   1:00p   SSW
21  11.0  18.5   3:16p   4.8   7:17a   7.3   0.0   0.0   1.9  14.5  12:10p   ENE
22  12.9  20.8   2:47p   6.7   3:44a   5.7   0.3   0.0   3.2  19.3   1:33p   NNE
23  12.2  21.7  12:02p   6.2   6:27a   6.3   0.2   0.0   3.2  25.7  10:40a    NW
24   9.9  18.1   2:18p   3.4   6:15a   8.4   0.0   0.0   3.6  16.1   1:01p   SSW
25  10.5  17.9   3:00p   5.1   3:30a   7.8   0.0   0.0   1.8  17.7   3:45p    SW
26  11.1  20.3   2:49p   4.6   4:58a   7.1   0.1   0.0   1.5  12.9  12:32p   ESE
27  13.6  22.3   2:47p   6.2   6:39a   5.6   0.9   0.0   1.2  12.9  12:47p   ESE
28  14.3  24.3   1:14p   6.2   6:48a   5.4   1.4   0.0   1.4  11.3  12:04p     E
29  14.4  24.9   2:27p   5.3   7:00a   5.4   1.5   0.0   1.6  12.9   6:42p    SE
30  15.4  26.4   2:30p   7.7   5:15a   4.9   2.0   0.0   1.8  17.7  12:30p   NNE
31  18.5  25.9   1:15p  12.0   6:45a   1.9   2.1   0.4   3.3  25.7  12:30p   NNW
----------------------------------------------------------------------------------
    10.7  26.4    30     0.3     3   242.3   8.5   5.4   2.2  35.4     1      SW

Max >=  27.0:  0
Max <=   0.0:  0
Min <=   0.0:  0
Min <= -18.0:  0
Max Rain: 2.6 on day 15
Days of Rain: 4 (>= 0.2 mm)  1 (>= 2.0 mm)  0 (>= 20.0 mm)
Heat Base: 18.3  Cool Base: 18.3  Method: Integration

The information provided herein is for informational purposes only and is not guaranteed to be accurate in any way. Do not make any life threatening decisions either directly or indirectly based on the information herein, no responsibility is accepted for any injuries, accidents or other incidents whether fatal or non-fatal, as a direct or indirect result of actions taken based upon the information herein.
Please refer to the Australian Government Bureau of Meteorology for the official weather and forecast.





page updated 23/09/2019 9:00:05 AM
powered by  cumulus v1.9.4 (1099)
cumulus software support forum
maintained by  Ankara Youth Camp

Flag Counter