WEATHER (Reports)

Walker Flat, South Australia    

home    gauges    today/yesterday    observations    reports    graphs    status
cam    month/year    monthly records   data   extremes   links   android   about

 

NOAA Style Reports Select the month or click ∨/∧ for other years data
Select a Year or Month report
V/Λ2019 > Jan Feb Mar Apr May Jun Jul Aug Sep Oct Nov Dec V/Λ2018 > Jan Feb Mar Apr May Jun Jul Aug Sep Oct Nov Dec V/Λ2017 > Jan Feb Mar Apr May Jun Jul Aug Sep Oct Nov Dec V/Λ2016 > Jan Feb Mar Apr May Jun Jul Aug Sep Oct Nov Dec V/Λ2015 > Jan Feb Mar Apr May Jun Jul Aug Sep Oct Nov Dec V/Λ2014 > Jan Feb Mar Apr May Jun Jul Aug Sep Oct Nov Dec

Report for 2014 Oct
                   Monthly Climatological Summary for Oct 2014

Name: Walker Flat Weather   City: Walker Flat   State: SA
Elevation: 25 m  Lat: S 34° 45' 23"   Lon: E 139° 34' 12"

                  Temperature (°C), Rain (mm), Wind Speed (km/h)

                                      Heat  Cool        Avg
    Mean                              Deg   Deg         Wind                 Dom
Day Temp  High   Time   Low    Time   Days  Days  Rain  Speed High   Time    Dir
----------------------------------------------------------------------------------
 1  12.4  19.6   2:30p   5.6   5:15a   6.0   0.1   0.0   2.8  20.9   4:00p    SW
 2  13.4  20.7   3:00p   6.3   6:00a   5.2   0.3   0.0   2.4  17.7   3:30p    SW
 3  18.0  28.6  10:00a  10.1   6:15a   2.8   2.4   0.0   2.1  19.3   1:15p    NE
 4  21.6  33.8   1:45p  14.5   6:00a   1.6   5.0   0.0   4.4  22.5   9:30p   WSW
 5  20.1  27.2   3:45p  14.1   1:45a   1.2   3.0   0.0   2.2  19.3   7:30a   NNE
 6  17.5  31.1   1:15p   9.8   5:10a   2.9   2.1   0.0   6.2  48.3   1:45p   WNW
 7  13.3  20.0   3:10p   6.8   5:13a   5.2   0.1   0.0   3.7  29.0  10:18a    SW
 8  14.8  23.8   4:16p   6.2   6:54a   4.5   1.0   0.0   2.1  19.3   6:31p     S
 9  20.6  28.8   2:33p  12.6   7:00a   1.3   3.6   0.0   5.7  27.4   1:00a    NE
10  20.2  32.6   4:00p  13.9   7:15a   1.9   3.9   0.0   6.1  32.2  12:45a    SW
11  16.3  25.6   4:30p   9.6   5:30a   3.6   1.5   0.0   3.3  27.4   7:45p    SW
12  16.8  28.8   2:30p   8.9   7:30a   4.0   2.5   1.4   6.7  33.8  10:45p   WSW
13  11.2  16.7   2:30p   6.1   6:15a   7.1   0.0   0.6   6.1  37.0   2:15p    SW
14  11.5  16.6   2:30p   6.2   4:15a   6.8   0.0   0.0   4.3  29.0   3:30p    SW
15  12.9  19.9   4:15p   7.1   6:30a   5.6   0.1   0.0   2.8  22.5   5:45p    SW
16  14.2  21.5   4:45p   6.5   7:00a   4.6   0.6   0.0   2.9  22.5   7:00p    SW
17  18.7  25.7   4:45p  11.3   7:00a   1.8   2.3   0.0   3.1  27.4   2:00p    NE
18  22.7  33.3   5:00p  13.3   6:15a   1.2   5.7   0.0   3.7  29.0   1:00p    NE
19  20.4  35.9   2:00p  11.5   7:00a   2.4   4.5   0.0   5.1  32.2   5:00p    SW
20  21.0  30.4   4:30p  12.3   6:00a   1.1   3.9   0.0   2.1  20.9   4:45p    SE
21  28.1  36.8   4:00p  19.4   7:00a   0.0   9.8   0.0   3.2  22.5  11:45a    NE
22  19.9  33.0   1:15p  15.0   7:30a   1.6   3.2   0.0   7.6  35.4   2:45p    SW
23  18.3  28.8   4:24p  10.8   5:10a   2.6   2.6   1.8   2.7  20.9   5:06p    SW
24  23.0  36.5   3:37p  13.6   7:00a   1.1   5.8   0.0   4.9  30.6   3:42p    SW
25  18.8  29.5   2:45p  13.0   3:30a   2.1   2.6   0.0   3.9  27.4   4:15p    SW
26  19.3  25.8   7:15p  14.3  10:00a   1.2   2.2   0.8   8.3  35.4  10:45a    NW
27  15.8  21.3   3:55p   9.9   1:02a   3.0   0.6   0.0   5.3  30.6  11:34a     W
28  16.3  23.8   2:48p  10.2   4:45a   3.2   1.2   0.0   4.2  22.5  11:01a   WSW
29  18.1  30.3   4:12p   9.8   5:35a   2.5   2.3   0.0   3.9  27.4   3:37p    SW
30  20.1  29.9   4:51p  12.4   5:55a   1.6   3.4   0.0   2.5  22.5   7:23p   SSW
31  22.2  36.8   2:22p  12.6   6:46a   1.5   5.4   0.2   8.6  33.8   7:58p     W
----------------------------------------------------------------------------------
    18.0  36.8    21     5.6     1    91.2  81.7   4.8   4.4  48.3     6     WSW

Max >=  27.0: 18
Max <=   0.0:  0
Min <=   0.0:  0
Min <= -18.0:  0
Max Rain: 1.8 on day 23
Days of Rain: 5 (>= 0.2 mm)  0 (>= 2.0 mm)  0 (>= 20.0 mm)
Heat Base: 18.3  Cool Base: 18.3  Method: Integration

The information provided herein is for informational purposes only and is not guaranteed to be accurate in any way. Do not make any life threatening decisions either directly or indirectly based on the information herein, no responsibility is accepted for any injuries, accidents or other incidents whether fatal or non-fatal, as a direct or indirect result of actions taken based upon the information herein.
Please refer to the Australian Government Bureau of Meteorology for the official weather and forecast.





page updated 23/09/2019 9:00:05 AM
powered by  cumulus v1.9.4 (1099)
cumulus software support forum
maintained by  Ankara Youth Camp

Flag Counter