WEATHER (Reports)

Walker Flat, South Australia    

home    gauges    today/yesterday    observations    reports    graphs    status
cam    month/year    monthly records   data   extremes   links   android   about

 

NOAA Style Reports Select the month or click ∨/∧ for other years data
Select a Year or Month report
V/Λ2019 > Jan Feb Mar Apr May Jun Jul Aug Sep Oct Nov Dec V/Λ2018 > Jan Feb Mar Apr May Jun Jul Aug Sep Oct Nov Dec V/Λ2017 > Jan Feb Mar Apr May Jun Jul Aug Sep Oct Nov Dec V/Λ2016 > Jan Feb Mar Apr May Jun Jul Aug Sep Oct Nov Dec V/Λ2015 > Jan Feb Mar Apr May Jun Jul Aug Sep Oct Nov Dec V/Λ2014 > Jan Feb Mar Apr May Jun Jul Aug Sep Oct Nov Dec

Report for 2014 Nov
                   Monthly Climatological Summary for Nov 2014

Name: Walker Flat Weather   City: Walker Flat   State: SA
Elevation: 25 m  Lat: S 34° 45' 23"   Lon: E 139° 34' 12"

                  Temperature (°C), Rain (mm), Wind Speed (km/h)

                                      Heat  Cool        Avg
    Mean                              Deg   Deg         Wind                 Dom
Day Temp  High   Time   Low    Time   Days  Days  Rain  Speed High   Time    Dir
----------------------------------------------------------------------------------
 1  14.1  19.7   2:22p   8.8   4:01a   4.3   0.1   0.0   6.9  41.8  10:34a    SW
 2  15.0  22.2   3:52p   8.2   4:55a   4.0   0.6   0.0   3.3  22.5   7:04p    SW
 3  21.5  28.6   3:44p  13.9   6:15a   0.7   3.9   0.0   5.0  24.1  12:07p   NNE
 4  16.1  24.8  10:02a  10.2   7:00a   3.2   1.1   0.0  10.6  37.0  12:57p    SW
 5  15.6  22.7   3:00p   8.2   5:30a   3.2   0.8   0.0   4.4  27.4   7:00p    SW
 6  20.8  30.9   3:35p  11.8   6:27a   1.6   4.1   0.0   2.5  20.9   4:05p    NW
 7  27.7  36.6   4:22p  16.6   6:37a   0.1   9.5   0.0   6.7  62.8   4:06p   NNE
 8  16.7  27.9  11:10a  10.3   5:52a   2.9   1.3   0.0   5.7  35.4   3:12p    SW
 9  16.4  24.2   2:34p   9.5   6:41a   3.2   1.2   0.0   5.5  30.6   6:47p    SW
10  17.0  25.5   2:45p   8.9   6:19a   3.0   1.7   0.0   4.8  27.4   5:10p    SW
11  20.8  29.5   5:10p  12.6   6:11a   1.1   3.6   0.0   1.8  14.5  12:12p    SW
12  27.4  37.0   3:18p  20.1   1:54a   0.0   9.1   0.0   1.9  17.7   4:30p     W
13  28.2  39.8   3:39p  18.8   7:08a   0.0   9.9   0.0   5.0  27.4   4:41a     W
14  18.9  24.7   3:05p  13.8   6:34a   1.1   1.7   0.0   5.2  27.4  10:28a    SW
15  16.5  23.7   3:45p  11.2   6:30a   2.8   1.1   2.4   7.0  27.4   6:00p     W
16  16.4  23.3   3:15p  10.3   4:58a   2.9   1.0   0.0   4.0  27.4  10:58a   WSW
17  16.9  24.2   3:15p  10.0   5:45a   2.9   1.5   0.0   3.2  22.5   4:15p    SW
18  17.8  25.6   4:34p  10.6   5:48a   2.1   1.6   0.0   2.9  20.9   9:05p    SW
19  26.4  35.8   4:22p  19.8   2:25a   0.0   8.1   0.0   3.6  30.6   8:17a   NNW
20  19.7  26.1   6:05p  15.7   6:49a   0.7   2.1   2.2   4.3  19.3   6:09p     W
21  22.1  30.6   5:19p  15.5   4:45a   0.5   4.2   1.6   3.0  22.5   8:45a    NW
22  20.1  31.1   5:45p  13.7   6:30a   1.1   2.9   4.8   3.4  29.0  11:15a    SW
23  22.8  28.6   4:30p  17.1   6:30a   0.1   4.6   0.0   3.1  25.7   8:30a    SW
24  17.1  25.8  12:45p  10.8   5:15a   2.7   1.5   0.0   6.6  37.0   5:15p    SW
25  16.7  24.4   2:45p   9.8   5:30a   3.0   1.4   0.0   3.9  32.2   7:15p    SW
26  17.9  24.5   3:15p  11.9   6:30a   1.9   1.5   0.0   4.7  29.0   5:15p    SW
27  19.4  27.7   4:15p  13.5   2:45a   1.7   2.8   0.0   4.9  27.4   7:30p    SW
28  22.8  33.1   4:00p  13.5   6:15a   1.0   5.4   0.0   2.3  22.5   8:45p    SW
29  27.1  36.4   5:45p  16.8   6:15a   0.1   8.9   0.0   2.4  22.5   7:00p     N
30  26.1  38.9  12:15p  16.4   4:30a   0.2   8.0   0.0   4.6  27.4   1:00p   WNW
----------------------------------------------------------------------------------
    20.1  39.8    13     8.2     2    52.1 105.2  11.0   4.4  62.8     7     WSW

Max >=  27.0: 15
Max <=   0.0:  0
Min <=   0.0:  0
Min <= -18.0:  0
Max Rain: 4.8 on day 22
Days of Rain: 4 (>= 0.2 mm)  3 (>= 2.0 mm)  0 (>= 20.0 mm)
Heat Base: 18.3  Cool Base: 18.3  Method: Integration

The information provided herein is for informational purposes only and is not guaranteed to be accurate in any way. Do not make any life threatening decisions either directly or indirectly based on the information herein, no responsibility is accepted for any injuries, accidents or other incidents whether fatal or non-fatal, as a direct or indirect result of actions taken based upon the information herein.
Please refer to the Australian Government Bureau of Meteorology for the official weather and forecast.





page updated 23/09/2019 9:00:05 AM
powered by  cumulus v1.9.4 (1099)
cumulus software support forum
maintained by  Ankara Youth Camp

Flag Counter