WEATHER (Reports)

Walker Flat, South Australia    

home    gauges    today/yesterday    observations    reports    graphs    status
cam    month/year    monthly records   data   extremes   links   android   about

 

NOAA Style Reports Select the month or click ∨/∧ for other years data
Select a Year or Month report
V/Λ2019 > Jan Feb Mar Apr May Jun Jul Aug Sep Oct Nov Dec
V/Λ2018 > Jan Feb Mar Apr May Jun Jul Aug Sep Oct Nov Dec
V/Λ2017 > Jan Feb Mar Apr May Jun Jul Aug Sep Oct Nov Dec
V/Λ2016 > Jan Feb Mar Apr May Jun Jul Aug Sep Oct Nov Dec
V/Λ2015 > Jan Feb Mar Apr May Jun Jul Aug Sep Oct Nov Dec
V/Λ2014 > Jan Feb Mar Apr May Jun Jul Aug Sep Oct Nov Dec

Report for 2015 Jan
                   Monthly Climatological Summary for Jan 2015

Name: Walker Flat Weather   City: Walker Flat   State: SA
Elevation: 25 m  Lat: S 34° 45' 23"   Lon: E 139° 34' 12"

                  Temperature (°C), Rain (mm), Wind Speed (km/h)

                                      Heat  Cool        Avg
    Mean                              Deg   Deg         Wind                 Dom
Day Temp  High   Time   Low    Time   Days  Days  Rain  Speed High   Time    Dir
----------------------------------------------------------------------------------
 1  26.9  34.8   7:00p  18.1   7:00a   0.0   8.6   0.0   2.4  24.1   1:00p    SW
 2  32.0  43.5   5:00p  18.7   6:30a   0.0  13.7   0.6   5.2  32.2  12:15p   NNE
 3  24.2  41.0  11:45a  17.6   6:15a   0.1   6.0   1.8   6.8  33.8  12:00p    SW
 4  21.4  30.5   4:30p  15.6   6:30a   0.5   3.6   0.0   5.6  29.0   8:30p    SW
 5  24.7  35.4   4:00p  18.2   6:15a   0.0   6.4   0.0   4.7  24.1   5:15p    SW
 6  29.3  38.8   4:00p  21.2   6:27a   0.0  10.8   0.0   1.9  22.5   7:31p    SW
 7  28.5  40.1   2:00p  22.2   5:52a   0.0  10.2  14.8   4.7  27.4   1:51p     N
 8  21.2  26.1   6:52p  18.0   5:45a   0.0   2.9  16.2   2.5  20.9   1:15a    SW
 9  16.8  21.1  11:40a  13.4   8:45a   2.0   0.6  24.4   5.8  27.4   4:00a    SW
10  17.2  19.3   9:57a  13.8  10:00a   1.1   0.0   0.6   5.0  24.1   2:00p    SW
11  23.2  28.9   5:42p  18.8   4:59a   0.0   4.9   0.0   3.5  22.5   4:37p     S
12  24.9  29.5   2:40p  21.7   6:22a   0.0   6.6  23.6   4.3  27.4   9:58a     N
13  20.6  25.2   1:37p  17.3   3:04a   0.1   2.4   0.0   8.1  35.4  12:42p     W
14  19.5  24.3   4:17p  16.9   6:39a   0.5   1.7   0.0   6.3  27.4  12:07p    SW
15  18.3  24.4   3:00p  12.6   5:10a   1.8   1.8   0.0   3.2  22.5   5:31p    SW
16  22.4  29.9   3:14p  17.2  12:57a   0.1   4.2   0.0   4.5  29.0   3:36p   WSW
17  19.8  27.3   4:09p  13.9   4:58a   1.2   2.8   0.0   4.0  27.4   7:54p    SW
18  18.8  25.1   4:45p  12.8   7:00a   1.6   2.1   0.0   4.3  25.7   8:00p    SW
19  23.8  30.2   5:15p  19.6  10:00a   0.0   5.5   0.0   3.1  16.1  11:00a    NE
20  22.9  31.2   5:00p  17.6   3:00a   0.0   4.6   0.0   6.8  29.0   5:15p     W
21  20.8  28.6   4:30p  16.1   6:30a   0.4   2.9   0.0   6.1  32.2   9:15p    SW
22  25.0  38.0   3:45p  17.6   6:15a   0.0   6.7   0.0   3.2  27.4   4:15p    SW
23  19.9  26.6   4:00p  12.8   6:30a   1.3   2.9   0.0   3.9  25.7  11:15a    SW
24  21.6  29.9   3:15p  13.9   7:00a   0.8   4.1   0.0   4.8  24.1   6:45p   WSW
25  17.9  23.2   3:00p  14.3   1:30a   1.6   1.2   0.0   5.4  30.6   1:15p    SW
26  16.9  22.2   4:43p  11.5   6:23a   2.2   0.8   0.0   5.3  25.7   6:21p    SW
27  17.6  24.9   4:10p  11.6   6:53a   2.1   1.4   0.0   6.7  40.2   5:37p    SW
28  19.7  26.8   4:05p  14.5   7:10a   0.9   2.3   0.0   4.6  27.4   3:45p    SW
29  21.0  28.9   5:08p  12.6   6:41a   1.0   3.7   0.0   3.6  25.7   2:15p   SSW
30  19.2  27.4   4:36p  11.9   6:45a   1.7   2.6   0.0   5.7  27.4   1:55p    SW
31  18.1  24.8   3:00p  13.3   4:30a   1.8   1.6   0.0   6.4  33.8   5:15p    SW
----------------------------------------------------------------------------------
    21.7  43.5     2    11.5    26    22.8 129.6  82.0   4.8  40.2    27      SW

Max >=  27.0: 18
Max <=   0.0:  0
Min <=   0.0:  0
Min <= -18.0:  0
Max Rain: 24.4 on day 9
Days of Rain: 7 (>= 0.2 mm)  4 (>= 2.0 mm)  2 (>= 20.0 mm)
Heat Base: 18.3  Cool Base: 18.3  Method: Integration

The information provided herein is for informational purposes only and is not guaranteed to be accurate in any way. Do not make any life threatening decisions either directly or indirectly based on the information herein, no responsibility is accepted for any injuries, accidents or other incidents whether fatal or non-fatal, as a direct or indirect result of actions taken based upon the information herein.
Please refer to the Australian Government Bureau of Meteorology for the official weather and forecast.





page updated 23/09/2019 9:00:05 AM
powered by  cumulus v1.9.4 (1099)
cumulus software support forum
maintained by  Ankara Youth Camp

Flag Counter