WEATHER (Reports)

Walker Flat, South Australia    

home    gauges    today/yesterday    observations    reports    graphs    status
cam    month/year    monthly records   data   extremes   links   android   about

 

NOAA Style Reports Select the month or click ∨/∧ for other years data
Select a Year or Month report
V/Λ2019 > Jan Feb Mar Apr May Jun Jul Aug Sep Oct Nov Dec
V/Λ2018 > Jan Feb Mar Apr May Jun Jul Aug Sep Oct Nov Dec
V/Λ2017 > Jan Feb Mar Apr May Jun Jul Aug Sep Oct Nov Dec
V/Λ2016 > Jan Feb Mar Apr May Jun Jul Aug Sep Oct Nov Dec
V/Λ2015 > Jan Feb Mar Apr May Jun Jul Aug Sep Oct Nov Dec
V/Λ2014 > Jan Feb Mar Apr May Jun Jul Aug Sep Oct Nov Dec

Report for 2015 Feb
                   Monthly Climatological Summary for Feb 2015

Name: Walker Flat Weather   City: Walker Flat   State: SA
Elevation: 25 m  Lat: S 34° 45' 23"   Lon: E 139° 34' 12"

                  Temperature (°C), Rain (mm), Wind Speed (km/h)

                                      Heat  Cool        Avg
    Mean                              Deg   Deg         Wind                 Dom
Day Temp  High   Time   Low    Time   Days  Days  Rain  Speed High   Time    Dir
----------------------------------------------------------------------------------
 1  17.2  22.7   3:45p  12.9   5:45a   2.0   0.9   0.0   7.6  33.8   3:15p    SW
 2  17.9  25.1   3:00p  11.8   7:00a   2.1   1.7   0.0   6.6  30.6   5:15p    SW
 3  18.1  26.4   4:00p  12.8   7:00a   2.1   1.9   0.0   6.5  30.6   4:45p    SW
 4  17.7  25.8   4:00p  11.4   7:00a   2.2   1.6   0.0   5.2  27.4  10:00a    SW
 5  20.6  29.6   6:45p  13.8   6:45a   1.1   3.4   0.0   2.4  19.3   7:30p   SSW
 6  28.8  37.7   5:30p  19.6   7:30a   0.0  10.5   0.0   2.5  30.6   6:15p   NNE
 7  27.3  40.2   3:30p  17.4   6:00a   0.1   9.1   0.0   5.6  27.4  12:15p   WSW
 8  20.3  27.3   3:00p  14.1   7:00a   1.0   3.0   0.0   5.8  27.4   4:15p    SW
 9  20.7  31.5   4:45p  14.2   5:30a   1.4   3.8   0.0   3.5  25.7   7:15p    SW
10  23.8  33.7   4:30p  16.2   7:15a   0.2   5.8   0.0   2.9  19.3   6:00p    SW
11  23.2  34.7   2:30p  16.7   6:45a   0.2   5.2   0.0   4.7  27.4   2:45p    SW
12  24.0  33.3   5:15p  17.1   7:15a   0.1   5.9   0.0   2.4  20.9   9:15p    SW
13  27.7  33.7   1:30p  22.7   4:45a   0.0   9.4   1.0   2.9  25.7   4:30p   WNW
14  30.2  40.6   4:15p  22.1   7:30a   0.0  11.6   0.0   2.3  17.7  12:30p    NW
15  24.6  42.3   1:16p  17.1   6:30a   0.2   6.3   0.0   8.3  33.8   6:10p   WSW
16  19.5  26.4   3:30p  14.4   7:15a   1.2   2.4   0.0   5.6  32.2   1:00p    SW
17  19.6  27.8   2:30p  14.1   7:15a   1.2   2.5   0.0   5.2  25.7   9:45p    SW
18  21.8  31.3   5:15p  15.7   7:30a   0.6   4.0   0.0   3.6  24.1   6:45p    SW
19  27.4  37.0   2:30p  18.7   6:00a   0.0   9.1   0.0   2.1  19.3   8:30p   WSW
20  27.4  37.9   3:30p  19.2   7:30a   0.0   9.1   0.0   1.7  24.1   6:30p    SW
21  29.8  39.2   4:00p  20.3   7:15a   0.0  11.5   0.0   2.5  22.5  11:45a   NNE
22  28.9  39.3   3:45p  20.1   7:45a   0.0  10.5   1.0   4.9  33.8   6:45a    SW
23  18.4  26.4   1:53p  11.8   7:00a   2.1   2.2   0.0  10.7  33.8   4:57p    SW
24  17.8  25.9   4:00p  11.6   7:30a   2.1   1.6   0.0   5.0  30.6  10:30a    SW
25  19.9  28.6   5:00p  13.2   7:00a   1.4   3.0   0.0   2.6  17.7   5:00p    SW
26  23.2  32.4   4:15p  15.4   6:45a   0.5   5.4   0.0   2.7  24.1   6:30p    SW
27  26.9  33.3   4:15p  21.7   6:45a   0.0   8.6   0.8   2.6  19.3   9:15p     E
28  23.4  38.8   1:15p  16.0   6:15a   0.3   5.5   0.0   7.1  35.4   2:45p   WSW
----------------------------------------------------------------------------------
    23.1  42.3    15    11.4     4    22.1 155.5   2.8   5.9  35.4    28      SW

Max >=  27.0: 21
Max <=   0.0:  0
Min <=   0.0:  0
Min <= -18.0:  0
Max Rain: 1.0 on day 13
Days of Rain: 3 (>= 0.2 mm)  0 (>= 2.0 mm)  0 (>= 20.0 mm)
Heat Base: 18.3  Cool Base: 18.3  Method: Integration

The information provided herein is for informational purposes only and is not guaranteed to be accurate in any way. Do not make any life threatening decisions either directly or indirectly based on the information herein, no responsibility is accepted for any injuries, accidents or other incidents whether fatal or non-fatal, as a direct or indirect result of actions taken based upon the information herein.
Please refer to the Australian Government Bureau of Meteorology for the official weather and forecast.





page updated 23/09/2019 9:00:05 AM
powered by  cumulus v1.9.4 (1099)
cumulus software support forum
maintained by  Ankara Youth Camp

Flag Counter