WEATHER (Reports)

Walker Flat, South Australia    

home    gauges    today/yesterday    observations    reports    graphs    status
cam    month/year    monthly records   data   extremes   links   android   about

 

NOAA Style Reports Select the month or click ∨/∧ for other years data
Select a Year or Month report
V/Λ2019 > Jan Feb Mar Apr May Jun Jul Aug Sep Oct Nov Dec
V/Λ2018 > Jan Feb Mar Apr May Jun Jul Aug Sep Oct Nov Dec
V/Λ2017 > Jan Feb Mar Apr May Jun Jul Aug Sep Oct Nov Dec
V/Λ2016 > Jan Feb Mar Apr May Jun Jul Aug Sep Oct Nov Dec
V/Λ2015 > Jan Feb Mar Apr May Jun Jul Aug Sep Oct Nov Dec
V/Λ2014 > Jan Feb Mar Apr May Jun Jul Aug Sep Oct Nov Dec

Report for 2015 Mar
                   Monthly Climatological Summary for Mar 2015

Name: Walker Flat Weather   City: Walker Flat   State: SA
Elevation: 25 m  Lat: S 34° 45' 23"   Lon: E 139° 34' 12"

                  Temperature (°C), Rain (mm), Wind Speed (km/h)

                                      Heat  Cool        Avg
    Mean                              Deg   Deg         Wind                 Dom
Day Temp  High   Time   Low    Time   Days  Days  Rain  Speed High   Time    Dir
----------------------------------------------------------------------------------
 1  18.7  25.9   3:15p  13.2   7:00a   1.7   2.1   0.0   5.8  25.7   3:15p    SW
 2  21.5  28.7   2:00p  15.3   7:15a   0.6   3.8   0.0   3.8  22.5   1:30a    SW
 3  19.4  26.7   3:15p  13.3   7:45a   1.3   2.4   0.0   4.1  25.7   9:30p    SW
 4  20.5  27.2   3:15p  14.9   7:45a   0.6   2.7   0.0   5.4  29.0   5:30a    SW
 5  16.8  22.6   3:15p  11.3   4:45a   2.4   0.9   0.0   4.8  27.4   8:00p    SW
 6  18.4  23.8   2:30p  14.4   1:15a   1.4   1.4   0.0   4.1  27.4  12:00p    SW
 7  20.3  28.3   4:45p  15.9   1:15a   0.6   2.6   0.0   2.8  24.1   6:15p    SW
 8  20.8  28.7   3:45p  14.6   7:30a   1.0   3.5   0.0   2.3  17.7   3:30p     W
 9  18.8  26.3   4:00p  12.1   7:15a   1.8   2.4   0.0   3.7  29.0  12:45p    SW
10  19.2  27.1   5:00p  12.2   7:15a   1.7   2.6   0.0   2.0  20.9   8:00p    SW
11  19.8  26.6   3:45p  13.4   7:45a   1.2   2.7   0.0   3.5  24.1   6:30p    SW
12  17.4  25.1   2:30p  10.4   7:30a   2.7   1.8   0.0   4.4  37.0   4:45p    SW
13  18.1  25.8   4:45p  10.8   6:45a   2.4   2.2   0.0   1.8  14.5   7:00p    SW
14  22.1  32.6   2:45p  16.2   8:00a   0.4   4.2   0.0   4.7  32.2   6:45p    SW
15  17.3  25.1   4:45p  10.9   7:30a   2.5   1.5   0.0   2.5  24.1   6:00p    SW
16  24.7  29.7   3:15p  19.4  10:00a   0.0   6.4   0.0   3.8  24.1   1:15p   NNE
17  22.7  30.1   2:15p  18.1   1:00a   0.0   4.4   0.0   2.8  25.7   2:45p    NW
18  24.3  31.0   4:00p  18.8   5:00a   0.0   6.0   0.0   2.2  16.1   1:00p   NNW
19  21.9  34.3  11:15a  14.3   7:15a   1.0   4.5   0.0   3.8  27.4   1:30p   WSW
20  16.6  23.1   3:30p  10.1   7:45a   2.8   1.1   0.0   3.6  22.5   6:00p    SW
21  16.6  24.2   3:15p   8.9   7:45a   3.3   1.6   0.0   1.9  19.3  11:45a   SSE
22  24.8  31.0   4:15p  17.8  10:00a   0.0   6.5   0.0   3.9  20.9   7:00a   NNE
23  16.8  24.2   1:30p  12.3   7:45a   2.7   1.2   1.6   5.4  29.0   2:45p    SW
24  13.8  18.9   3:30p   8.5   5:45a   4.6   0.0   0.2   2.8  22.5   6:15p    SW
25  14.6  22.2   4:30p   8.1   6:45a   4.4   0.8   0.6   3.6  25.7   8:15p   WNW
26  15.4  19.5   3:28p  13.2  11:05p   2.9   0.0   0.0   3.9  27.4   4:47p   WSW
27  14.1  18.9   4:28p   8.6   7:27a   4.3   0.0   0.0   2.2  22.5   4:36p    SW
28  17.2  23.3   3:23p  12.6   8:23a   2.3   1.2   0.0   2.0  19.3   1:14p   NNE
29  19.8  26.8   4:10p  12.1   7:49a   1.5   3.0   0.0   1.5  16.1   2:25p     W
30  19.0  26.9   4:08p  11.6   7:06a   2.1   2.8   0.0   1.3  16.1   5:18p    SW
31  21.3  30.9   4:07p  14.4   4:20a   1.1   4.1   0.0   1.4  16.1  12:27p   NNE
----------------------------------------------------------------------------------
    19.1  34.3    19     8.1    25    55.3  80.4   2.4   2.4  37.0    12     WSW

Max >=  27.0: 12
Max <=   0.0:  0
Min <=   0.0:  0
Min <= -18.0:  0
Max Rain: 1.6 on day 23
Days of Rain: 3 (>= 0.2 mm)  0 (>= 2.0 mm)  0 (>= 20.0 mm)
Heat Base: 18.3  Cool Base: 18.3  Method: Integration

The information provided herein is for informational purposes only and is not guaranteed to be accurate in any way. Do not make any life threatening decisions either directly or indirectly based on the information herein, no responsibility is accepted for any injuries, accidents or other incidents whether fatal or non-fatal, as a direct or indirect result of actions taken based upon the information herein.
Please refer to the Australian Government Bureau of Meteorology for the official weather and forecast.





page updated 23/09/2019 9:00:05 AM
powered by  cumulus v1.9.4 (1099)
cumulus software support forum
maintained by  Ankara Youth Camp

Flag Counter