WEATHER (Reports)

Walker Flat, South Australia    

home    gauges    today/yesterday    observations    reports    graphs    status
cam    month/year    monthly records   data   extremes   links   android   about

 

NOAA Style Reports Select the month or click ∨/∧ for other years data
Select a Year or Month report
V/Λ2019 > Jan Feb Mar Apr May Jun Jul Aug Sep Oct Nov Dec
V/Λ2018 > Jan Feb Mar Apr May Jun Jul Aug Sep Oct Nov Dec
V/Λ2017 > Jan Feb Mar Apr May Jun Jul Aug Sep Oct Nov Dec
V/Λ2016 > Jan Feb Mar Apr May Jun Jul Aug Sep Oct Nov Dec
V/Λ2015 > Jan Feb Mar Apr May Jun Jul Aug Sep Oct Nov Dec
V/Λ2014 > Jan Feb Mar Apr May Jun Jul Aug Sep Oct Nov Dec

Report for 2015 Jun
                   Monthly Climatological Summary for Jun 2015

Name: Walker Flat Weather   City: Walker Flat   State: SA
Elevation: 25 m  Lat: S 34° 45' 23"   Lon: E 139° 34' 12"

                  Temperature (°C), Rain (mm), Wind Speed (km/h)

                                      Heat  Cool        Avg
    Mean                              Deg   Deg         Wind                 Dom
Day Temp  High   Time   Low    Time   Days  Days  Rain  Speed High   Time    Dir
----------------------------------------------------------------------------------
 1  10.7  13.3   1:00p   8.8   7:00a   7.6   0.0   0.0   0.9  12.9  12:00p     S
 2   7.2  13.4   3:30p   2.2   5:00a  11.1   0.0   0.0   0.6   8.0   9:00a   SSE
 3   9.9  14.8   3:15p   4.7   9:00a   8.4   0.0   0.0   4.0  20.9   6:30a    NE
 4  13.0  18.7   1:15p   9.1   3:15a   5.3   0.0   0.0   3.3  32.2   2:45p   WNW
 5  11.0  17.7   2:15p   5.1   7:30a   7.4   0.0   0.0   1.3  20.9  10:30a    SW
 6  12.6  19.3   3:15p   6.1   9:00a   5.8   0.1   0.2   3.2  19.3  12:00a   NNE
 7  13.7  18.7   2:45p   8.7   6:00a   4.7   0.0   0.0   3.2  22.5   2:30a   NNE
 8  15.5  19.8   2:30p  11.4   7:15a   2.9   0.2   2.2   2.7  29.0   3:15p    NW
 9  11.2  15.3  12:00p   8.2   5:00a   7.1   0.0   0.0   2.5  20.9   1:15p    SW
10   8.5  13.3   2:45p   4.5   7:30a   9.8   0.0   0.0   1.6  19.3  10:45a   SSW
11   9.1  14.6   3:15p   4.3   6:45a   9.0   0.0 134.2   1.0  19.3  10:45a   SSE
12  11.4  18.4   3:12p   5.4   9:00a   6.9   0.0   0.0   0.8  12.9   2:26p   NNE
13  13.5  20.5   2:45p   8.6   3:45a   5.1   0.3   0.0   1.3  16.1  12:00p   NNE
14  13.0  16.1   1:30p  10.3   9:00a   5.3   0.0   3.2   0.1   8.0   2:30p   NNE
15  13.7  15.9   3:45p  11.7   9:00a   4.6   0.0   0.0   0.1   6.4  12:30p   SSE
16  12.6  15.1  12:00p   9.8   4:15a   5.6   0.0   0.8   0.0   8.0  12:45p   NNE
17  13.0  16.9   1:45p  11.1   8:45p   5.3   0.0   0.0   2.7  22.5   4:30a    SW
18  11.2  15.8   1:30p   6.8   4:15a   7.1   0.0   0.6   2.8  25.7   1:30p    SW
19  10.9  13.4   2:30p   9.2   7:45a   7.4   0.0   0.0   0.9  14.5   1:30p    SW
20   6.9  12.5   3:00p   1.3   7:30a  11.4   0.0   0.0   0.7  11.3   1:45p    SE
21   9.3  12.8   3:30p   4.0   9:00a   9.0   0.0   0.2   5.7  27.4   1:30p   NNE
22  13.4  17.1   4:00p   9.3   9:00a   4.9   0.0   0.0   7.7  27.4   4:15p    NE
23  12.0  18.4   3:15p   7.2   7:15a   6.3   0.0   0.4   2.1  19.3   1:00p   NNE
24  11.7  14.2  11:30a  10.1   5:15a   6.6   0.0   1.2   2.7  27.4  12:45p    SW
25  12.4  14.2   1:45p  11.1   4:45a   5.9   0.0   0.0   1.5  14.5   9:15a     W
26   8.6  16.4   3:30p   2.4   8:15a   9.7   0.0   0.2   1.2  17.7  11:30a   NNE
27   7.4  14.8   3:15p   2.7   7:30a  10.8   0.0   0.2   0.4   6.4   2:15p   SSW
28  10.2  15.2   3:20p   3.8   9:15a   8.0   0.0   0.0   0.8  12.9  12:22p   NNE
29  11.1  14.0   1:15p   9.1   7:28a   7.1   0.0   0.0   0.1   8.0   2:00p    NE
30   9.9  14.7   2:00p   3.9   6:15a   8.4   0.0   0.0   0.6   8.0   3:30p    SW
----------------------------------------------------------------------------------
    11.2  20.5    13     1.3    20   214.5   0.6 143.4   1.2  32.2     4       N

Max >=  27.0:  0
Max <=   0.0:  0
Min <=   0.0:  0
Min <= -18.0:  0
Max Rain: 134.2 on day 11
Days of Rain: 11 (>= 0.2 mm)  3 (>= 2.0 mm)  1 (>= 20.0 mm)
Heat Base: 18.3  Cool Base: 18.3  Method: Integration

The information provided herein is for informational purposes only and is not guaranteed to be accurate in any way. Do not make any life threatening decisions either directly or indirectly based on the information herein, no responsibility is accepted for any injuries, accidents or other incidents whether fatal or non-fatal, as a direct or indirect result of actions taken based upon the information herein.
Please refer to the Australian Government Bureau of Meteorology for the official weather and forecast.





page updated 23/09/2019 9:00:05 AM
powered by  cumulus v1.9.4 (1099)
cumulus software support forum
maintained by  Ankara Youth Camp

Flag Counter