WEATHER (Reports)

Walker Flat, South Australia    

home    gauges    today/yesterday    observations    reports    graphs    status
cam    month/year    monthly records   data   extremes   links   android   about

 

NOAA Style Reports Select the month or click ∨/∧ for other years data
Select a Year or Month report
V/Λ2019 > Jan Feb Mar Apr May Jun Jul Aug Sep Oct Nov Dec
V/Λ2018 > Jan Feb Mar Apr May Jun Jul Aug Sep Oct Nov Dec
V/Λ2017 > Jan Feb Mar Apr May Jun Jul Aug Sep Oct Nov Dec
V/Λ2016 > Jan Feb Mar Apr May Jun Jul Aug Sep Oct Nov Dec
V/Λ2015 > Jan Feb Mar Apr May Jun Jul Aug Sep Oct Nov Dec
V/Λ2014 > Jan Feb Mar Apr May Jun Jul Aug Sep Oct Nov Dec

Report for 2015 Jul
                   Monthly Climatological Summary for Jul 2015

Name: Walker Flat Weather   City: Walker Flat   State: SA
Elevation: 25 m  Lat: S 34° 45' 23"   Lon: E 139° 34' 12"

                  Temperature (°C), Rain (mm), Wind Speed (km/h)

                                      Heat  Cool        Avg
    Mean                              Deg   Deg         Wind                 Dom
Day Temp  High   Time   Low    Time   Days  Days  Rain  Speed High   Time    Dir
----------------------------------------------------------------------------------
 1  11.0  16.3   2:15p   6.2   9:00a   7.3   0.0   0.4   0.6  14.5  12:45p   NNW
 2   7.8  15.3   2:00p   0.6   7:30a  10.5   0.0   0.2   1.6  22.5   1:00p    SW
 3   7.4  12.3   2:30p   1.8   9:00a  10.9   0.0   0.2   1.0  11.3   1:15p    NE
 4   9.2  16.7   3:30p   3.7   6:30a   9.1   0.0   0.0   0.1   8.0  11:45a     N
 5  12.6  18.4   3:15p   4.8   9:00a   5.7   0.0   1.6   1.8  19.3   2:30p     N
 6  10.4  16.4   3:15p   5.4   6:45a   7.9   0.0   0.4   1.4  19.3  12:15p   WNW
 7  10.3  16.6   2:45p   5.8   4:30a   8.0   0.0   0.0   0.7  11.3  11:30a     W
 8  12.2  16.2   4:00p   7.8   9:00a   6.1   0.0   0.2   1.8  14.5   3:15p    NE
 9  12.1  17.0   2:45p   7.8   6:00a   6.2   0.0   1.4   3.8  27.4   2:00p   NNE
10  12.3  17.8   1:07p   7.4   8:45a   5.9   0.0   3.2   4.0  32.2  12:47p   NNW
11   9.6  12.0   2:00p   7.5  11:00a   8.7   0.0   7.0   7.2  33.8   4:30a     W
12   9.6  12.3   3:15p   7.4   5:15a   8.7   0.0   2.0   5.5  32.2  11:15a   WSW
13  10.3  15.1  12:30p   7.7   3:45a   8.0   0.0   0.2   2.2  20.9  11:30a   WSW
14   8.4  14.3  12:00p   5.2   6:15a   9.9   0.0   2.4   2.6  30.6   3:45p     W
15   9.3  12.8   3:30p   5.7   8:00a   9.0   0.0   1.0   4.4  30.6   2:30p    SW
16  10.0  13.4   3:15p   6.4   9:00a   8.3   0.0   0.2   2.7  24.1   1:45p    SW
17   9.3  13.3   2:15p   7.3  11:45p   8.8   0.0   0.0   3.5  25.7  11:28a    SW
18   8.6  12.5   2:45p   4.4   7:45a   9.5   0.0   0.2   1.1  16.1   3:00p   SSW
19   5.7  12.0   3:29p  -0.7   7:50a  12.6   0.0   0.0   1.1  11.3  10:35a   ESE
20   7.1  12.6   3:06p   1.6   9:00a  11.2   0.0   0.2   6.5  24.1   2:25p    NE
21  12.0  15.1   2:58p   4.5   9:00a   6.3   0.0   0.2   6.6  24.1   4:00a   NNE
22   8.7  16.9   2:15p   1.5   7:45a   9.6   0.0   0.2   1.2  17.7  10:15a   WNW
23  11.9  17.0   3:30p   3.2   9:00a   6.2   0.0   0.8   3.0  19.3  12:30p   NNE
----------------------------------------------------------------------------------
     9.8  18.4     5    -0.7    19   194.4   0.0  22.0   3.8  33.8    11      NW

Max >=  27.0:  0
Max <=   0.0:  0
Min <=   0.0:  1
Min <= -18.0:  0
Max Rain: 7.0 on day 11
Days of Rain: 19 (>= 0.2 mm)  4 (>= 2.0 mm)  0 (>= 20.0 mm)
Heat Base: 18.3  Cool Base: 18.3  Method: Integration

The information provided herein is for informational purposes only and is not guaranteed to be accurate in any way. Do not make any life threatening decisions either directly or indirectly based on the information herein, no responsibility is accepted for any injuries, accidents or other incidents whether fatal or non-fatal, as a direct or indirect result of actions taken based upon the information herein.
Please refer to the Australian Government Bureau of Meteorology for the official weather and forecast.





page updated 23/09/2019 9:00:05 AM
powered by  cumulus v1.9.4 (1099)
cumulus software support forum
maintained by  Ankara Youth Camp

Flag Counter