WEATHER (Reports)

Walker Flat, South Australia    

home    gauges    today/yesterday    observations    reports    graphs    status
cam    month/year    monthly records   data   extremes   links   android   about

 

NOAA Style Reports Select the month or click ∨/∧ for other years data
Select a Year or Month report
V/Λ2019 > Jan Feb Mar Apr May Jun Jul Aug Sep Oct Nov Dec
V/Λ2018 > Jan Feb Mar Apr May Jun Jul Aug Sep Oct Nov Dec
V/Λ2017 > Jan Feb Mar Apr May Jun Jul Aug Sep Oct Nov Dec
V/Λ2016 > Jan Feb Mar Apr May Jun Jul Aug Sep Oct Nov Dec
V/Λ2015 > Jan Feb Mar Apr May Jun Jul Aug Sep Oct Nov Dec
V/Λ2014 > Jan Feb Mar Apr May Jun Jul Aug Sep Oct Nov Dec

Report for 2015 Aug
                   Monthly Climatological Summary for Aug 2015

Name: Walker Flat Weather   City: Walker Flat   State: SA
Elevation: 25 m  Lat: S 34° 45' 23"   Lon: E 139° 34' 12"

                  Temperature (°C), Rain (mm), Wind Speed (km/h)

                                      Heat  Cool        Avg
    Mean                              Deg   Deg         Wind                 Dom
Day Temp  High   Time   Low    Time   Days  Days  Rain  Speed High   Time    Dir
----------------------------------------------------------------------------------
 4  11.1  16.3   3:45p   6.2   5:30a  12.3   0.0   2.2   1.1  30.6  10:25a    NW
 5   9.6  14.0  11:45a   6.3   3:00a   8.7   0.0   0.6   3.3  29.0  11:45a   WSW
 6   9.9  13.8   1:45p   7.3  10:45p   8.4   0.0   0.0   1.3  17.7   3:00p   WSW
 7   9.5  14.3   2:45p   4.5   2:45a   8.8   0.0   0.2   0.4   9.7   9:00p   NNW
 8  10.4  15.9   3:45p   5.5   7:30a   7.9   0.0   0.0   4.7  20.9   1:30p    NE
 9  14.2  19.1   3:15p   8.3   9:00a   4.1   0.0   0.2   7.1  25.7   1:15p   NNE
10  10.8  15.8   1:30p   6.3   7:00a   7.5   0.0   1.6   4.1  27.4   3:30p   NNW
11  10.7  18.4   2:30p   6.1   5:30a   7.6   0.0   0.4   6.0  40.2   2:15p     N
12   9.9  13.7   3:30p   6.8   1:45a   8.4   0.0   2.4   3.8  35.4   1:45p   WSW
13  12.6  18.4   1:15p   8.7  10:15p   5.7   0.0   0.0   1.3  17.7   1:15p   WNW
14  12.9  17.8  11:15a   9.2   6:00a   5.4   0.0   0.0   0.8  14.5  11:30a   NNW
15  12.5  15.8   2:45p   9.6   7:00a   5.8   0.0   1.4   0.2   8.0  12:15p   NNE
16  11.8  19.1   3:00p   8.3   4:00a   6.6   0.0   0.0   0.8  14.5   5:00p   WNW
17  11.0  15.4  10:15a   8.0   7:15a   7.3   0.0   1.0   2.5  24.1   1:15p    SW
18   8.9  12.7   4:15p   4.4   3:30a   9.4   0.0   0.0   2.0  16.1   6:00a    NE
19  12.4  15.8   2:30p   7.6   9:00a   5.9   0.0   0.0   3.2  20.9  11:45a   NNE
20  18.2  23.2   3:00p  13.5   3:00a   1.4   1.3   0.4   7.1  40.2   1:00p   NNE
21  13.8  22.6   2:30p   7.9   7:15a   5.0   0.6   0.0   1.9  29.0   3:15p     N
22  13.0  20.3   3:00p   7.4   3:00a   5.6   0.2   0.0   1.1  12.9   1:00p     W
23  12.0  16.4   2:00p   8.2   7:30a   6.3   0.0   0.2   5.3  25.7   8:45p    SW
24  10.5  13.8   3:30p   8.3   5:00a   7.8   0.0   0.0   6.8  37.0   4:15p    SW
25  10.9  15.6   2:30p   8.1   6:45a   7.4   0.0   0.0   3.3  27.4   9:00a    SW
26  10.3  15.8   3:15p   4.5   4:45a   8.0   0.0   0.0   1.1  16.1   7:15p    SW
27  11.0  16.2   1:15p   7.0   5:45a   7.3   0.0   0.2   3.5  25.7   2:30p    SW
28   9.7  14.2   1:15p   5.9   2:15a   8.6   0.0   0.0   1.6  20.9   4:15p    SW
29   8.8  15.6   2:00p   2.3   6:45a   9.5   0.0   0.0   1.2  17.7   2:30p   SSW
30   8.8  16.5   3:00p   1.3   6:15a   9.3   0.0 204.0   0.6  14.5  11:15a     E
31  11.4  20.6   2:37p   5.2   4:28a   7.1   0.2   0.0   1.0  12.9  10:12a    NE
----------------------------------------------------------------------------------
    11.3  23.2    20     1.3    30   203.1   2.3 214.8   2.1  40.2    11      NW

Max >=  27.0:  0
Max <=   0.0:  0
Min <=   0.0:  0
Min <= -18.0:  0
Max Rain: 204.0 on day 30
Days of Rain: 13 (>= 0.2 mm)  3 (>= 2.0 mm)  1 (>= 20.0 mm)
Heat Base: 18.3  Cool Base: 18.3  Method: Integration

The information provided herein is for informational purposes only and is not guaranteed to be accurate in any way. Do not make any life threatening decisions either directly or indirectly based on the information herein, no responsibility is accepted for any injuries, accidents or other incidents whether fatal or non-fatal, as a direct or indirect result of actions taken based upon the information herein.
Please refer to the Australian Government Bureau of Meteorology for the official weather and forecast.





page updated 23/09/2019 9:00:05 AM
powered by  cumulus v1.9.4 (1099)
cumulus software support forum
maintained by  Ankara Youth Camp

Flag Counter