WEATHER (Reports)

Walker Flat, South Australia    

home    gauges    today/yesterday    observations    reports    graphs    status
cam    month/year    monthly records   data   extremes   links   android   about

 

NOAA Style Reports Select the month or click ∨/∧ for other years data
Select a Year or Month report
V/Λ2019 > Jan Feb Mar Apr May Jun Jul Aug Sep Oct Nov Dec
V/Λ2018 > Jan Feb Mar Apr May Jun Jul Aug Sep Oct Nov Dec
V/Λ2017 > Jan Feb Mar Apr May Jun Jul Aug Sep Oct Nov Dec
V/Λ2016 > Jan Feb Mar Apr May Jun Jul Aug Sep Oct Nov Dec
V/Λ2015 > Jan Feb Mar Apr May Jun Jul Aug Sep Oct Nov Dec
V/Λ2014 > Jan Feb Mar Apr May Jun Jul Aug Sep Oct Nov Dec

Report for 2016 Mar
                   Monthly Climatological Summary for Mar 2016

Name: Walker Flat Weather   City: Walker Flat   State: SA
Elevation: 25 m  Lat: S 34° 45' 23"   Lon: E 139° 34' 12"

                  Temperature (°C), Rain (mm), Wind Speed (km/h)

                                      Heat  Cool        Avg
    Mean                              Deg   Deg         Wind                 Dom
Day Temp  High   Time   Low    Time   Days  Days  Rain  Speed High   Time    Dir
----------------------------------------------------------------------------------
 4  17.6  32.9   5:00p   9.1   9:48p   3.0   2.1   0.0   5.8  25.7  10:15p     W
 5  25.9  34.9   3:15p  21.4  10:00a   0.0   7.6   0.0   2.7  22.5   6:00p     W
 6  27.3  40.2   4:15p  21.3  10:15p   0.0   9.0   3.0   5.3  32.2   5:00p     W
 7  24.4  32.6   2:45p  18.8   6:45a   0.0   6.1   0.0   3.6  22.5   4:00p     W
 8  27.9  38.8   4:15p  21.8   1:45a   0.0   9.6   4.6   3.9  40.2   6:45p     E
 9  21.9  23.9   7:00p  20.2   2:45a   0.0   3.6  36.6   1.1  16.1  10:00a     W
10  23.4  26.6   4:15p  21.1  10:00a   0.0   5.1   0.2   0.8  12.9   3:15p    NW
11  24.3  32.7   3:45p  18.8   7:00a   0.0   6.0   0.0   2.3  22.5   7:15p     W
12  21.8  28.1   1:30p  17.6   2:45a   0.1   3.6   0.0   3.8  22.5   4:15p     W
13  22.3  32.3   4:45p  16.6   9:00a   0.3   4.3   0.0   4.8  24.1  10:45p     W
14  19.2  25.8   3:45p  14.0   8:00a   0.9   1.8   0.0   5.3  27.4   4:30p     W
15  20.4  27.8   4:15p  14.8   7:45a   0.9   3.0   0.0   1.8  17.7   7:45p     W
16  25.8  33.9   4:15p  19.2   7:45a   0.0   7.5   0.0   0.8  14.5   2:15p    NE
17  23.3  35.4   1:45p  15.0   7:45a   0.6   5.6   2.0   5.0  40.2   5:15a    NW
18  16.8  20.9   2:30p  13.1   6:45a   1.9   0.5   0.0   5.9  40.2   5:00p     W
19  16.2  21.7   2:00p  10.3   7:45a   2.8   0.8   0.0   2.7  22.5   6:00p     W
20  16.4  22.4   3:30p   9.7   7:45a   3.0   1.1   0.0   2.1  17.7   3:30p     W
21  18.5  25.7   4:30p  12.3   7:15a   2.0   2.2   0.0   1.1  12.9   8:45p     W
22  21.6  28.8   3:45p  15.3   6:15a   0.8   4.1   0.0   2.4  22.5  12:45p   ENE
23  19.8  24.9   3:30p  16.7   6:45a   0.3   1.9   0.0   2.8  24.1   3:45p     W
24  18.7  25.8   4:00p  13.7   6:45a   1.4   1.8   2.4   2.2  20.9  10:45p     W
25  16.0  22.6   4:00p  10.2   6:00a   3.2   0.9   0.0   2.5  22.5   6:00p     W
26  18.2  23.2   2:00p  15.3  12:30a   1.2   1.1   0.0   3.3  22.5   4:30p     W
27  16.7  21.5   3:00p  13.1   5:30a   2.3   0.7   0.0   3.1  19.3   7:00p     W
28  15.8  19.6   4:45p  12.8   6:45a   2.6   0.2   0.0   2.6  17.7   1:30a   WSW
29  14.2  19.7   3:45p   9.3   5:30a   4.2   0.1   0.0   1.8  19.3   5:45p     W
30  14.9  19.8   3:30p   9.5   5:30a   3.1   0.2  22.8   1.1  14.5  12:45p     W
31  18.3  24.4   3:00p  11.9   6:15a   1.9   1.9   0.0   2.5  19.3   1:45p     E
----------------------------------------------------------------------------------
    20.3  40.2     6     9.1     4    36.5  92.4  71.6   2.9  40.2     8       W

Max >=  27.0: 12
Max <=   0.0:  0
Min <=   0.0:  0
Min <= -18.0:  0
Max Rain: 36.6 on day 9
Days of Rain: 7 (>= 0.2 mm)  6 (>= 2.0 mm)  2 (>= 20.0 mm)
Heat Base: 18.3  Cool Base: 18.3  Method: Integration

The information provided herein is for informational purposes only and is not guaranteed to be accurate in any way. Do not make any life threatening decisions either directly or indirectly based on the information herein, no responsibility is accepted for any injuries, accidents or other incidents whether fatal or non-fatal, as a direct or indirect result of actions taken based upon the information herein.
Please refer to the Australian Government Bureau of Meteorology for the official weather and forecast.





page updated 23/09/2019 9:00:05 AM
powered by  cumulus v1.9.4 (1099)
cumulus software support forum
maintained by  Ankara Youth Camp

Flag Counter