WEATHER (Reports)

Walker Flat, South Australia    

home    gauges    today/yesterday    observations    reports    graphs    status
cam    month/year    monthly records   data   extremes   links   android   about

 

NOAA Style Reports Select the month or click ∨/∧ for other years data
Select a Year or Month report
V/Λ2019 > Jan Feb Mar Apr May Jun Jul Aug Sep Oct Nov Dec
V/Λ2018 > Jan Feb Mar Apr May Jun Jul Aug Sep Oct Nov Dec
V/Λ2017 > Jan Feb Mar Apr May Jun Jul Aug Sep Oct Nov Dec
V/Λ2016 > Jan Feb Mar Apr May Jun Jul Aug Sep Oct Nov Dec
V/Λ2015 > Jan Feb Mar Apr May Jun Jul Aug Sep Oct Nov Dec
V/Λ2014 > Jan Feb Mar Apr May Jun Jul Aug Sep Oct Nov Dec

Report for 2016 Apr
                   Monthly Climatological Summary for Apr 2016

Name: Walker Flat Weather   City: Walker Flat   State: SA
Elevation: 25 m  Lat: S 34° 45' 23"   Lon: E 139° 34' 12"

                  Temperature (°C), Rain (mm), Wind Speed (km/h)

                                      Heat  Cool        Avg
    Mean                              Deg   Deg         Wind                 Dom
Day Temp  High   Time   Low    Time   Days  Days  Rain  Speed High   Time    Dir
----------------------------------------------------------------------------------
 1  20.8  28.2   4:30p  15.1   3:00a   0.7   3.1   0.0   3.3  22.5   1:53p    NE
 2  16.7  23.4   2:15p  10.8   6:30a   2.8   1.3   0.0   3.5  24.1   7:00p     W
 3  15.2  21.7   2:30p   8.6   7:15a   3.8   0.7   0.0   1.4  17.7  12:00p   WSW
 4  18.3  25.2   6:00p  11.1   9:00a   2.2   2.2   0.0   2.8  22.5  12:15p   ENE
 5  20.9  30.9  12:15p  14.2   8:09a   0.5   2.2   3.0   4.6  24.1  10:45a     W
 6  13.5  19.6   1:52p   8.7   6:15a   4.8   0.1   0.2   4.2  24.1  12:46p     W
 7  15.9  18.7   1:30p  11.9   9:00a   2.0   0.0   0.2   0.1   6.4  10:45a    NW
 8  15.6  22.6   2:10p  10.2   6:45a   3.5   0.8   0.0   1.2  17.7   5:42p   WSW
 9  17.3  22.7   1:45p  12.1   6:15a   2.2   1.2   0.2   0.5   9.7  12:15p     E
10  17.0  24.2   2:00p  12.2   2:45a   2.5   1.2   0.0   2.1  20.9   3:30p     W
11  17.1  22.4   2:15p  12.4   3:15a   1.9   0.7   0.0   3.6  24.1   2:45p     W
12  16.0  23.0   3:15p  10.4   6:15a   3.2   0.9   0.0   2.6  24.1   5:15p     W
13  15.7  22.6   3:15p  10.3   5:30a   3.5   0.9   0.0   0.8  12.9   2:15p     W
14  17.8  24.9   4:30p  11.5   7:00a   2.3   1.7   0.0   1.2  16.1   1:30p     E
15  20.6  28.9   2:15p  15.4   1:15a   1.1   3.4   0.0   2.3  24.1   8:00a   WNW
16  16.3  22.6   1:30p  11.3   6:45a   2.9   0.9   0.0   4.9  25.7   2:45p     W
17  13.6  19.9   2:45p   7.0   7:00a   4.9   0.3   0.0   1.4  19.3   9:00a     W
18  17.2  24.4   2:45p  10.5   9:00a   2.6   1.5   0.0   1.8  17.7  11:30a   ENE
19  20.8  28.9   3:00p  14.6   5:45a   1.2   3.7   0.0   2.8  22.5   3:45p   ENE
20  21.8  29.8   3:00p  16.9   7:30a   0.4   3.9   1.0   2.0  19.3  12:45p   NNW
21  16.7  22.7   1:15p  12.1   5:45a   2.5   0.9   0.2   3.8  22.5   2:15p     W
22  14.2  19.6   1:15p   9.7   7:45a   4.3   0.2   0.0   3.9  22.5  11:15a     W
23  14.4  19.8   2:45p   9.4   7:00a   4.1   0.2   0.0   2.0  22.5   2:45p     W
24  15.3  24.2   2:15p   8.2   7:00a   4.1   1.2   0.0   1.4  17.7  12:15p   ENE
25  18.4  26.7   2:45p   9.7   7:15a   2.7   2.8   0.0   3.1  22.5  12:00p   ENE
26  21.6  27.9   2:45p  15.7   9:00a   0.4   3.7   0.0   9.1  27.4  12:15p     E
27  21.8  28.8   3:00p  16.9   7:00a   0.2   3.4   0.2   5.7  29.0   3:15p   ENE
28  18.3  22.6   4:12p  16.1  12:00a   0.7   0.7   5.0   2.1  19.3   2:22p   ENE
29  17.1  23.6   3:11p  12.2   7:30a   2.2   1.0   0.2   3.3  20.9  12:28p   ENE
30  20.0  27.4   3:00p  12.4   4:45a   1.3   2.9   1.0   5.6  35.4  10:15p   NNE
----------------------------------------------------------------------------------
    17.5  30.9     5     7.0    17    71.5  47.7  11.2   3.0  35.4    30     NNW

Max >=  27.0:  8
Max <=   0.0:  0
Min <=   0.0:  0
Min <= -18.0:  0
Max Rain: 5.0 on day 28
Days of Rain: 10 (>= 0.2 mm)  2 (>= 2.0 mm)  0 (>= 20.0 mm)
Heat Base: 18.3  Cool Base: 18.3  Method: Integration

The information provided herein is for informational purposes only and is not guaranteed to be accurate in any way. Do not make any life threatening decisions either directly or indirectly based on the information herein, no responsibility is accepted for any injuries, accidents or other incidents whether fatal or non-fatal, as a direct or indirect result of actions taken based upon the information herein.
Please refer to the Australian Government Bureau of Meteorology for the official weather and forecast.





page updated 23/09/2019 9:00:05 AM
powered by  cumulus v1.9.4 (1099)
cumulus software support forum
maintained by  Ankara Youth Camp

Flag Counter