WEATHER (Reports)

Walker Flat, South Australia    

home    gauges    today/yesterday    observations    reports    graphs    status
cam    month/year    monthly records   data   extremes   links   android   about

 

NOAA Style Reports Select the month or click ∨/∧ for other years data
Select a Year or Month report
V/Λ2019 > Jan Feb Mar Apr May Jun Jul Aug Sep Oct Nov Dec
V/Λ2018 > Jan Feb Mar Apr May Jun Jul Aug Sep Oct Nov Dec
V/Λ2017 > Jan Feb Mar Apr May Jun Jul Aug Sep Oct Nov Dec
V/Λ2016 > Jan Feb Mar Apr May Jun Jul Aug Sep Oct Nov Dec
V/Λ2015 > Jan Feb Mar Apr May Jun Jul Aug Sep Oct Nov Dec
V/Λ2014 > Jan Feb Mar Apr May Jun Jul Aug Sep Oct Nov Dec

Report for 2016 May
                   Monthly Climatological Summary for May 2016

Name: Walker Flat Weather   City: Walker Flat   State: SA
Elevation: 25 m  Lat: S 34° 45' 23"   Lon: E 139° 34' 12"

                  Temperature (°C), Rain (mm), Wind Speed (km/h)

                                      Heat  Cool        Avg
    Mean                              Deg   Deg         Wind                 Dom
Day Temp  High   Time   Low    Time   Days  Days  Rain  Speed High   Time    Dir
----------------------------------------------------------------------------------
 1  14.2  19.4   2:01p  10.5  12:00a   4.1   0.1   0.0   3.5  20.9  11:20a   WNW
 2  17.6  21.6   2:45p  14.8   5:00a   1.2   0.5   0.0   4.9  33.8   9:00a   NNE
 3  14.7  19.8  11:30a  10.4   7:30a   3.7   0.1   1.4   2.5  33.8   9:00a   NNW
 4  16.0  19.1   3:30p  12.3   7:15a   2.4   0.1   0.0   1.9  16.1   5:30a   ENE
 5  17.7  25.6   2:00p  11.2   7:15a   2.6   1.9   0.0   2.4  19.3   9:15a    NE
 6  17.2  26.3   3:00p  11.3   6:45a   2.8   1.7   0.0   0.5  14.5   6:45p     W
 7  18.4  22.2   4:00p  13.4   9:00a   0.7   0.9   1.2   4.5  38.6   7:00a   ENE
 8  16.4  19.7   5:15p  12.1   5:30a   2.1   0.2   0.0   6.2  29.0   9:00a   ENE
 9  17.0  20.8   1:15p  14.8   7:15a   1.6   0.4   0.4   5.8  57.9   2:30p     N
10  14.7  19.2   2:45p  11.0   1:15a   3.7   0.1   0.0   3.3  27.4  11:15a     W
11  16.4  19.4   2:30p  14.4  11:00a   2.0   0.1   0.4   3.6  27.4   1:15p   NNW
12  16.7  22.0   1:45p  11.3   7:30a   2.3   0.7   0.0   2.6  25.7   9:30a     N
13  15.6  23.9   2:45p   9.6   3:15a   4.0   1.3   0.0   2.3  16.1   1:15p   ENE
14  19.7  24.7   1:30p  13.5   9:00a   0.5   1.9   0.0   3.1  20.9  10:30a   ENE
15  15.1  23.2   2:00p   8.8   5:45a   4.3   1.1   0.0   1.3  19.3  10:15a   WNW
16  14.3  21.7   4:53p   9.3   6:00a   4.4   0.4   0.4   2.9  22.5   3:09p    NE
17  13.6  21.0   3:45p   7.6   6:30a   5.0   0.3   0.2   0.6  12.9  11:15a    NW
18  14.9  20.8   2:31p   9.5   9:00a   3.7   0.4   0.0   1.9  14.5  11:42a     N
19  17.0  20.2  12:00p  14.9   3:30a   1.6   0.3   0.0   1.7  19.3  11:45a    NW
20  15.3  19.4   2:30p  11.8   5:30a   3.1   0.1   0.0   2.6  19.3   6:00a     E
21  16.3  22.4   3:30p  11.1   6:45a   2.8   0.8   0.0   6.6  27.4   1:45p   ENE
22  16.2  25.4   1:15p   9.8   7:45a   3.1   1.0   0.4   5.3  33.8   1:00a   NNE
23  12.8  19.9   3:00p   7.3   7:15a   5.7   0.2   0.2   1.4  19.3   2:15p    NW
24  14.7  21.1   3:00p   9.2   9:00a   4.0   0.4   1.0   5.6  22.5   8:45a   ENE
25  12.9  13.8  12:00a  10.8   9:38a   5.3   0.0  16.8   6.4  25.7  10:15a   ENE
26  12.6  17.3   2:00p   8.8   2:30a   5.7   0.0   0.2   2.1  27.4  12:45p   WNW
27  11.1  17.8  12:15p   8.8   4:15a   7.0   0.0  10.2   2.4  24.1  12:30p    NW
28  10.6  15.6   2:45p   5.6   6:30a   7.6   0.0   0.0   1.7  19.3  11:15a     W
29  10.8  15.0   2:30p   7.5   6:45a   7.5   0.0   0.0   2.8  20.9  12:30p   ENE
30  12.6  14.4   4:15p   9.4   9:00a   5.7   0.0   1.2   2.6  17.7  11:15a    NE
31  13.4  16.1   1:45p  11.4   9:00a   4.9   0.0   0.6   3.3  16.1  10:45a   ENE
----------------------------------------------------------------------------------
    15.0  26.3     6     5.6    28   115.1  15.0  34.6   3.5  57.9     9     NNE

Max >=  27.0:  0
Max <=   0.0:  0
Min <=   0.0:  0
Min <= -18.0:  0
Max Rain: 16.8 on day 25
Days of Rain: 14 (>= 0.2 mm)  2 (>= 2.0 mm)  0 (>= 20.0 mm)
Heat Base: 18.3  Cool Base: 18.3  Method: Integration

The information provided herein is for informational purposes only and is not guaranteed to be accurate in any way. Do not make any life threatening decisions either directly or indirectly based on the information herein, no responsibility is accepted for any injuries, accidents or other incidents whether fatal or non-fatal, as a direct or indirect result of actions taken based upon the information herein.
Please refer to the Australian Government Bureau of Meteorology for the official weather and forecast.





page updated 23/09/2019 9:00:05 AM
powered by  cumulus v1.9.4 (1099)
cumulus software support forum
maintained by  Ankara Youth Camp

Flag Counter