WEATHER (Reports)

Walker Flat, South Australia    

home    gauges    today/yesterday    observations    reports    graphs    status
cam    month/year    monthly records   data   extremes   links   android   about

 

NOAA Style Reports Select the month or click ∨/∧ for other years data
Select a Year or Month report
V/Λ2019 > Jan Feb Mar Apr May Jun Jul Aug Sep Oct Nov Dec
V/Λ2018 > Jan Feb Mar Apr May Jun Jul Aug Sep Oct Nov Dec
V/Λ2017 > Jan Feb Mar Apr May Jun Jul Aug Sep Oct Nov Dec
V/Λ2016 > Jan Feb Mar Apr May Jun Jul Aug Sep Oct Nov Dec
V/Λ2015 > Jan Feb Mar Apr May Jun Jul Aug Sep Oct Nov Dec
V/Λ2014 > Jan Feb Mar Apr May Jun Jul Aug Sep Oct Nov Dec

Report for 2016 Jun
                   Monthly Climatological Summary for Jun 2016

Name: Walker Flat Weather   City: Walker Flat   State: SA
Elevation: 25 m  Lat: S 34° 45' 23"   Lon: E 139° 34' 12"

                  Temperature (°C), Rain (mm), Wind Speed (km/h)

                                      Heat  Cool        Avg
    Mean                              Deg   Deg         Wind                 Dom
Day Temp  High   Time   Low    Time   Days  Days  Rain  Speed High   Time    Dir
----------------------------------------------------------------------------------
 1  11.9  17.3   3:00p   7.2   8:00a   6.4   0.0   0.0   1.2  14.5  12:45p   ENE
 2  11.2  17.3   3:00p   7.3   4:15a   7.1   0.0   0.0   0.4  11.3   1:45p   SSE
 3  11.1  16.6   3:05p   6.7   7:00a   7.1   0.0   0.2   1.2  12.9   2:57p     W
 4  12.2  17.0   3:30p   8.9   9:00a   6.1   0.0   0.0   2.0  19.3  12:00p   WNW
 5  12.8  16.4   3:45p  10.3   9:00a   5.5   0.0   1.4   2.7  24.1   2:00p   NNW
 6  12.8  16.8  11:45a  10.2  11:45p   5.5   0.0   0.4   2.4  22.5   2:45p   WNW
 7  12.7  17.2  12:30p   9.9  12:00a   5.6   0.0   1.2   2.6  22.5   7:00a    NE
 8  14.4  18.3   4:00p  11.6   6:45a   3.9   0.0   3.0   7.1  24.1  10:15a   ENE
 9  12.5  16.6  11:15a   9.9  11:45p   5.8   0.0   0.4   4.0  37.0   1:15p   WNW
10  12.1  17.2   1:45p   6.2   7:45a   6.2   0.0   0.2   2.1  24.1  12:00p   NNW
11  10.3  16.2   1:30p   5.8   2:15a   8.0   0.0   0.2   1.8  25.7   3:15p     W
12   8.0  13.8   3:00p   2.7   7:30a  10.3   0.0   0.0   1.8  16.1   2:15p     E
13   7.9  12.6   3:15p   3.8   7:30a  10.4   0.0   0.0   4.0  24.1  11:30a     E
14  10.4  19.2   3:45p   4.7   6:45a   7.9   0.0   0.0   0.7  17.7  12:45p     E
15  13.8  18.4   3:00p   6.5   9:00a   4.5   0.0   0.4   2.6  19.3  11:15a   ENE
16  12.7  14.2   3:15p  10.7   9:00a   5.6   0.0   0.4   2.0  19.3  12:15p   ENE
17  12.5  15.9  11:00a   9.4   7:00a   5.8   0.0   3.0   1.5  17.7   2:15a     W
18  12.0  14.2   1:45p   9.9   9:00a   6.3   0.0   0.2   1.2  14.5   9:45a     W
19  10.4  14.1   2:30p   7.3   4:45a   7.9   0.0   0.2   1.3  16.1   2:00p     W
20  12.0  15.1   3:00p   9.2   8:45p   6.3   0.0   0.4   3.8  30.6   7:45a   ENE
21  12.2  15.9   1:45p   9.6   1:15a   6.1   0.0   1.6   2.5  25.7  11:00a   NNE
22  12.6  16.8  11:45a   9.6   4:00a   5.7   0.0   0.2   5.7  30.6   8:45a   ENE
23   9.8  15.9  11:00a   6.9   7:15a   8.5   0.0   8.4   4.5  38.6  11:00a     N
24   8.0  13.0   1:13p   4.2   7:30a  10.1   0.0   0.0   5.8  30.6  11:36a   WNW
25  10.0  13.1  12:00p   5.2   9:00a   8.3   0.0   0.0   2.7  16.1   5:00a     E
26   9.2  13.1   2:15p   6.2   1:30a   9.1   0.0   0.0   2.2  17.7   1:30p   ENE
27   9.2  15.4   1:15p   3.8   7:00a   8.9   0.0   0.2   1.0  17.7   2:00p   WNW
28   9.2  17.0   2:45p   3.1   7:00a   9.1   0.0   0.2   0.5  11.3  12:45p   NNE
29  11.1  14.1   3:43p   5.5   9:00a   7.0   0.0   0.0   7.0  27.4   5:15a   ENE
30  10.0  15.6  11:30a   6.1   6:15a   8.3   0.0   0.4   2.9  29.0  12:30p    NW
----------------------------------------------------------------------------------
    11.2  19.2    14     2.7    12   213.3   0.0  22.6   3.5  38.6    23     NNE

Max >=  27.0:  0
Max <=   0.0:  0
Min <=   0.0:  0
Min <= -18.0:  0
Max Rain: 8.4 on day 23
Days of Rain: 20 (>= 0.2 mm)  3 (>= 2.0 mm)  0 (>= 20.0 mm)
Heat Base: 18.3  Cool Base: 18.3  Method: Integration

The information provided herein is for informational purposes only and is not guaranteed to be accurate in any way. Do not make any life threatening decisions either directly or indirectly based on the information herein, no responsibility is accepted for any injuries, accidents or other incidents whether fatal or non-fatal, as a direct or indirect result of actions taken based upon the information herein.
Please refer to the Australian Government Bureau of Meteorology for the official weather and forecast.





page updated 23/09/2019 9:00:05 AM
powered by  cumulus v1.9.4 (1099)
cumulus software support forum
maintained by  Ankara Youth Camp

Flag Counter