WEATHER (Reports)

Walker Flat, South Australia    

home    gauges    today/yesterday    observations    reports    graphs    status
cam    month/year    monthly records   data   extremes   links   android   about

 

NOAA Style Reports Select the month or click ∨/∧ for other years data
Select a Year or Month report
V/Λ2019 > Jan Feb Mar Apr May Jun Jul Aug Sep Oct Nov Dec
V/Λ2018 > Jan Feb Mar Apr May Jun Jul Aug Sep Oct Nov Dec
V/Λ2017 > Jan Feb Mar Apr May Jun Jul Aug Sep Oct Nov Dec
V/Λ2016 > Jan Feb Mar Apr May Jun Jul Aug Sep Oct Nov Dec
V/Λ2015 > Jan Feb Mar Apr May Jun Jul Aug Sep Oct Nov Dec
V/Λ2014 > Jan Feb Mar Apr May Jun Jul Aug Sep Oct Nov Dec

Report for 2016 Oct
                   Monthly Climatological Summary for Oct 2016

Name: Walker Flat Weather   City: Walker Flat   State: SA
Elevation: 25 m  Lat: S 34° 45' 23"   Lon: E 139° 34' 12"

                  Temperature (°C), Rain (mm), Wind Speed (km/h)

                                      Heat  Cool        Avg
    Mean                              Deg   Deg         Wind                 Dom
Day Temp  High   Time   Low    Time   Days  Days  Rain  Speed High   Time    Dir
----------------------------------------------------------------------------------
 1  16.0  20.8   3:30p  10.5   4:00a   2.7   0.5   0.0   4.7  22.5   1:30p   ENE
 2  14.7  25.1  12:15p   9.8   4:45a   4.6   1.0   1.2   7.0  43.5   2:15a     N
 3  14.1  16.5   3:00p  11.7   8:00p   4.2   0.0   1.0   7.7  37.0   3:30a   NNW
 4  12.5  18.1  10:00a   7.8   6:00a   5.8   0.0   0.2   6.4  46.7  12:45p    NW
 5  15.9  25.8  10:00a   9.8   5:15a   3.5   1.1   0.0   2.3  24.1  11:15a     N
 6  22.9  30.5   2:15p  13.8   6:15a   0.5   5.1   0.0   5.6  29.0  10:30a   ENE
 7  16.5  27.2  11:45a   9.1   5:45a   3.7   1.9   0.0   4.3  27.4  11:00a   WNW
 8  19.3  26.4  10:00a  15.4   3:15a   0.7   1.7   0.0   3.7  30.6   9:30a   ENE
 9  17.2  31.3  10:45a  11.7   5:45a   2.8   1.7   0.0   7.5  45.1  10:45a   NNW
10  11.5  16.8  11:45a   6.2   5:45a   6.8   0.0   0.6   4.8  32.2   2:45p    NW
11  12.7  16.7   1:30p   8.5   6:15a   5.6   0.0   0.0   2.9  22.5  12:15p   WNW
12  12.4  17.4  12:15p   6.9   4:15a   5.9   0.0   0.0   2.9  27.4   3:15p     W
13  13.2  20.4   3:30p   4.3   6:00a   5.3   0.3   0.0   1.8  22.5  10:00a    SE
14  17.9  25.2  10:00a   9.5   5:30a   2.6   2.3   0.0   6.7  37.0   9:30a     E
15  22.7  29.9   3:45p  13.9  10:00a   0.4   4.8   0.6   7.5  43.5  10:45a    NE
16  10.6  15.4  10:00a   6.8   4:30a   7.1   0.0   5.2   2.7  25.7   3:15p    NW
17  14.7  17.8   1:30p  11.9   7:00a   3.6   0.0   0.0   4.9  29.0   5:00p   NNW
18  11.0  17.8  12:00p   4.6   6:45a   7.3   0.0   0.2   3.7  33.8   4:00p   WNW
19  13.2  19.6   5:45p   6.9   4:15a   5.3   0.1   0.0   2.7  22.5   9:15a   ENE
20  23.0  31.3   3:15p  11.2   8:30a   1.2   5.9   5.6   8.5  48.3  10:30p    NE
21  10.5  15.9   3:00p   6.9   3:15a   7.8   0.0   0.2   5.0  30.6   3:45p     W
22  10.8  16.2   4:15p   5.4   5:15a   7.5   0.0   0.0   4.6  29.0   1:15p     W
23  11.8  17.4   4:00p   5.8   6:30a   6.5   0.0   0.6   2.5  22.5   9:30a   WSW
24  17.5  23.8   6:00p  11.2   2:45a   2.2   1.4   0.4   4.5  30.6   8:15a    NE
25  20.8  29.7   4:30p  14.0   5:30a   1.3   3.8   0.0   6.3  38.6  11:15p     W
26  13.8  19.5   4:15p   8.6   6:00a   4.6   0.1   0.0   8.2  37.0   5:00p    SW
27  14.3  21.4   4:15p   8.7   5:30a   4.4   0.5   0.0   5.7  30.6   7:00p    SW
28  15.5  24.8   4:49p   7.9   6:30a   4.0   1.3   0.0   9.6  35.4   5:38p    SW
29  23.4  30.2   5:52p  16.8   8:00a   0.1   4.9   0.0  11.0  43.5   2:30p   NNE
30  13.2  20.9  12:45p   7.0   6:00a   5.4   0.3   0.0  22.7  72.4   2:43p   WNW
31  13.4  19.3   3:00p   7.5   3:45a   5.0   0.0   0.0   4.7  30.6  12:00p     W
----------------------------------------------------------------------------------
    15.4  31.3     9     4.3    13   128.4  38.7  15.8   8.4  72.4    30      NW

Max >=  27.0:  7
Max <=   0.0:  0
Min <=   0.0:  0
Min <= -18.0:  0
Max Rain: 5.6 on day 20
Days of Rain: 11 (>= 0.2 mm)  2 (>= 2.0 mm)  0 (>= 20.0 mm)
Heat Base: 18.3  Cool Base: 18.3  Method: Integration

The information provided herein is for informational purposes only and is not guaranteed to be accurate in any way. Do not make any life threatening decisions either directly or indirectly based on the information herein, no responsibility is accepted for any injuries, accidents or other incidents whether fatal or non-fatal, as a direct or indirect result of actions taken based upon the information herein.
Please refer to the Australian Government Bureau of Meteorology for the official weather and forecast.





page updated 23/09/2019 9:00:05 AM
powered by  cumulus v1.9.4 (1099)
cumulus software support forum
maintained by  Ankara Youth Camp

Flag Counter