WEATHER (Reports)

Walker Flat, South Australia    

home    gauges    today/yesterday    observations    reports    graphs    status
cam    month/year    monthly records   data   extremes   links   android   about

 

NOAA Style Reports Select the month or click ∨/∧ for other years data
Select a Year or Month report
V/Λ2019 > Jan Feb Mar Apr May Jun Jul Aug Sep Oct Nov Dec
V/Λ2018 > Jan Feb Mar Apr May Jun Jul Aug Sep Oct Nov Dec
V/Λ2017 > Jan Feb Mar Apr May Jun Jul Aug Sep Oct Nov Dec
V/Λ2016 > Jan Feb Mar Apr May Jun Jul Aug Sep Oct Nov Dec
V/Λ2015 > Jan Feb Mar Apr May Jun Jul Aug Sep Oct Nov Dec
V/Λ2014 > Jan Feb Mar Apr May Jun Jul Aug Sep Oct Nov Dec

Report for 2016 Nov
                   Monthly Climatological Summary for Nov 2016

Name: Walker Flat Weather   City: Walker Flat   State: SA
Elevation: 25 m  Lat: S 34° 45' 23"   Lon: E 139° 34' 12"

                  Temperature (°C), Rain (mm), Wind Speed (km/h)

                                      Heat  Cool        Avg
    Mean                              Deg   Deg         Wind                 Dom
Day Temp  High   Time   Low    Time   Days  Days  Rain  Speed High   Time    Dir
----------------------------------------------------------------------------------
 1  13.9  20.2   2:00p   7.8   5:45a   4.7   0.2   0.0   6.2  43.5   5:45p     W
 2  14.9  22.9   3:45p   6.8   5:45a   4.4   0.9   0.0   4.3  27.4   5:45p   WSW
 3  18.3  27.6   4:00p   9.6   6:15a   2.7   2.7   0.0   3.3  25.7   4:30p   WNW
 4  19.0  29.9   2:15p  11.4   5:15a   2.9   3.6   0.0  14.5  48.3   4:45p     W
 5  15.6  22.8   5:15p   9.1   6:15a   3.5   0.8   0.0   6.8  35.4  11:00a    SW
 6  20.4  27.7   5:00p  14.2   6:15a   1.2   3.3   0.0   3.6  30.6   8:45a    NW
 7  17.7  27.8  11:15a  11.5   3:45a   3.0   2.3   0.0  11.6  43.5   5:15p    SW
 8  14.6  20.0   4:00p   9.2   6:15a   3.9   0.2   0.0   8.7  35.4   3:15p    SW
 9  16.4  24.7   5:15p   9.4   6:30a   3.2   1.3   0.0   6.3  35.4   6:30p    SW
10  18.3  25.8   4:30p  11.8   6:45a   1.9   2.0   0.0   5.9  30.6   6:30p    SW
11  21.1  32.9   3:45p  16.2   5:45a   0.5   3.1   0.0   6.9  51.5   6:03p   NNW
12  16.1  22.4   3:30p  12.3   3:15a   2.8   0.6   1.8  18.4  59.5   4:00p   WNW
13  14.5  18.4   4:11p  11.6   3:45a   3.8   0.0   0.0  28.0  62.8   2:32p   WSW
14  14.0  19.5   4:30p   9.3   3:15a   4.0   0.1   0.0   8.9  40.2  12:15p   WSW
22  15.7  22.1   4:09p  10.3   6:00a   3.1   0.7   0.0   6.5  35.4   9:00a    SW
23  14.3  20.1   3:30p   7.6   6:45a   4.3   0.3   0.0   9.9  51.5   2:45p    SW
24  15.6  22.2   3:45p  10.4   2:45a   3.4   0.7   0.0   7.7  37.0   7:30p    SW
25  15.8  22.4   2:45p   9.9   6:15a   3.3   0.8   0.0   9.7  38.6   4:15p    SW
26  16.1  24.1   3:30p   9.5   6:15a   3.4   1.2   0.0   8.6  40.2   7:00p    SW
27  18.9  28.1   5:00p  11.2   6:15a   2.2   2.8   0.0   4.1  24.1   5:45p    SW
28  21.2  31.8   4:15p  13.2   6:30a   1.3   4.3   0.0   7.3  37.0   5:30p    SW
29  18.0  27.7   2:45p  11.8   2:15a   2.8   2.5   0.0  10.2  41.8   5:30p    SW
30  16.2  23.5   3:15p  10.3   6:45a   3.0   1.0   0.0   7.5  40.2   5:30p    SW
----------------------------------------------------------------------------------
    16.8  32.9    11     6.8     2    69.3  35.4   1.8  13.2  62.8    13     WSW

Max >=  27.0:  8
Max <=   0.0:  0
Min <=   0.0:  0
Min <= -18.0:  0
Max Rain: 1.8 on day 12
Days of Rain: 1 (>= 0.2 mm)  0 (>= 2.0 mm)  0 (>= 20.0 mm)
Heat Base: 18.3  Cool Base: 18.3  Method: Integration

The information provided herein is for informational purposes only and is not guaranteed to be accurate in any way. Do not make any life threatening decisions either directly or indirectly based on the information herein, no responsibility is accepted for any injuries, accidents or other incidents whether fatal or non-fatal, as a direct or indirect result of actions taken based upon the information herein.
Please refer to the Australian Government Bureau of Meteorology for the official weather and forecast.





page updated 23/09/2019 9:00:05 AM
powered by  cumulus v1.9.4 (1099)
cumulus software support forum
maintained by  Ankara Youth Camp

Flag Counter