WEATHER (Reports)

Walker Flat, South Australia    

home    gauges    today/yesterday    observations    reports    graphs    status
cam    month/year    monthly records   data   extremes   links   android   about

 

NOAA Style Reports Select the month or click ∨/∧ for other years data
Select a Year or Month report
V/Λ2019 > Jan Feb Mar Apr May Jun Jul Aug Sep Oct Nov Dec
V/Λ2018 > Jan Feb Mar Apr May Jun Jul Aug Sep Oct Nov Dec
V/Λ2017 > Jan Feb Mar Apr May Jun Jul Aug Sep Oct Nov Dec
V/Λ2016 > Jan Feb Mar Apr May Jun Jul Aug Sep Oct Nov Dec
V/Λ2015 > Jan Feb Mar Apr May Jun Jul Aug Sep Oct Nov Dec
V/Λ2014 > Jan Feb Mar Apr May Jun Jul Aug Sep Oct Nov Dec

Report for 2016 Dec
                   Monthly Climatological Summary for Dec 2016

Name: Walker Flat Weather   City: Walker Flat   State: SA
Elevation: 25 m  Lat: S 34° 45' 23"   Lon: E 139° 34' 12"

                  Temperature (°C), Rain (mm), Wind Speed (km/h)

                                      Heat  Cool        Avg
    Mean                              Deg   Deg         Wind                 Dom
Day Temp  High   Time   Low    Time   Days  Days  Rain  Speed High   Time    Dir
----------------------------------------------------------------------------------
 1  19.3  28.3   3:45p  12.7   5:30a   1.7   2.7   0.0   5.7  30.6   9:00p   WSW
 2  17.5  24.7   4:45p  10.2   6:00a   2.7   1.9   0.0   8.6  35.4   6:30p    SW
 3  23.1  33.4   5:15p  15.2   5:30a   0.5   5.3   0.0   4.4  38.6  10:00a     W
 4  21.4  27.4   7:00p  14.8   6:30a   0.6   3.7   1.2   8.6  38.6  10:00a    SW
 5  17.1  21.7  12:45p  13.4   5:45a   2.0   0.8   0.0   8.3  37.0  10:45a    SW
 6  17.5  24.5   5:15p  10.7   6:30a   2.3   1.5   0.0   3.6  25.7   7:15p   SSW
 7  24.7  31.0   6:00p  16.1   7:00a   0.2   6.6   2.2   9.9  45.1   1:30a   NNW
 8  15.7  21.2   1:45p  11.8   3:30a   2.9   0.3   1.0  15.9  64.4   2:45p   WSW
 9  15.4  20.9   4:00p   9.5   6:30a   3.3   0.4   0.0   8.1  37.0   3:45p    SW
10  18.3  27.4   5:00p  11.4   6:00a   2.3   2.3   0.0   7.0  38.6   6:45p    SW
11  22.4  31.1   5:45p  13.1   6:15a   1.1   5.2   0.0   2.8  25.7   8:30p    SW
12  28.4  37.0   4:15p  18.5   5:30a   0.0  10.1   0.0   5.2  35.4  10:00a    NE
13  25.9  38.2   2:00p  15.4   8:45a   0.4   8.1   0.8  11.2  48.3  12:30p     W
14  16.1  22.2   3:30p  10.8   6:45a   2.8   0.6   0.0  11.6  35.4   8:15p    SW
15  16.9  22.9   4:30p  12.4   6:30a   2.4   1.0   0.0   8.2  35.4   6:30p    SW
16  20.9  30.4   3:45p  12.6   6:15a   1.4   4.0   0.0   9.2  37.0   9:30a   WSW
17  15.4  20.9   2:45p   8.6   5:15a   3.4   0.6   0.0  11.5  49.9   1:45p    SW
18  20.3  26.3   6:15p  13.2   6:15a   1.0   3.0   0.0   5.0  33.8   9:45a    NE
19  25.0  36.8   5:27p  16.1   6:45a   0.4   6.9   2.0  10.5  48.3   3:30p     W
20  18.2  24.0   4:00p  12.7   5:15a   1.7   1.6   0.0   9.8  37.0  12:45p    SW
21  19.0  25.6   4:30p  13.3   6:00a   1.5   2.2   0.0  10.2  37.0   3:30p    SW
22  24.5  32.8   5:30p  15.5   6:15a   0.4   6.6   0.0   2.6  27.4   9:30a   WSW
23  28.2  38.8   4:30p  18.8   6:30a   0.0   9.9   0.0   6.1  43.5   5:30p     W
24  25.0  35.2   4:15p  15.8   6:30a   0.4   7.1   0.0   6.6  33.8   8:15p    SW
25  30.4  40.8   5:00p  21.8   6:00a   0.0  11.8   0.0   4.5  38.6   2:45a    SW
26  21.9  22.6  10:00a  21.0   1:30p   0.0   3.6   7.0   3.0  19.3  12:45a   NNE
27  26.6  30.4   6:00p  22.6  10:00a   0.0   8.2  18.6   9.3  70.8   5:15a    NE
28  24.9  36.8   2:15p  16.3   6:00a   0.2   6.4  36.4   7.1  56.3   6:30p   WSW
29  24.0  32.8   5:24p  17.9   6:00a   0.0   5.6   0.0   7.3  30.6   6:02p   WNW
30  21.9  26.7   3:30p  18.4  12:30a   0.0   3.6   0.0   8.2  33.8  11:30a     W
31  21.9  28.7   4:15p  16.4   5:30a   0.2   3.8   0.0   8.4  35.4   9:30a   WSW
----------------------------------------------------------------------------------
    21.5  40.8    25     8.6    17    35.8 135.4  69.2   7.7  70.8    27     WSW

Max >=  27.0: 18
Max <=   0.0:  0
Min <=   0.0:  0
Min <= -18.0:  0
Max Rain: 36.4 on day 28
Days of Rain: 8 (>= 0.2 mm)  5 (>= 2.0 mm)  1 (>= 20.0 mm)
Heat Base: 18.3  Cool Base: 18.3  Method: Integration

The information provided herein is for informational purposes only and is not guaranteed to be accurate in any way. Do not make any life threatening decisions either directly or indirectly based on the information herein, no responsibility is accepted for any injuries, accidents or other incidents whether fatal or non-fatal, as a direct or indirect result of actions taken based upon the information herein.
Please refer to the Australian Government Bureau of Meteorology for the official weather and forecast.





page updated 23/09/2019 9:00:05 AM
powered by  cumulus v1.9.4 (1099)
cumulus software support forum
maintained by  Ankara Youth Camp

Flag Counter