WEATHER (Reports)

Walker Flat, South Australia    

home    gauges    today/yesterday    observations    reports    graphs    status
cam    month/year    monthly records   data   extremes   links   android   about

 

NOAA Style Reports Select the month or click ∨/∧ for other years data
Select a Year or Month report
V/Λ2019 > Jan Feb Mar Apr May Jun Jul Aug Sep Oct Nov Dec
V/Λ2018 > Jan Feb Mar Apr May Jun Jul Aug Sep Oct Nov Dec
V/Λ2017 > Jan Feb Mar Apr May Jun Jul Aug Sep Oct Nov Dec
V/Λ2016 > Jan Feb Mar Apr May Jun Jul Aug Sep Oct Nov Dec
V/Λ2015 > Jan Feb Mar Apr May Jun Jul Aug Sep Oct Nov Dec
V/Λ2014 > Jan Feb Mar Apr May Jun Jul Aug Sep Oct Nov Dec

Report for 2017 Jan
                   Monthly Climatological Summary for Jan 2017

Name: Walker Flat Weather   City: Walker Flat   State: SA
Elevation: 25 m  Lat: S 34° 45' 23"   Lon: E 139° 34' 12"

                  Temperature (°C), Rain (mm), Wind Speed (km/h)

                                      Heat  Cool        Avg
    Mean                              Deg   Deg         Wind                 Dom
Day Temp  High   Time   Low    Time   Days  Days  Rain  Speed High   Time    Dir
----------------------------------------------------------------------------------
 1  19.2  23.9   2:00p  16.1   5:30a   0.7   1.6   0.0  15.3  48.3   7:30p    SW
 2  18.6  25.3   4:00p  12.7   6:15a   1.7   2.0   0.0  12.5  41.8   3:15p    SW
 3  21.2  29.0   4:30p  17.0   6:15a   0.2   3.1   0.0   9.3  41.8   6:00p    SW
 4  24.2  34.6   4:00p  18.3   5:00a   0.0   5.9   0.0  10.3  46.7   5:45p    SW
 5  26.1  36.6   4:45p  18.4   6:00a   0.0   7.8   0.0   4.4  32.2   5:15p    SW
 6  32.4  39.5   5:30p  24.1   7:00a   0.0  14.1   0.0   4.2  32.2  10:00a    NE
 7  30.7  40.4   2:45p  21.1   6:30a   0.0  12.4   0.0   8.8  48.3   8:45p     W
 8  22.8  30.6   3:15p  17.5  10:00a   0.0   4.6   1.6   8.2  30.6   7:00p    SW
 9  19.6  25.2   6:45p  16.4   7:00a   0.4   1.7   2.8   5.3  22.5  12:45a    SW
10  21.5  31.8   3:30p  15.4   6:15a   0.7   3.9   0.0   7.7  46.7   4:45p    SW
11  20.8  27.9   4:15p  14.6   6:30a   0.9   3.4   0.0   7.2  33.8   4:30p    SW
12  28.6  34.9   6:15p  21.1  10:00a   0.0  10.3   6.8   4.6  30.6   5:15p   NNE
13  19.6  24.3  12:30p  15.3   6:00a   0.5   1.8   5.6   9.9  38.6   2:15p   WSW
14  19.2  23.9   2:45p  15.4   6:45a   0.7   1.6   0.0  11.1  38.6  12:15p    SW
15  20.7  29.0   5:45p  13.7   6:15a   1.1   3.5   0.0   4.3  25.7   7:45p    SW
16  27.3  38.1   6:15p  17.6   6:30a   0.0   9.0   0.0   2.6  24.1  11:30a   NNE
17  28.0  42.4   4:15p  16.9   8:00a   0.1   9.9   0.0  10.9  56.3   8:45p   WSW
18  21.1  26.4   5:15p  16.4   6:15a   0.3   3.1   0.0   7.3  35.4  12:15p    SW
19  26.3  36.3   6:45p  18.2   9:15a   0.0   8.0  15.2   8.6  49.9   9:45p    NW
20  17.7  22.7   4:15p  13.4   7:15a   1.7   1.1   0.0  12.2  45.1  10:00a    SW
21  21.2  29.0   5:15p  14.2   6:45a   0.8   3.7   0.0   3.7  25.7   8:30p    SW
22  27.6  33.8   6:15p  20.7   7:00a   0.0   9.3   0.0   2.7  25.7   1:15p   NNE
23  24.3  35.5  12:15p  17.9   7:05a   0.0   5.8  12.0   7.5  38.6   2:50a   WSW
----------------------------------------------------------------------------------
    23.4  42.4    17    12.7     2     9.8 127.6  44.0   7.7  56.3    17      SW

Max >=  27.0: 16
Max <=   0.0:  0
Min <=   0.0:  0
Min <= -18.0:  0
Max Rain: 15.2 on day 19
Days of Rain: 6 (>= 0.2 mm)  5 (>= 2.0 mm)  0 (>= 20.0 mm)
Heat Base: 18.3  Cool Base: 18.3  Method: Integration

The information provided herein is for informational purposes only and is not guaranteed to be accurate in any way. Do not make any life threatening decisions either directly or indirectly based on the information herein, no responsibility is accepted for any injuries, accidents or other incidents whether fatal or non-fatal, as a direct or indirect result of actions taken based upon the information herein.
Please refer to the Australian Government Bureau of Meteorology for the official weather and forecast.





page updated 23/09/2019 9:00:05 AM
powered by  cumulus v1.9.4 (1099)
cumulus software support forum
maintained by  Ankara Youth Camp

Flag Counter