WEATHER (Reports)

Walker Flat, South Australia    

home    gauges    today/yesterday    observations    reports    graphs    status
cam    month/year    monthly records   data   extremes   links   android   about

 

NOAA Style Reports Select the month or click ∨/∧ for other years data
Select a Year or Month report
V/Λ2019 > Jan Feb Mar Apr May Jun Jul Aug Sep Oct Nov Dec
V/Λ2018 > Jan Feb Mar Apr May Jun Jul Aug Sep Oct Nov Dec
V/Λ2017 > Jan Feb Mar Apr May Jun Jul Aug Sep Oct Nov Dec
V/Λ2016 > Jan Feb Mar Apr May Jun Jul Aug Sep Oct Nov Dec
V/Λ2015 > Jan Feb Mar Apr May Jun Jul Aug Sep Oct Nov Dec
V/Λ2014 > Jan Feb Mar Apr May Jun Jul Aug Sep Oct Nov Dec

Report for 2017 Aug
                   Monthly Climatological Summary for Aug 2017

Name: Walker Flat Weather   City: Walker Flat   State: SA
Elevation: 25 m  Lat: S 34° 45' 23"   Lon: E 139° 34' 12"

                  Temperature (°C), Rain (mm), Wind Speed (km/h)

                                      Heat  Cool        Avg
    Mean                              Deg   Deg         Wind                 Dom
Day Temp  High   Time   Low    Time   Days  Days  Rain  Speed High   Time    Dir
----------------------------------------------------------------------------------
 1   9.8  16.1   3:27p   4.2   9:00a   8.5   0.0   0.0   2.9  17.7   1:08p   ENE
 2  11.1  16.4   1:19p   6.2   9:00a   7.2   0.0  12.6   4.0  25.7   5:06a     S
 3   7.9  10.1   3:39p   5.1   1:37a  10.4   0.0   0.6   2.7  20.9   9:07a    SW
 4  10.3  15.4  12:45p   7.4  11:56p   8.0   0.0   2.8   6.6  54.7   1:12p   NNW
 5  12.1  15.4   3:10p   8.3   7:22a   6.2   0.0   1.8   8.1  46.7   5:07p     N
 6   9.4  14.8   1:52p   6.6   5:39a   8.9   0.0   5.8   6.9  48.3  12:13p    NW
 7   9.9  15.3   1:57p   5.9   4:46a   8.5   0.0   0.0   5.8  41.8  11:00a   WSW
 8   9.8  16.3   3:21p   4.8   5:56a   8.5   0.0   0.2   0.8  19.3  12:40p   NNW
 9  14.1  17.9   2:32p   8.6   9:00a   4.2   0.0   0.0   8.4  37.0   3:02p   NNE
10  14.4  21.3  11:47a   8.6   6:46a   4.4   0.5   0.2   6.3  41.8   1:57p    NW
11  11.9  16.6   2:13p   7.8   7:35a   6.4   0.0   0.0   4.0  27.4  11:52a    NW
12  10.6  18.7   2:33p   4.3   7:14a   7.7   0.0   0.0   1.6  25.7   2:41p   NNW
13  16.5  24.9   2:33p   8.4   9:00a   3.1   1.4   0.0   2.6  22.5   3:01p     N
14  19.2  23.8   2:33p  14.8   9:00a   0.4   1.4   0.0   3.6  38.6   3:27a    NW
15  15.0  19.0  10:09a  11.4   6:49a   3.3   0.0   2.2   9.6  45.1   2:58a    NW
16  14.2  17.3   1:25p  11.6   6:29a   4.1   0.0   0.0  10.7  48.3  10:17a    NW
17  11.5  16.7   1:12p   7.4   7:29a   6.8   0.0   3.0  10.7  62.8   3:11p   WNW
18   9.5  14.7  12:43p   4.9   7:03a   8.8   0.0   0.0   9.3  56.3   1:16p     W
19   8.3  15.2   2:11p   1.9   7:16a  10.0   0.0   0.2   2.1  22.5  11:42a   SSW
20   9.8  14.6  12:48p   6.5   3:31a   8.5   0.0   7.6   7.1  37.0  11:51a    NE
21  10.7  15.2   1:23p   7.1  12:31a   7.6   0.0   0.2   4.6  29.0   4:29p   WSW
22  12.9  17.7   2:30p   9.3  12:42a   5.4   0.0   0.0   2.6  22.5   9:32a   WNW
23  11.0  16.2  11:04a   7.1   5:10a   7.3   0.0   0.4   4.8  35.4   4:50p     W
24  10.0  16.0   3:19p   5.9   4:26a   8.3   0.0   0.0   5.2  33.8   3:40p   WSW
25   9.6  14.9   2:34p   4.6   7:08a   8.7   0.0   0.2   0.8  17.7   1:02p   WSW
26  11.6  16.7  12:32p   7.6   2:49a   6.7   0.0   0.4   3.9  27.4   2:16p   WSW
28   7.9  13.2   1:39p   1.9   6:35a  18.8   0.0   0.2   1.7  33.8   3:32p    SW
29   9.0  14.7   2:55p   2.5   6:41a   9.2   0.0   0.0   1.0  14.5  11:32a     W
30  10.1  17.1   2:38p   3.4   5:45a   8.2   0.0   0.2   2.1  19.3   4:23p    SE
31  12.5  18.7   3:11p   5.7   6:25a   5.8   0.0   0.0   5.1  29.0  12:16p    NE
----------------------------------------------------------------------------------
    11.4  24.9    13     1.9    19   219.9   3.3  38.6   4.9  62.8    17      NW

Max >=  27.0:  0
Max <=   0.0:  0
Min <=   0.0:  0
Min <= -18.0:  0
Max Rain: 12.6 on day 2
Days of Rain: 17 (>= 0.2 mm)  6 (>= 2.0 mm)  0 (>= 20.0 mm)
Heat Base: 18.3  Cool Base: 18.3  Method: Integration

The information provided herein is for informational purposes only and is not guaranteed to be accurate in any way. Do not make any life threatening decisions either directly or indirectly based on the information herein, no responsibility is accepted for any injuries, accidents or other incidents whether fatal or non-fatal, as a direct or indirect result of actions taken based upon the information herein.
Please refer to the Australian Government Bureau of Meteorology for the official weather and forecast.





page updated 23/09/2019 9:00:05 AM
powered by  cumulus v1.9.4 (1099)
cumulus software support forum
maintained by  Ankara Youth Camp

Flag Counter