WEATHER (Reports)

Walker Flat, South Australia    

home    gauges    today/yesterday    observations    reports    graphs    status
cam    month/year    monthly records   data   extremes   links   android   about

 

NOAA Style Reports Select the month or click ∨/∧ for other years data
Select a Year or Month report
V/Λ2019 > Jan Feb Mar Apr May Jun Jul Aug Sep Oct Nov Dec
V/Λ2018 > Jan Feb Mar Apr May Jun Jul Aug Sep Oct Nov Dec
V/Λ2017 > Jan Feb Mar Apr May Jun Jul Aug Sep Oct Nov Dec
V/Λ2016 > Jan Feb Mar Apr May Jun Jul Aug Sep Oct Nov Dec
V/Λ2015 > Jan Feb Mar Apr May Jun Jul Aug Sep Oct Nov Dec
V/Λ2014 > Jan Feb Mar Apr May Jun Jul Aug Sep Oct Nov Dec

Report for 2017 Sep
                   Monthly Climatological Summary for Sep 2017

Name: Walker Flat Weather   City: Walker Flat   State: SA
Elevation: 25 m  Lat: S 34° 45' 23"   Lon: E 139° 34' 12"

                  Temperature (°C), Rain (mm), Wind Speed (km/h)

                                      Heat  Cool        Avg
    Mean                              Deg   Deg         Wind                 Dom
Day Temp  High   Time   Low    Time   Days  Days  Rain  Speed High   Time    Dir
----------------------------------------------------------------------------------
 1  17.9  24.3   3:13p  11.2   9:00a   1.4   1.1   0.2   3.6  33.8   3:00p   NNE
 2  15.1  20.4   5:50p  10.8   6:48a   3.2   0.1   1.0   5.5  46.7   1:18a   WNW
 3  12.5  16.6   1:19p   8.7   4:04a   5.8   0.0   0.6   8.9  48.3  12:33p   WNW
 4  10.3  14.8   1:08p   6.3   6:35a   8.0   0.0   0.0  10.6  64.4  12:14p     W
 5  10.7  15.3   1:51p   6.4   2:06a   7.6   0.0   0.0   9.4  51.5   2:07p     W
 6  11.0  16.2   2:32p   6.9  12:44a   7.3   0.0   0.0   5.5  38.6   2:05p     W
 7  12.0  17.1   2:47p   7.6   2:14a   6.3   0.0   0.2   6.8  38.6   1:53p     W
 8  10.1  16.8   2:23p   3.6   2:49a   8.2   0.0   0.0   5.4  30.6  10:02a    SW
 9   8.8  14.8   3:31p   1.4   6:45a   9.5   0.0   0.2   0.7  17.7   6:33p    SE
10  15.2  20.9   4:01p   9.2   9:00a   3.5   0.4   0.0   3.5  32.2  10:20a   NNE
11  18.5  26.1  12:54p  11.9   6:24a   2.2   2.4   0.0   5.0  43.5   1:06p   NNW
12  17.6  26.1   1:22p  10.8   5:18a   2.6   1.9   1.8   6.3  33.8   2:31p   WNW
13   9.8  14.6  12:03p   6.7   6:12a   8.5   0.0   2.0   8.4  57.9   2:07p     W
14  11.7  16.6   3:21p   7.1   3:49a   6.6   0.0   0.2   5.7  35.4  11:36a   WNW
15  13.4  17.9   2:27p   9.4   2:10a   4.9   0.0   0.2   4.1  25.7   3:24a     W
16  10.4  16.9   3:33p   3.8   2:06a   7.9   0.0   0.0   4.0  25.7   8:48a     S
17  18.5  24.2   4:31p  12.3   9:00a   1.1   1.4   0.0  10.3  38.6  10:24a   NNE
18  11.9  20.3  11:30a   6.7   5:22a   6.5   0.1   0.2   7.1  48.3   2:37p   WNW
19  11.2  17.9   2:38p   5.5   6:25a   7.1   0.0   0.0   2.6  24.1   9:16a   WSW
20  17.9  24.6   4:58p  11.4  10:47p   1.9   1.5   0.0   6.3  33.8   8:44a    NE
21  15.7  25.9   2:19p   8.1   5:30a   4.5   1.9   0.0   5.3  35.4   9:12a     W
22  21.4  30.4   2:41p  13.9   7:02a   0.5   3.6   0.0   4.6  35.4   3:09a   NNE
23  18.2  26.7  11:42a  13.2   5:35a   2.0   1.9   0.0  13.3  61.2   2:45p   WNW
24  14.5  19.7   2:25p   9.7   3:06a   4.0   0.2   0.0   9.8  54.7   1:29p   WNW
25  12.7  20.3   2:59p   5.4   6:28a   5.8   0.2   0.0   4.7  27.4   3:01p   WSW
26  16.7  23.9   4:52p  11.3   9:00a   2.7   1.2   0.2   3.7  29.0   1:37p    NE
27  19.1  26.9  12:44p  13.0   6:32a   1.9   2.7   0.0   9.0  43.5  12:21p   WNW
28  13.6  19.8   1:52p   8.6   4:40a   4.8   0.1   0.0   6.0  33.8   2:44p     W
29  14.0  19.1  12:28p   9.2   6:26a   4.4   0.0   0.0   6.7  40.2   3:41p   WNW
30  13.2  20.2   3:07p   6.8   7:09a   5.4   0.2   0.0   6.8  37.0   9:10a    SW
----------------------------------------------------------------------------------
    14.1  30.4    22     1.4     9   146.1  20.9   6.8   6.3  64.4     4     WNW

Max >=  27.0:  1
Max <=   0.0:  0
Min <=   0.0:  0
Min <= -18.0:  0
Max Rain: 2.0 on day 13
Days of Rain: 11 (>= 0.2 mm)  1 (>= 2.0 mm)  0 (>= 20.0 mm)
Heat Base: 18.3  Cool Base: 18.3  Method: Integration

The information provided herein is for informational purposes only and is not guaranteed to be accurate in any way. Do not make any life threatening decisions either directly or indirectly based on the information herein, no responsibility is accepted for any injuries, accidents or other incidents whether fatal or non-fatal, as a direct or indirect result of actions taken based upon the information herein.
Please refer to the Australian Government Bureau of Meteorology for the official weather and forecast.





page updated 23/09/2019 9:00:05 AM
powered by  cumulus v1.9.4 (1099)
cumulus software support forum
maintained by  Ankara Youth Camp

Flag Counter