WEATHER (Reports)

Walker Flat, South Australia    

home    gauges    today/yesterday    observations    reports    graphs    status
cam    month/year    monthly records   data   extremes   links   android   about

 

NOAA Style Reports Select the month or click ∨/∧ for other years data
Select a Year or Month report
V/Λ2019 > Jan Feb Mar Apr May Jun Jul Aug Sep Oct Nov Dec
V/Λ2018 > Jan Feb Mar Apr May Jun Jul Aug Sep Oct Nov Dec
V/Λ2017 > Jan Feb Mar Apr May Jun Jul Aug Sep Oct Nov Dec
V/Λ2016 > Jan Feb Mar Apr May Jun Jul Aug Sep Oct Nov Dec
V/Λ2015 > Jan Feb Mar Apr May Jun Jul Aug Sep Oct Nov Dec
V/Λ2014 > Jan Feb Mar Apr May Jun Jul Aug Sep Oct Nov Dec

Report for 2017 Oct
                   Monthly Climatological Summary for Oct 2017

Name: Walker Flat Weather   City: Walker Flat   State: SA
Elevation: 25 m  Lat: S 34° 45' 23"   Lon: E 139° 34' 12"

                  Temperature (°C), Rain (mm), Wind Speed (km/h)

                                      Heat  Cool        Avg
    Mean                              Deg   Deg         Wind                 Dom
Day Temp  High   Time   Low    Time   Days  Days  Rain  Speed High   Time    Dir
----------------------------------------------------------------------------------
 1  13.4  20.4   3:50p   6.7   6:54a   5.2   0.3   0.2   4.7  30.6   6:29p    SW
 2  15.3  24.2   3:53p   7.6   7:01a   4.2   1.2   0.2   2.1  25.7   8:00p     W
 3  19.4  29.0   4:39p  10.8   6:46a   2.3   3.3   0.0   0.3  19.3   9:53a    NE
 4  21.8  31.1   4:12p  13.8   7:05a   1.3   4.8   1.8   7.5  48.3  12:15a     W
 5  12.6  18.7   1:29p   6.7   6:18a   5.7   0.0   0.0  11.5  45.1   2:49p    SW
 6  15.7  20.1   4:23p  12.3  10:00a   2.8   0.2   0.0   4.3  24.1   3:38p   SSE
 7  20.7  27.3   5:18p  13.9   7:02a   0.8   3.1   0.2   6.4  41.8   4:01p    NE
 8  20.1  28.7   3:27p  10.1   6:54a   2.0   3.8   0.0   6.6  37.0   8:36p     W
 9  14.4  22.7   4:08p   6.1   6:05a   4.8   0.8   0.0   5.4  33.8  10:34a   WSW
10  21.4  26.2   5:55p  15.2  10:00a   0.1   3.2   0.2   6.8  40.2   9:09a    NE
11  14.4  22.3   1:15p   8.5   3:35a   4.2   0.4   2.0   7.8  53.1   1:59p   WNW
12  14.6  20.5   2:42p   9.9   6:10a   3.9   0.2   0.0   4.9  32.2  10:59a     W
13  14.4  19.8   4:49p   8.8   5:42a   4.1   0.2   0.2   6.0  30.6   4:35p    SW
14  16.0  23.7   3:49p   9.6   6:52a   3.5   1.2   0.2   6.3  32.2   7:53p    SW
15  18.2  26.4   4:56p  11.9   6:29a   2.2   2.1   0.2   4.3  30.6   6:56p   SSW
16  24.2  32.7   3:56p  14.7   7:04a   0.4   6.3   0.0   0.7  20.9   9:18a    NE
17  26.0  32.6   3:00p  17.2   7:08a   0.0   7.7   0.0   6.2  40.2  12:16p    NE
18  26.8  33.9   4:10p  19.8   6:03a   0.0   8.5   0.0   7.4  48.3  11:04a   NNE
19  15.9  24.6  10:04a  11.2   4:25a   3.1   0.7   0.0  11.3  38.6   1:13p    SW
20  13.8  20.6   2:57p   8.3   5:31a   4.8   0.2   0.0  10.8  45.1   3:31p    SW
21  14.2  19.3   1:49p  10.4   5:50a   4.2   0.1   0.2  11.2  45.1   2:40p    SW
22  15.1  20.8   3:28p   9.8   6:16a   3.5   0.3   0.2   8.6  32.2   3:33p    SW
23  18.6  26.3   4:20p  12.7   5:09a   1.7   2.0   0.0   3.3  25.7   6:57p   WSW
24  17.1  25.3   1:49p  12.3   6:16a   2.4   1.3   3.2   2.3  46.7   2:38p    NE
25  19.5  27.7   3:31p  14.9   4:18a   1.2   2.3   0.0  12.0  40.2   6:05p   WSW
26  16.2  22.8   4:04p   9.6   5:27a   3.2   1.1   0.0   7.8  35.4  10:20a   WSW
27  20.7  32.9   3:36p  10.8   6:05a   1.9   4.3   0.6   9.6  59.5  12:21p   NNW
28  17.6  24.6   3:58p  11.3   5:31a   2.2   1.6   0.0   5.8  37.0   8:33a   NNW
29  17.9  31.8   2:49p   8.3   4:54a   3.8   3.4   1.4  12.4  75.6  12:10p   WNW
30  12.1  17.9   3:53p   7.5   6:38a   6.2   0.0   0.0   9.8  56.3   2:07p   WSW
31  15.7  21.7   5:54p  11.2   2:14a   3.0   0.4   0.0   4.9  30.6   6:51p    SW
----------------------------------------------------------------------------------
    17.5  33.9    18     6.1     9    88.7  65.0  10.8   6.7  75.6    29     WSW

Max >=  27.0: 10
Max <=   0.0:  0
Min <=   0.0:  0
Min <= -18.0:  0
Max Rain: 3.2 on day 24
Days of Rain: 14 (>= 0.2 mm)  2 (>= 2.0 mm)  0 (>= 20.0 mm)
Heat Base: 18.3  Cool Base: 18.3  Method: Integration

The information provided herein is for informational purposes only and is not guaranteed to be accurate in any way. Do not make any life threatening decisions either directly or indirectly based on the information herein, no responsibility is accepted for any injuries, accidents or other incidents whether fatal or non-fatal, as a direct or indirect result of actions taken based upon the information herein.
Please refer to the Australian Government Bureau of Meteorology for the official weather and forecast.





page updated 23/09/2019 9:00:05 AM
powered by  cumulus v1.9.4 (1099)
cumulus software support forum
maintained by  Ankara Youth Camp

Flag Counter