WEATHER (Reports)

Walker Flat, South Australia    

home    gauges    today/yesterday    observations    reports    graphs    status
cam    month/year    monthly records   data   extremes   links   android   about

 

NOAA Style Reports Select the month or click ∨/∧ for other years data
Select a Year or Month report
V/Λ2019 > Jan Feb Mar Apr May Jun Jul Aug Sep Oct Nov Dec
V/Λ2018 > Jan Feb Mar Apr May Jun Jul Aug Sep Oct Nov Dec
V/Λ2017 > Jan Feb Mar Apr May Jun Jul Aug Sep Oct Nov Dec
V/Λ2016 > Jan Feb Mar Apr May Jun Jul Aug Sep Oct Nov Dec
V/Λ2015 > Jan Feb Mar Apr May Jun Jul Aug Sep Oct Nov Dec
V/Λ2014 > Jan Feb Mar Apr May Jun Jul Aug Sep Oct Nov Dec

Report for 2017 Nov
                   Monthly Climatological Summary for Nov 2017

Name: Walker Flat Weather   City: Walker Flat   State: SA
Elevation: 25 m  Lat: S 34° 45' 23"   Lon: E 139° 34' 12"

                  Temperature (°C), Rain (mm), Wind Speed (km/h)

                                      Heat  Cool        Avg
    Mean                              Deg   Deg         Wind                 Dom
Day Temp  High   Time   Low    Time   Days  Days  Rain  Speed High   Time    Dir
----------------------------------------------------------------------------------
 1  16.2  24.2   3:39p   9.3   5:45a   3.3   1.2   0.0   5.9  40.2   6:25p    SW
 2  16.8  24.4   3:52p  12.1   5:48a   2.6   1.1   0.0   7.9  35.4   4:59p    SW
 3  12.7  18.2   3:22p   6.3   6:35a   5.6   0.0   0.0   9.5  33.8   4:06p    SW
 4  15.4  22.2   5:53p   8.6   6:53a   3.7   0.8   0.0   5.1  25.7  10:10a     S
 5  17.2  25.8   4:51p   8.9   6:25a   2.9   1.8   0.0   9.8  43.5   8:53a   SSW
 6  15.1  20.4   2:27p  11.9  12:02a   3.5   0.3   0.0  12.6  61.2   3:51p    SW
 7  14.4  21.7   3:48p   8.2   6:14a   4.3   0.5   0.0   8.9  38.6   4:44p    SW
 8  17.7  27.4   6:25p  11.6   6:59a   2.6   2.1   0.0   4.6  33.8   6:33p   SSW
 9  22.9  30.6   4:31p  15.4   6:39a   0.6   5.2   0.0   3.1  24.1   3:29p   ESE
10  27.5  34.1   1:58p  21.9   2:51a   0.0   9.2   0.0   3.8  27.4  10:58a   ENE
11  26.8  32.2   2:15p  20.3   7:16a   0.0   8.5   0.0   3.6  27.4   3:01p   SSE
12  25.8  34.8   2:49p  17.1   4:38a   0.1   7.7   0.0   1.8  24.1   3:02p   NNE
13  29.8  36.4   3:02p  20.3   6:34a   0.0  11.5   0.0   4.4  30.6  12:05p    NE
14  26.8  36.1   1:13p  19.5   6:45a   0.0   8.5   2.6   7.4  46.7   7:27p   NNW
15  16.0  20.5  10:32a  13.4   5:35a   2.5   0.2  33.0  15.5  49.9   1:52p   WSW
16  14.7  16.9   9:56a  13.4  11:55p   2.5   0.0   0.2  12.1  41.8  10:31a     W
17  17.1  20.4   1:57p  15.6  12:11a   1.5   0.2   1.0  10.7  41.8   5:05p   WSW
18  15.8  15.8  10:00a  15.8  10:00a   2.5   0.0   0.0   8.0   6.4  10:00a    SW
19  15.8  15.8  10:00a  15.8  10:00a   2.5   0.0   0.0   8.0   6.4  10:00a    SW
20  15.8  15.8  10:00a  15.8  10:00a   2.5   0.0   0.0   8.0   6.4  10:00a    SW
21  19.3  26.3   9:46p  15.8  10:00a   1.2   2.2   0.0   5.1  16.1  10:04p    SW
22  25.2  35.1   3:27p  20.5   5:58a   0.0   6.9   0.0   6.4  33.8   3:27p   WSW
23  22.8  28.4   4:22p  18.1   6:33a   0.0   4.5   1.6   2.3  22.5  12:19p     W
24  22.7  30.4   5:08p  18.1   2:13a   0.0   4.4   0.0   8.7  33.8  12:34p   WSW
25  22.2  31.8   3:15p  18.0   5:24a   0.0   4.0   0.0  12.8  41.8   5:53p   WSW
26  17.4  21.8   1:36p  12.5   6:38a   1.8   0.8   0.0  13.1  40.2   4:45p    SW
27  20.7  29.3   4:43p  15.3   6:21a   0.8   3.2   0.0   7.6  37.0   4:53p    SW
28  27.6  36.9   4:58p  19.5   5:51a   0.0   9.3   0.0   3.5  29.0   9:36a   NNW
29  29.4  37.5   2:40p  23.4   5:45a   0.0  11.1   0.0   6.3  46.7   7:02p    NE
30  24.4  35.4  12:37p  17.7   9:34a   0.0   6.1   9.6   8.5  53.1   7:47p   WSW
----------------------------------------------------------------------------------
    20.4  37.5    29     6.3     3    47.0 111.3  48.0   7.5  61.2     6      SW

Max >=  27.0: 15
Max <=   0.0:  0
Min <=   0.0:  0
Min <= -18.0:  0
Max Rain: 33.0 on day 15
Days of Rain: 6 (>= 0.2 mm)  3 (>= 2.0 mm)  1 (>= 20.0 mm)
Heat Base: 18.3  Cool Base: 18.3  Method: Integration

The information provided herein is for informational purposes only and is not guaranteed to be accurate in any way. Do not make any life threatening decisions either directly or indirectly based on the information herein, no responsibility is accepted for any injuries, accidents or other incidents whether fatal or non-fatal, as a direct or indirect result of actions taken based upon the information herein.
Please refer to the Australian Government Bureau of Meteorology for the official weather and forecast.





page updated 23/09/2019 9:00:05 AM
powered by  cumulus v1.9.4 (1099)
cumulus software support forum
maintained by  Ankara Youth Camp

Flag Counter