WEATHER (Reports)

Walker Flat, South Australia    

home    gauges    today/yesterday    observations    reports    graphs    status
cam    month/year    monthly records   data   extremes   links   android   about

 

NOAA Style Reports Select the month or click ∨/∧ for other years data
Select a Year or Month report
V/Λ2019 > Jan Feb Mar Apr May Jun Jul Aug Sep Oct Nov Dec
V/Λ2018 > Jan Feb Mar Apr May Jun Jul Aug Sep Oct Nov Dec
V/Λ2017 > Jan Feb Mar Apr May Jun Jul Aug Sep Oct Nov Dec
V/Λ2016 > Jan Feb Mar Apr May Jun Jul Aug Sep Oct Nov Dec
V/Λ2015 > Jan Feb Mar Apr May Jun Jul Aug Sep Oct Nov Dec
V/Λ2014 > Jan Feb Mar Apr May Jun Jul Aug Sep Oct Nov Dec

Report for 2017 Dec
                   Monthly Climatological Summary for Dec 2017

Name: Walker Flat Weather   City: Walker Flat   State: SA
Elevation: 25 m  Lat: S 34° 45' 23"   Lon: E 139° 34' 12"

                  Temperature (°C), Rain (mm), Wind Speed (km/h)

                                      Heat  Cool        Avg
    Mean                              Deg   Deg         Wind                 Dom
Day Temp  High   Time   Low    Time   Days  Days  Rain  Speed High   Time    Dir
----------------------------------------------------------------------------------
 1  17.0  21.3   3:36p  13.0   4:52a   1.8   0.5   7.2  14.1  46.7   6:27p    SW
 2  16.0  21.1   2:06p  12.3   3:56a   2.7   0.4   0.2  14.5  57.9   2:34p    SW
 3  15.5  20.1   4:23p  11.7   4:31a   2.9   0.2   0.0  12.3  48.3   4:57p    SW
 4  16.6  21.7   4:27p  11.2   6:28a   2.4   0.7   0.0  11.1  41.8   5:37p    SW
 5  17.4  22.8   2:40p  13.3   6:03a   1.9   1.1   0.0   9.3  37.0   5:03p    SW
 6  17.7  26.3   3:34p  11.0   6:10a   2.6   2.1   0.6   7.4  37.0  12:07p    SW
 7  14.4  21.2   2:31p  10.3   5:46a   4.0   0.1   2.0   7.6  53.1   3:15p   WSW
 8  16.3  21.6   3:37p  10.8   5:51a   2.7   0.7   0.0   6.7  37.0   6:17p    SW
 9  19.3  27.3   3:36p  12.0   5:15a   1.7   2.7   0.0   5.9  35.4   4:44p    SW
10  20.5  30.8   4:52p  12.8   6:24a   1.5   3.7   0.0   7.0  35.4   6:04p    SW
11  21.0  30.7   4:19p  13.5   6:06a   1.3   4.0   0.2   6.4  37.0   6:24p    SW
12  28.2  37.8   6:38p  17.7   6:06a   0.0   9.9   0.0   3.5  48.3   9:57a    NE
13  26.9  39.7   1:02p  19.1   4:19a   0.0   8.6   0.0  11.4  56.3  12:58p   WSW
14  18.8  25.0   5:21p  13.1   6:23a   1.4   1.9   0.0   8.2  37.0  11:58a    SW
15  20.8  30.8   4:06p  13.1   6:11a   1.1   3.5   0.0   6.4  40.2   5:00p    SW
16  22.0  30.7   5:26p  14.7   6:20a   0.8   4.5   0.0   6.2  32.2   7:06p    SW
17  28.6  33.9   5:40p  23.8   4:08a   0.0  10.3   0.0   2.5  25.7   9:19a    NE
18  30.8  37.0   3:08p  22.9   3:19a   0.0  12.5   1.4   6.0  51.5  12:59a   NNW
19  23.4  30.9   3:06p  15.1   6:32a   0.4   5.5   0.0   8.9  49.9   7:01p     W
20  18.4  24.6   1:29p  12.2   6:21a   1.7   1.8   0.0  10.4  49.9   4:08p    SW
21  20.1  28.9   4:56p  12.9   5:37a   1.3   3.1   0.0   5.8  32.2   8:27p    SW
22  24.1  34.9   4:23p  15.9   6:36a   0.5   6.3   0.0   6.7  37.0   4:52p     W
23  25.2  38.4   3:48p  15.9   6:56a   0.3   7.2   0.0  13.3  46.7  11:06p    SW
24  18.4  25.0   2:35p  11.8   6:37a   1.9   1.9   0.0  13.2  43.5   4:11p    SW
25  21.3  30.2   5:16p  13.9   6:42a   0.8   3.8   0.0   7.2  37.0   6:38p   SSW
26  25.5  33.6   5:30p  16.2   6:03a   0.2   7.4   0.0   3.1  27.4   9:41a   SSW
27  28.5  40.8   2:41p  22.4   6:53a   0.0  10.2   0.0   8.4  51.5   5:13p   WSW
28  22.1  28.7   3:31p  17.5   6:06a   0.1   4.0   0.2   7.5  30.6   9:59a    SW
29  20.1  26.8   3:44p  13.6   6:09a   1.0   2.8   0.0   6.8  37.0   9:19a   WSW
30  18.0  24.5   3:54p  11.1   6:36a   2.2   1.9   0.0   8.4  37.0   2:55p    SW
31  20.7  28.8   4:11p  16.1   1:48a   0.5   2.9   0.0   6.9  35.4   6:57p    SW
----------------------------------------------------------------------------------
    21.1  40.8    27    10.3     7    39.7 126.2  11.8   8.2  57.9     2      SW

Max >=  27.0: 18
Max <=   0.0:  0
Min <=   0.0:  0
Min <= -18.0:  0
Max Rain: 7.2 on day 1
Days of Rain: 7 (>= 0.2 mm)  2 (>= 2.0 mm)  0 (>= 20.0 mm)
Heat Base: 18.3  Cool Base: 18.3  Method: Integration

The information provided herein is for informational purposes only and is not guaranteed to be accurate in any way. Do not make any life threatening decisions either directly or indirectly based on the information herein, no responsibility is accepted for any injuries, accidents or other incidents whether fatal or non-fatal, as a direct or indirect result of actions taken based upon the information herein.
Please refer to the Australian Government Bureau of Meteorology for the official weather and forecast.





page updated 23/09/2019 9:00:05 AM
powered by  cumulus v1.9.4 (1099)
cumulus software support forum
maintained by  Ankara Youth Camp

Flag Counter