WEATHER (Reports)

Walker Flat, South Australia    

home    gauges    today/yesterday    observations    reports    graphs    status
cam    month/year    monthly records   data   extremes   links   android   about

 

NOAA Style Reports Select the month or click ∨/∧ for other years data
Select a Year or Month report
V/Λ2019 > Jan Feb Mar Apr May Jun Jul Aug Sep Oct Nov Dec
V/Λ2018 > Jan Feb Mar Apr May Jun Jul Aug Sep Oct Nov Dec
V/Λ2017 > Jan Feb Mar Apr May Jun Jul Aug Sep Oct Nov Dec
V/Λ2016 > Jan Feb Mar Apr May Jun Jul Aug Sep Oct Nov Dec
V/Λ2015 > Jan Feb Mar Apr May Jun Jul Aug Sep Oct Nov Dec
V/Λ2014 > Jan Feb Mar Apr May Jun Jul Aug Sep Oct Nov Dec

Report for 2018
                   Annual Climatological Summary for 2018

Name: Walker Flat Weather   City: Walker Flat   State: SA
Elevation: 25 m  Lat: S 34° 45' 23"   Lon: E 139° 34' 12"

                  Temperature (°C), Heat Base: 18.3  Cool Base: 18.3
                          Dep.  Heat  Cool                       Max  Max  Min  Min
        Mean  Mean        From  Deg   Deg                        >=   <=   <=   <=
 YR MO  Max   Min   Mean  Norm  Days  Days  Hi  Date  Low  Date 27.0  0.0  0.0 -18.0
------------------------------------------------------------------------------------
 18  1  31.6  17.1  23.5   0.6    13   174  44.8  19  12.0   13   23    0    0    0
 18  2  31.6  18.5  24.2   0.5    12   178  41.3   7   9.9   25   21    0    0    0
 18  3  27.0  14.2  19.9   0.1    31    68  35.9  24   8.7   20    9    0    0    0
 18  4  28.3  14.9  21.0   3.1    54   134  37.8  10   7.5   17   15    0    0    0
 18  5  18.6   9.5  13.7  -0.1   149     7  26.1   2   4.9   31    0    0    0    0
 18  6  15.8   5.8  10.4  -1.0   236     0  21.3  11   0.7   27    0    0    0    0
 18  7  17.1   7.0  11.7   0.8   206     1  22.6   5   0.7    1    0    0    0    0
 18  8  17.6   7.1  12.2   0.9   195     5  22.3   2   2.1   27    0    0    0    0
 18  9  20.0   6.3  12.9  -0.6   177    14  27.7  14   2.7    3    1    0    0    0
 18 10  25.2  11.3  17.8   0.8    80    64  34.9  31   5.9    4   11    0    0    0
 18 11  25.3  12.5  18.3  -0.8    67    70  35.2  19   7.9    7   10    0    0    0
 18 12  30.9  16.0  22.5   1.4    24   152  43.3  27  11.4   22   22    0    0    0
------------------------------------------------------------------------------------
        24.1  11.7  17.3   0.5  1249   870  44.8 Jan   0.7  Jun  112    0    0    0

                                Precipitation (mm)

              Dep.   Max        Days of Rain
              From   Obs.           >=
 YR MO Total  Norm   Day Date  0.2  2.0 20.0
---------------------------------------------
 18  1   6.6   5.0   3.4  29     6    1    0
 18  2  12.2  11.9   5.6   2     4    3    0
 18  3   0.4  -0.5   0.2  16     2    0    0
 18  4   2.6   2.0   1.0  15     7    0    0
 18  5  31.0  29.5  11.4   3    14    4    0
 18  6  18.4  16.2   5.0  16    19    2    0
 18  7   8.0   7.2   2.6  19    13    1    0
 18  8  30.0  27.5   8.4   2    14    6    0
 18  9   2.2   0.8   1.0  19     6    0    0
 18 10   5.8   5.5   2.8   9     5    2    0
 18 11  25.4  24.7   8.6   4    11    5    0
 18 12  22.8  21.8  11.8  13     9    3    0
---------------------------------------------
       165.4 151.6  11.8  Dec  110   27    0

                                Wind Speed (km/h)
                          Dom
 YR MO   Avg.  Hi   Date  Dir
------------------------------
 18  1   9.3  57.9    6    SW
 18  2   7.2  49.9   23    SW
 18  3   6.8  54.7   25   WSW
 18  4   3.2  46.7   23   WSW
 18  5   4.5  72.4   10     W
 18  6   3.0  49.9   16   NNW
 18  7   4.8  72.4   17    NW
 18  8   5.0  64.4   30   NNW
 18  9   3.7  70.8   15     W
 18 10   5.8  72.4   14   WSW
 18 11   6.6  59.5   22   WSW
 18 12   8.5  69.2   13   SSW
------------------------------
         5.7  72.4  May   WSW

The information provided herein is for informational purposes only and is not guaranteed to be accurate in any way. Do not make any life threatening decisions either directly or indirectly based on the information herein, no responsibility is accepted for any injuries, accidents or other incidents whether fatal or non-fatal, as a direct or indirect result of actions taken based upon the information herein.
Please refer to the Australian Government Bureau of Meteorology for the official weather and forecast.





page updated 23/09/2019 9:00:05 AM
powered by  cumulus v1.9.4 (1099)
cumulus software support forum
maintained by  Ankara Youth Camp

Flag Counter