WEATHER (Reports)

Walker Flat, South Australia    

home    gauges    today/yesterday    observations    reports    graphs    status
cam    month/year    monthly records   data   extremes   links   android   about

 

NOAA Style Reports Select the month or click ∨/∧ for other years data
Select a Year or Month report
V/Λ2019 > Jan Feb Mar Apr May Jun Jul Aug Sep Oct Nov Dec
V/Λ2018 > Jan Feb Mar Apr May Jun Jul Aug Sep Oct Nov Dec
V/Λ2017 > Jan Feb Mar Apr May Jun Jul Aug Sep Oct Nov Dec
V/Λ2016 > Jan Feb Mar Apr May Jun Jul Aug Sep Oct Nov Dec
V/Λ2015 > Jan Feb Mar Apr May Jun Jul Aug Sep Oct Nov Dec
V/Λ2014 > Jan Feb Mar Apr May Jun Jul Aug Sep Oct Nov Dec

Report for 2018 Jan
                   Monthly Climatological Summary for Jan 2018

Name: Walker Flat Weather   City: Walker Flat   State: SA
Elevation: 25 m  Lat: S 34° 45' 23"   Lon: E 139° 34' 12"

                  Temperature (°C), Rain (mm), Wind Speed (km/h)

                                      Heat  Cool        Avg
    Mean                              Deg   Deg         Wind                 Dom
Day Temp  High   Time   Low    Time   Days  Days  Rain  Speed High   Time    Dir
----------------------------------------------------------------------------------
 1  20.4  28.9   3:26p  14.8   5:07a   0.9   3.0   0.2   8.5  38.6   5:19p    SW
 2  19.3  24.0   2:17p  16.4   1:03a   0.6   1.6   0.0  12.8  43.5   2:20p    SW
 3  20.0  27.7   3:50p  13.1   6:31a   1.2   2.9   0.0   6.8  35.4   4:39p    SW
 4  22.9  34.5   4:02p  15.6   6:11a   0.6   5.2   0.0   6.9  45.1   5:42p    SW
 5  29.7  39.8   6:34p  19.8   5:54a   0.0  11.4   0.0   2.3  30.6   9:55a     N
 6  26.4  43.8   3:39p  17.0   6:24a   0.1   8.3   0.0  14.8  57.9   4:01p    SW
 7  20.7  29.1   3:32p  16.2   6:39a   0.4   2.8   0.2  12.7  41.8  10:27p    SW
 8  19.8  28.0   4:08p  12.8   6:04a   1.2   2.7   0.2   9.1  43.5   8:58p    SW
 9  19.2  25.7   2:54p  13.1   6:50a   1.6   2.4   0.0  10.0  43.5   2:57p    SW
10  21.4  27.1   4:52p  15.7   6:07a   0.4   3.5   0.0   2.8  22.5   6:11p   NNE
11  30.1  37.0   3:54p  24.1   9:59a   0.0  11.8   0.0   6.1  37.0   8:01a   NNW
12  19.4  24.5  10:32a  13.8   4:16a   1.2   2.3   1.8   7.6  41.8  11:09a     W
13  17.7  22.9  11:15a  12.0   6:47a   1.7   1.1   0.0  13.0  51.5   4:38p   WSW
14  18.9  26.0   4:18p  14.1   6:22a   1.3   1.9   0.0  10.6  45.1   4:52p    SW
15  21.5  30.1   4:43p  15.7   6:45a   0.4   3.5   0.0   9.9  38.6   5:56p    SW
16  23.9  34.3   6:16p  15.6   6:41a   0.4   6.0   0.0   5.1  30.6   7:42p    SW
17  29.0  38.4   5:05p  17.3   6:06a   0.1  10.8   0.0   3.4  25.7  12:26p   NNE
18  32.6  41.9   5:08p  20.2   6:59a   0.0  14.3   0.0   5.6  33.8  11:00a    NE
19  30.2  44.8   2:26p  19.9   3:32a   0.0  11.9   0.0  10.0  40.2   5:51p   WSW
20  24.6  30.8   5:25p  19.7   6:07a   0.0   6.3   0.0   8.2  37.0   2:38p    SW
21  26.3  38.1   3:25p  19.2   7:15a   0.0   8.0   0.8  10.8  40.2   4:47p    SW
22  20.7  28.1   2:48p  15.3   5:28a   0.7   3.1   0.0  14.2  45.1   3:05p    SW
23  21.3  30.3   3:26p  15.4   6:32a   0.6   3.7   0.0  12.0  43.5   6:01p    SW
24  22.4  31.8   4:18p  17.0   5:50a   0.3   4.4   0.0  12.3  40.2   8:07p    SW
25  24.6  34.9   3:38p  17.8   5:27a   0.1   6.3   0.0  10.3  37.0   5:25p    SW
26  25.4  33.1   4:55p  17.7   7:04a   0.0   7.1   0.0   4.9  30.6   4:53p    SW
27  30.4  38.8   4:33p  21.4   6:20a   0.0  12.1   0.0   2.1  27.4   4:36p   SSW
28  31.2  43.8   2:20p  22.7   4:57a   0.0  12.9   0.0  10.3  56.3   7:26p    SW
29  19.9  24.8  11:36a  19.0   4:43p   0.0   1.6   3.4  16.3  49.9  12:59p    SW
30  19.0  19.0  10:00a  19.0  10:00a   0.0   0.7   0.0  14.5  19.3  10:00a    SW
31  19.0  19.0  10:00a  19.0  10:00a   0.0   0.7   0.0  14.5  19.3  10:00a    SW
----------------------------------------------------------------------------------
    23.5  44.8    19    12.0    13    13.8 174.3   6.6   9.3  57.9     6      SW

Max >=  27.0: 23
Max <=   0.0:  0
Min <=   0.0:  0
Min <= -18.0:  0
Max Rain: 3.4 on day 29
Days of Rain: 6 (>= 0.2 mm)  1 (>= 2.0 mm)  0 (>= 20.0 mm)
Heat Base: 18.3  Cool Base: 18.3  Method: Integration

The information provided herein is for informational purposes only and is not guaranteed to be accurate in any way. Do not make any life threatening decisions either directly or indirectly based on the information herein, no responsibility is accepted for any injuries, accidents or other incidents whether fatal or non-fatal, as a direct or indirect result of actions taken based upon the information herein.
Please refer to the Australian Government Bureau of Meteorology for the official weather and forecast.





page updated 23/09/2019 9:00:05 AM
powered by  cumulus v1.9.4 (1099)
cumulus software support forum
maintained by  Ankara Youth Camp

Flag Counter