WEATHER (Reports)

Walker Flat, South Australia    

home    gauges    today/yesterday    observations    reports    graphs    status
cam    month/year    monthly records   data   extremes   links   android   about

 

NOAA Style Reports Select the month or click ∨/∧ for other years data
Select a Year or Month report
V/Λ2019 > Jan Feb Mar Apr May Jun Jul Aug Sep Oct Nov Dec
V/Λ2018 > Jan Feb Mar Apr May Jun Jul Aug Sep Oct Nov Dec
V/Λ2017 > Jan Feb Mar Apr May Jun Jul Aug Sep Oct Nov Dec
V/Λ2016 > Jan Feb Mar Apr May Jun Jul Aug Sep Oct Nov Dec
V/Λ2015 > Jan Feb Mar Apr May Jun Jul Aug Sep Oct Nov Dec
V/Λ2014 > Jan Feb Mar Apr May Jun Jul Aug Sep Oct Nov Dec

Report for 2018 Feb
                   Monthly Climatological Summary for Feb 2018

Name: Walker Flat Weather   City: Walker Flat   State: SA
Elevation: 25 m  Lat: S 34° 45' 23"   Lon: E 139° 34' 12"

                  Temperature (°C), Rain (mm), Wind Speed (km/h)

                                      Heat  Cool        Avg
    Mean                              Deg   Deg         Wind                 Dom
Day Temp  High   Time   Low    Time   Days  Days  Rain  Speed High   Time    Dir
----------------------------------------------------------------------------------
 1  19.0  19.0  10:00a  19.0  10:00a   0.0   0.7   0.0  14.5  19.3  10:00a    SW
 2  19.1  26.5   6:30p  16.0   7:12a   0.3   1.1   5.6  11.2  38.6   6:56p    SW
 3  23.9  32.3   4:27p  17.5   6:31a   0.1   5.7   0.0   7.1  38.6   6:46p    SW
 4  26.9  36.8   6:51p  19.6   5:28a   0.0   8.6   0.0   4.4  30.6   7:35p   WSW
 5  26.4  37.1   2:37p  18.6   7:07a   0.0   8.1   0.0   8.6  40.2   5:28p    SW
 6  26.4  37.1   3:36p  18.8   6:12a   0.0   8.1   0.0   5.5  38.6   4:16p    SW
 7  29.8  41.3   3:25p  19.9   6:34a   0.0  11.5   0.0   6.3  30.6   4:35p    SW
 8  28.8  40.8   2:02p  20.8   6:13a   0.0  10.5   0.0   7.2  37.0   5:27p    SW
 9  29.6  39.2   4:59p  22.3   5:54a   0.0  11.4   0.0   4.3  29.0   8:36p    SW
10  22.5  34.8   2:19p  14.6   7:16a   0.7   4.9   0.0   9.7  46.7  12:30p    SW
11  18.6  26.5   4:19p  12.1   5:20a   1.9   2.1   0.0   6.5  38.6   6:36p    SW
12  19.4  26.1   4:13p  13.2   5:53a   1.2   2.3   0.0   5.1  27.4   8:43p    SW
13  30.6  32.3   4:53p  20.4  10:00a   0.0  12.3   0.0   5.4  25.7   3:50p   WNW
14  32.0  32.0  10:00a  32.0  10:00a   0.0  13.7   0.0   6.4   3.2  10:00a   WNW
15  32.0  32.0  10:00a  32.0  10:00a   0.0  13.7   0.0   6.4   3.2  10:00a   WNW
16  20.4  32.0  10:00a  12.9   7:24a   1.3   3.4   0.0   5.6  32.2   8:04p    SW
17  21.8  30.4   5:54p  15.4   6:41a   0.6   4.0   0.0   4.5  33.8   6:52p    SW
18  19.8  27.3  12:05p  16.6   7:13a   0.3   1.8   3.2   8.3  41.8  12:24p    SW
19  22.9  30.2   5:22p  17.3   6:02a   0.1   4.7   0.0   6.8  35.4   1:42p   SSW
20  27.0  34.8   5:24p  21.6   4:38a   0.0   8.7   0.0   4.2  32.2   8:46p     S
21  24.7  28.2   3:39p  22.0   6:51a   0.0   6.4   0.0   5.1  30.6   4:46p    SW
22  27.1  31.9   9:55a  22.9   7:38a   0.0   8.8   0.0   6.3  40.2   9:44p    SE
23  27.4  38.8   1:56p  20.1   7:36a   0.0   9.1   3.2   8.5  49.9   1:14p   NNW
24  18.8  22.8   5:12p  16.0   7:16a   0.8   1.3   0.2  11.2  38.6  10:34a    SW
25  16.9  23.9   3:36p   9.9   7:33a   2.6   1.3   0.0  10.2  48.3   2:44p    SW
26  20.0  29.3   4:49p  13.3   6:41a   1.5   3.2   0.0   2.5  17.7   8:36p    SW
27  26.9  35.4   6:11p  18.5   7:15a   0.0   8.6   0.0   7.4  38.6   3:14a   NNW
28  19.6  26.0   2:37p  14.7   7:15a   0.9   2.1   0.0  12.3  45.1   4:43p    SW
----------------------------------------------------------------------------------
    24.2  41.3     7     9.9    25    12.3 178.1  12.2   7.2  49.9    23      SW

Max >=  27.0: 21
Max <=   0.0:  0
Min <=   0.0:  0
Min <= -18.0:  0
Max Rain: 5.6 on day 2
Days of Rain: 4 (>= 0.2 mm)  3 (>= 2.0 mm)  0 (>= 20.0 mm)
Heat Base: 18.3  Cool Base: 18.3  Method: Integration

The information provided herein is for informational purposes only and is not guaranteed to be accurate in any way. Do not make any life threatening decisions either directly or indirectly based on the information herein, no responsibility is accepted for any injuries, accidents or other incidents whether fatal or non-fatal, as a direct or indirect result of actions taken based upon the information herein.
Please refer to the Australian Government Bureau of Meteorology for the official weather and forecast.





page updated 23/09/2019 9:00:05 AM
powered by  cumulus v1.9.4 (1099)
cumulus software support forum
maintained by  Ankara Youth Camp

Flag Counter