WEATHER (Reports)

Walker Flat, South Australia    

home    gauges    today/yesterday    observations    reports    graphs    status
cam    month/year    monthly records   data   extremes   links   android   about

 

NOAA Style Reports Select the month or click ∨/∧ for other years data
Select a Year or Month report
V/Λ2019 > Jan Feb Mar Apr May Jun Jul Aug Sep Oct Nov Dec
V/Λ2018 > Jan Feb Mar Apr May Jun Jul Aug Sep Oct Nov Dec
V/Λ2017 > Jan Feb Mar Apr May Jun Jul Aug Sep Oct Nov Dec
V/Λ2016 > Jan Feb Mar Apr May Jun Jul Aug Sep Oct Nov Dec
V/Λ2015 > Jan Feb Mar Apr May Jun Jul Aug Sep Oct Nov Dec
V/Λ2014 > Jan Feb Mar Apr May Jun Jul Aug Sep Oct Nov Dec

Report for 2018 Mar
                   Monthly Climatological Summary for Mar 2018

Name: Walker Flat Weather   City: Walker Flat   State: SA
Elevation: 25 m  Lat: S 34° 45' 23"   Lon: E 139° 34' 12"

                  Temperature (°C), Rain (mm), Wind Speed (km/h)

                                      Heat  Cool        Avg
    Mean                              Deg   Deg         Wind                 Dom
Day Temp  High   Time   Low    Time   Days  Days  Rain  Speed High   Time    Dir
----------------------------------------------------------------------------------
 1  20.8  28.7   5:30p  16.7   7:01a   0.4   2.9   0.0   6.4  29.0   6:19p    SW
 2  23.1  30.9   5:55p  17.0   7:03a   0.1   4.9   0.0   7.6  29.0   9:53a     W
 3  20.4  26.4   2:58p  15.2   4:35a   0.7   2.8   0.0   9.0  45.1   3:46p    SW
 8  20.5  24.8   9:55a  16.4   7:34a   0.1   0.6   0.0   1.3  24.1  12:36p    SW
11  21.8  34.8   4:29p  12.2   6:20a   2.0   5.9   0.0  13.4  45.1   4:52p    SW
12  17.5  24.3   2:30p  12.3   7:37a   2.1   1.3   0.0  11.1  41.8   3:38p    SW
14  17.3  24.2   3:43p  12.5   7:05a   1.4   0.8   0.0   3.8  38.6   4:09p    SW
15  17.7  23.4   5:18p  12.7   5:23a   1.9   1.3   0.0   4.7  29.0   8:19p    SW
16  19.0  25.8   3:58p  17.0  10:00a   0.5   1.2   0.2   4.6  37.0   3:57p    NE
17  24.6  33.3   4:41p  17.2   7:43a   0.0   6.4   0.0   8.6  46.7   9:52a    NW
18  17.7  23.2   3:54p  12.4   6:11a   2.0   1.4   0.0   7.1  53.1  10:22a     W
19  20.0  25.8   3:56p  15.5   7:39a   0.7   2.4   0.0   8.3  32.2   4:17p   WSW
20  15.9  22.2   4:05p   8.7   7:43a   3.2   0.9   0.0   8.2  37.0   2:44p   SSW
21  18.4  25.1   6:25p  13.8  10:00a   1.5   1.6   0.0   4.1  20.9   1:33p   SSW
22  24.2  31.4   4:33p  17.1   8:14a   0.1   6.0   0.0   6.0  32.2   6:43p    NE
23  24.1  31.7   4:02p  18.8   7:09a   0.0   5.8   0.0   3.9  35.4  12:02p   NNE
24  26.0  35.9   2:56p  19.3   7:58a   0.0   7.7   0.0   9.8  51.5   2:11p   WNW
25  16.8  23.1   3:27p  10.5   7:21a   2.7   1.2   0.0  12.1  54.7   6:29p     W
26  15.2  20.6   4:18p  10.5   4:25a   3.5   0.4   0.0   5.7  33.8  12:44p    SW
27  22.0  28.1   5:56p  15.3  10:00a   0.2   3.8   0.0   6.8  38.6  12:08p   NNE
28  18.9  26.5   3:12p  12.5   4:19a   1.8   2.5   0.0   5.7  32.2   6:25p    SW
29  18.1  26.3   4:38p  12.4   7:43a   2.1   1.9   0.0   2.6  29.0   7:02p    SW
30  17.6  24.9   4:04p  10.8   7:59a   2.5   1.8   0.2   5.1  35.4   4:14p    SW
31  19.2  27.0   4:24p  12.9   6:11a   1.6   2.5   0.0   1.5  17.7  12:58p   WNW
----------------------------------------------------------------------------------
    19.9  35.9    24     8.7    20    31.1  68.0   0.4   6.8  54.7    25     WSW

Max >=  27.0:  9
Max <=   0.0:  0
Min <=   0.0:  0
Min <= -18.0:  0
Max Rain: 0.2 on day 16
Days of Rain: 2 (>= 0.2 mm)  0 (>= 2.0 mm)  0 (>= 20.0 mm)
Heat Base: 18.3  Cool Base: 18.3  Method: Integration

The information provided herein is for informational purposes only and is not guaranteed to be accurate in any way. Do not make any life threatening decisions either directly or indirectly based on the information herein, no responsibility is accepted for any injuries, accidents or other incidents whether fatal or non-fatal, as a direct or indirect result of actions taken based upon the information herein.
Please refer to the Australian Government Bureau of Meteorology for the official weather and forecast.





page updated 23/09/2019 9:00:05 AM
powered by  cumulus v1.9.4 (1099)
cumulus software support forum
maintained by  Ankara Youth Camp

Flag Counter