WEATHER (Reports)

Walker Flat, South Australia    

home    gauges    today/yesterday    observations    reports    graphs    status
cam    month/year    monthly records   data   extremes   links   android   about

 

NOAA Style Reports Select the month or click ∨/∧ for other years data
Select a Year or Month report
V/Λ2019 > Jan Feb Mar Apr May Jun Jul Aug Sep Oct Nov Dec
V/Λ2018 > Jan Feb Mar Apr May Jun Jul Aug Sep Oct Nov Dec
V/Λ2017 > Jan Feb Mar Apr May Jun Jul Aug Sep Oct Nov Dec
V/Λ2016 > Jan Feb Mar Apr May Jun Jul Aug Sep Oct Nov Dec
V/Λ2015 > Jan Feb Mar Apr May Jun Jul Aug Sep Oct Nov Dec
V/Λ2014 > Jan Feb Mar Apr May Jun Jul Aug Sep Oct Nov Dec

Report for 2018 Apr
                   Monthly Climatological Summary for Apr 2018

Name: Walker Flat Weather   City: Walker Flat   State: SA
Elevation: 25 m  Lat: S 34° 45' 23"   Lon: E 139° 34' 12"

                  Temperature (°C), Rain (mm), Wind Speed (km/h)

                                      Heat  Cool        Avg
    Mean                              Deg   Deg         Wind                 Dom
Day Temp  High   Time   Low    Time   Days  Days  Rain  Speed High   Time    Dir
----------------------------------------------------------------------------------
 1  20.8  30.1   2:56p  15.3   6:26a   0.9   3.4   0.4   6.0  32.2   6:48p    SW
 2  17.2  22.2   1:56p  12.4   6:04a   1.9   0.8   0.0   8.2  35.4  12:39p    SW
 3  17.0  24.1   3:12p  10.9   6:44a   2.7   1.4   0.0   6.1  29.0   5:03p    SW
 4  17.8  25.8   3:28p  10.9   7:07a   2.6   2.0   0.0   3.7  24.1   8:55a    SW
 5  16.5  24.4   2:56p  11.2   3:42a   3.0   1.2   0.2   5.2  29.0   6:08p    SW
 6  17.6  24.7   5:26p  11.4   6:23a   2.4   1.6   0.2   2.7  17.7   1:50p   SSW
 7  20.6  28.8   4:22p  13.3   6:32a   1.4   3.7   0.0   3.6  25.7  10:56a    NE
 8  23.6  36.2   1:36p  17.2   7:03a   0.2   5.4   0.0   4.8  41.8   3:43p   WSW
 9  26.2  37.4   2:26p  17.7   7:05a   0.0   7.9   0.0   3.1  38.6   2:46p     N
10  24.5  37.8   2:15p  14.9   7:16a   0.7   7.0   0.2   5.3  35.4  11:47a     W
11  33.6  34.6  12:12p  20.1   9:00a   0.0  15.3   0.0   0.0   0.0   9:00a   ---
12  34.6  34.6   9:00a  34.6   9:00a   0.0  16.3   0.0   0.0   0.0   9:00a   ---
13  34.6  34.6   9:00a  34.6   9:00a   0.0  16.3   0.0   0.0   0.0   9:00a   ---
14  34.6  34.6   9:00a  34.6   9:00a   0.0  16.3   0.0   0.0   0.0   9:00a   ---
15  19.7  34.6   9:00a  14.8   5:16a   0.8   2.2   1.0   4.9  40.2   1:24p   WNW
16  17.6  23.0  12:55p  12.6   6:49a   1.9   1.2   0.0   8.6  32.2  12:29p    SW
17  14.3  20.2   3:08p   7.5   5:58a   4.3   0.3   0.0   2.8  22.5   9:32a    SE
18  17.7  24.4   4:21p  11.9   7:30a   2.3   1.7   0.0   3.6  22.5  11:33a    NE
19  21.4  30.8   2:50p  13.3   6:32a   1.2   4.3   0.0   2.0  25.7   1:24p     W
20  23.7  31.5   1:07p  18.2   6:22a   0.0   5.4   0.0   2.5  43.5   6:57a     E
21  20.9  30.3   2:03p  14.6   7:12a   1.3   3.9   0.0   4.3  33.8   5:39p    SW
22  20.1  30.5   3:09p  12.7   6:19a   1.8   3.6   0.0   0.0  11.3   8:50a   WSW
23  24.1  33.2   1:10p  16.5   9:00a   0.0   5.8   0.0   2.9  46.7  12:55p   NNW
24  18.9  26.1  10:12a  12.4   6:50a   1.9   2.5   0.0   3.1  29.0  11:15a     W
25  17.0  24.3   3:13p  11.1   7:33a   2.7   1.4   0.0   2.0  20.9   5:24p     W
26  15.0  21.8   2:13p   8.8   7:19a   4.0   0.7   0.0   3.1  33.8   2:28p    SW
27  14.9  22.8   3:13p   8.7   6:12a   4.2   0.8   0.0   0.8  16.1  12:16p   WNW
28  15.5  22.6   2:31p   9.4   6:58a   3.7   0.8   0.4   3.3  25.7   5:30p    SW
29  14.7  21.8   3:02p   8.4   6:55a   4.3   0.6   0.0   3.9  24.1   2:43p    SW
30  14.8  22.7   2:25p   7.6   7:03a   4.4   0.9   0.2   1.1  12.9   7:58p   ENE
----------------------------------------------------------------------------------
    21.0  37.8    10     7.5    17    54.6 134.7   2.6   3.2  46.7    23     WSW

Max >=  27.0: 15
Max <=   0.0:  0
Min <=   0.0:  0
Min <= -18.0:  0
Max Rain: 1.0 on day 15
Days of Rain: 7 (>= 0.2 mm)  0 (>= 2.0 mm)  0 (>= 20.0 mm)
Heat Base: 18.3  Cool Base: 18.3  Method: Integration

The information provided herein is for informational purposes only and is not guaranteed to be accurate in any way. Do not make any life threatening decisions either directly or indirectly based on the information herein, no responsibility is accepted for any injuries, accidents or other incidents whether fatal or non-fatal, as a direct or indirect result of actions taken based upon the information herein.
Please refer to the Australian Government Bureau of Meteorology for the official weather and forecast.





page updated 23/09/2019 9:00:05 AM
powered by  cumulus v1.9.4 (1099)
cumulus software support forum
maintained by  Ankara Youth Camp

Flag Counter