WEATHER (Reports)

Walker Flat, South Australia    

home    gauges    today/yesterday    observations    reports    graphs    status
cam    month/year    monthly records   data   extremes   links   android   about

 

NOAA Style Reports Select the month or click ∨/∧ for other years data
Select a Year or Month report
V/Λ2019 > Jan Feb Mar Apr May Jun Jul Aug Sep Oct Nov Dec
V/Λ2018 > Jan Feb Mar Apr May Jun Jul Aug Sep Oct Nov Dec
V/Λ2017 > Jan Feb Mar Apr May Jun Jul Aug Sep Oct Nov Dec
V/Λ2016 > Jan Feb Mar Apr May Jun Jul Aug Sep Oct Nov Dec
V/Λ2015 > Jan Feb Mar Apr May Jun Jul Aug Sep Oct Nov Dec
V/Λ2014 > Jan Feb Mar Apr May Jun Jul Aug Sep Oct Nov Dec

Report for 2018 May
                   Monthly Climatological Summary for May 2018

Name: Walker Flat Weather   City: Walker Flat   State: SA
Elevation: 25 m  Lat: S 34° 45' 23"   Lon: E 139° 34' 12"

                  Temperature (°C), Rain (mm), Wind Speed (km/h)

                                      Heat  Cool        Avg
    Mean                              Deg   Deg         Wind                 Dom
Day Temp  High   Time   Low    Time   Days  Days  Rain  Speed High   Time    Dir
----------------------------------------------------------------------------------
 1  16.6  22.3   3:08p   9.7   7:32a   2.7   1.0   0.0   0.1  19.3   2:22a   NNE
 2  19.7  26.1   3:11p  14.6   9:00a   0.9   2.3   2.8   5.7  30.6   2:27p    NE
 3  13.1  16.9  12:11p   9.4   5:21a   5.2   0.0  11.4   4.8  59.5   1:09a     N
 4  13.2  19.1   2:32p   8.8   7:19a   5.1   0.0   0.0   4.4  33.8   1:36p     W
 5  14.3  21.4   3:07p   8.7   6:37a   4.5   0.5   0.4   0.8  20.9   3:10p   WNW
 6  15.6  21.2   2:21p  10.8   9:00a   3.3   0.6   0.0   5.9  29.0   2:23p    NE
 7  15.3  21.3   3:49p  10.3   1:56a   3.4   0.4   0.0   3.3  33.8   3:51p     N
 8  13.1  19.6   3:02p   8.0   6:20a   5.3   0.1   0.2   1.0  12.9  10:21a   ENE
 9  14.3  19.3   2:18p   9.3   6:45a   4.0   0.0   1.4   5.7  46.7   9:56p     W
10  10.6  14.6  10:08a   8.2   6:16a   7.7   0.0   5.0  13.4  72.4  10:52a   WSW
11  12.3  16.4   1:22p   9.0   7:09a   6.0   0.0   0.0  10.3  48.3   2:11p    SW
12  13.8  17.4   1:55p  10.6   8:11a   4.5   0.0   0.0  11.5  38.6   3:40p    SW
13  11.7  17.2   2:58p   7.6   3:33a   6.6   0.0   0.2   4.2  27.4   4:26p    SW
14  12.8  15.9   1:54p   9.8   9:00a   5.5   0.0   0.0   2.7  22.5   4:56p    SW
15  12.3  18.0  12:02p   5.6   6:54a   6.0   0.0   0.0   4.9  35.4   3:21p   SSW
16  12.7  16.2   2:39p   8.4   9:00a   5.6   0.0   0.0   2.5  29.0   3:36p   SSW
17  13.0  15.8  12:46p  10.4   3:15a   5.3   0.0   0.0   3.4  27.4   1:00p   WSW
18  13.2  19.1  11:43a   8.2   3:14a   5.1   0.0   0.8   1.6  22.5  12:36p   WSW
19  12.3  17.8   2:56p   7.7   2:03a   6.0   0.0   0.2   2.0  20.9   3:09p    SW
20  14.6  16.7   1:14p  12.9  12:57a   3.7   0.0   0.0   5.6  29.0  11:17a   WSW
21  15.6  17.5  12:42p  14.1   1:51a   2.7   0.0   0.0   8.7  32.2   9:19a     W
22  14.7  17.4   3:11p  13.0   6:42a   3.6   0.0   0.0   4.9  35.4  11:01a   WSW
23  14.4  17.2   1:08p  12.9   6:40a   3.9   0.0   0.0   2.9  25.7   2:21p    SW
24  11.2  15.6   2:52p   6.0   7:35a   7.1   0.0   0.0   2.4  17.7   2:21p     S
25  11.5  18.7   3:14p   7.4   6:10a   6.8   0.0   0.0   2.0  19.3  11:43a   NNE
26  15.7  19.5   3:35p   9.1   9:00a   2.7   0.1   0.0   5.4  30.6   3:28a    NE
27  16.4  22.3   1:03p  12.4   4:51a   2.5   0.7   1.6   3.5  25.7   8:24a   NNE
28  17.1  24.6   3:31p  10.5   7:50a   2.5   1.3   5.8   5.9  35.4   8:17p   NNW
29  10.9  16.1  10:36a   7.5   5:02a   7.4   0.0   0.8   5.3  51.5  12:35p     W
30  12.3  17.7   2:37p   8.7   7:04a   6.0   0.0   0.2   3.6  32.2   3:14p     W
31  10.3  17.7   3:28p   4.9   6:55a   8.0   0.0   0.2   0.1  16.1   5:05a    NE
----------------------------------------------------------------------------------
    13.7  26.1     2     4.9    31   149.6   7.0  31.0   4.5  72.4    10       W

Max >=  27.0:  0
Max <=   0.0:  0
Min <=   0.0:  0
Min <= -18.0:  0
Max Rain: 11.4 on day 3
Days of Rain: 14 (>= 0.2 mm)  4 (>= 2.0 mm)  0 (>= 20.0 mm)
Heat Base: 18.3  Cool Base: 18.3  Method: Integration

The information provided herein is for informational purposes only and is not guaranteed to be accurate in any way. Do not make any life threatening decisions either directly or indirectly based on the information herein, no responsibility is accepted for any injuries, accidents or other incidents whether fatal or non-fatal, as a direct or indirect result of actions taken based upon the information herein.
Please refer to the Australian Government Bureau of Meteorology for the official weather and forecast.





page updated 23/09/2019 9:00:05 AM
powered by  cumulus v1.9.4 (1099)
cumulus software support forum
maintained by  Ankara Youth Camp

Flag Counter