WEATHER (Reports)

Walker Flat, South Australia    

home    gauges    today/yesterday    observations    reports    graphs    status
cam    month/year    monthly records   data   extremes   links   android   about

 

NOAA Style Reports Select the month or click ∨/∧ for other years data
Select a Year or Month report
V/Λ2019 > Jan Feb Mar Apr May Jun Jul Aug Sep Oct Nov Dec
V/Λ2018 > Jan Feb Mar Apr May Jun Jul Aug Sep Oct Nov Dec
V/Λ2017 > Jan Feb Mar Apr May Jun Jul Aug Sep Oct Nov Dec
V/Λ2016 > Jan Feb Mar Apr May Jun Jul Aug Sep Oct Nov Dec
V/Λ2015 > Jan Feb Mar Apr May Jun Jul Aug Sep Oct Nov Dec
V/Λ2014 > Jan Feb Mar Apr May Jun Jul Aug Sep Oct Nov Dec

Report for 2018 Jun
                   Monthly Climatological Summary for Jun 2018

Name: Walker Flat Weather   City: Walker Flat   State: SA
Elevation: 25 m  Lat: S 34° 45' 23"   Lon: E 139° 34' 12"

                  Temperature (°C), Rain (mm), Wind Speed (km/h)

                                      Heat  Cool        Avg
    Mean                              Deg   Deg         Wind                 Dom
Day Temp  High   Time   Low    Time   Days  Days  Rain  Speed High   Time    Dir
----------------------------------------------------------------------------------
 1   9.5  16.2   2:09p   4.1   6:31a   8.8   0.0   0.0   2.5  24.1   9:46a    NE
 2   9.1  18.1   2:47p   3.6   4:51a   9.2   0.0   0.0   0.0   3.2  10:40p   ---
 3  13.7  19.7   2:07p   5.8   9:00a   4.8   0.1   0.4   0.5  11.3   7:46p   SSW
 4  12.4  18.2   2:11p   6.9   7:41a   5.9   0.0   0.0   0.2  11.3  12:55a   WSW
 5   9.2  15.9   3:06p   2.7   7:43a   9.1   0.0   0.4   0.0  12.9   8:28p   SSE
 6  12.5  17.7   2:48p   4.7   9:00a   5.8   0.0   0.0   4.7  38.6   2:34p    NE
 7  15.0  19.7   3:53p  11.2   9:00a   3.4   0.1   0.8   7.7  45.1   4:01p   NNE
 8  12.3  13.5   3:43p  10.8   5:33a   6.0   0.0   4.6   1.8  17.7  11:52a    NE
 9  13.3  16.8   1:57p  11.6   9:00a   5.0   0.0   0.2   0.1   9.7   9:40p     E
10  13.7  16.9   2:56p  11.6   9:25p   4.6   0.0   0.4   5.6  25.7   2:42p    NE
11  15.3  21.3   3:21p  12.5   2:57a   3.2   0.2   1.4   7.2  37.0   4:49p     N
12  11.9  15.4   1:35p   8.9  11:13p   6.4   0.0   0.0   5.3  35.4   1:43p    NW
13  11.5  15.4   1:28p   9.5   4:25a   6.8   0.0   1.6   4.6  35.4   1:36p    NW
14  12.8  16.7   2:09p   9.5   5:22a   5.5   0.0   1.0   7.5  46.7   6:21p    NW
15  11.9  15.8   3:05p   7.8   7:39a   6.4   0.0   0.2   6.6  43.5   1:28p     W
16   9.3  13.4   1:58p   6.7  11:30p   9.0   0.0   5.0  11.2  49.9   1:59p     W
17   9.5  13.5  12:43p   5.7   7:43a   8.8   0.0   0.6   7.0  40.2  12:30p   WSW
18  10.4  12.9   2:00p   6.6   8:06a   7.9   0.0   0.0   0.8  17.7   8:15a   ENE
19   8.8  12.7   1:57p   5.6   7:31a   9.5   0.0   0.0   4.9  29.0  10:35a    NE
20   7.5  14.2   3:32p   2.3   8:00a  10.8   0.0   0.2   1.4  19.3   1:03p    NE
21   8.4  16.9   4:00p   2.2   6:34a   9.9   0.0   0.2   0.0   3.2   9:04a   ---
22   7.3  15.9   2:52p   1.9   6:42a  11.0   0.0   0.0   0.0   0.0   9:00a   ---
23  11.2  17.6   3:32p   3.3   9:00a   7.0   0.0   0.2   0.2   9.7   8:59a   SSW
24   9.3  13.5   3:51p   6.4  11:56p   9.0   0.0   0.2   0.8  16.1   3:01p    SW
25   6.6  12.5   2:29p   0.9   7:20a  11.7   0.0   0.0   1.0  17.7   2:55p     S
26   7.8  12.2  12:57p   2.0   9:00a  10.5   0.0   0.0   0.4  14.5   1:42p     S
27   7.0  13.8   3:06p   0.7   7:44a  11.3   0.0   0.2   0.0   4.8   7:32a    SE
28   8.4  14.2   3:09p   2.4   9:00a   9.9   0.0   0.0   0.8  17.7   4:51a   NNE
29   9.8  17.2   1:27p   5.7   7:41a   8.5   0.0   0.6   3.5  38.6   1:56p   NNW
30   7.8  15.6   2:51p   1.6   7:55a  10.5   0.0   0.2   3.4  30.6   1:24p   WSW
----------------------------------------------------------------------------------
    10.4  21.3    11     0.7    27   236.2   0.4  18.4   3.0  49.9    16     NNW

Max >=  27.0:  0
Max <=   0.0:  0
Min <=   0.0:  0
Min <= -18.0:  0
Max Rain: 5.0 on day 16
Days of Rain: 19 (>= 0.2 mm)  2 (>= 2.0 mm)  0 (>= 20.0 mm)
Heat Base: 18.3  Cool Base: 18.3  Method: Integration

The information provided herein is for informational purposes only and is not guaranteed to be accurate in any way. Do not make any life threatening decisions either directly or indirectly based on the information herein, no responsibility is accepted for any injuries, accidents or other incidents whether fatal or non-fatal, as a direct or indirect result of actions taken based upon the information herein.
Please refer to the Australian Government Bureau of Meteorology for the official weather and forecast.





page updated 23/09/2019 9:00:05 AM
powered by  cumulus v1.9.4 (1099)
cumulus software support forum
maintained by  Ankara Youth Camp

Flag Counter