WEATHER (Reports)

Walker Flat, South Australia    

home    gauges    today/yesterday    observations    reports    graphs    status
cam    month/year    monthly records   data   extremes   links   android   about

 

NOAA Style Reports Select the month or click ∨/∧ for other years data
Select a Year or Month report
V/Λ2019 > Jan Feb Mar Apr May Jun Jul Aug Sep Oct Nov Dec
V/Λ2018 > Jan Feb Mar Apr May Jun Jul Aug Sep Oct Nov Dec
V/Λ2017 > Jan Feb Mar Apr May Jun Jul Aug Sep Oct Nov Dec
V/Λ2016 > Jan Feb Mar Apr May Jun Jul Aug Sep Oct Nov Dec
V/Λ2015 > Jan Feb Mar Apr May Jun Jul Aug Sep Oct Nov Dec
V/Λ2014 > Jan Feb Mar Apr May Jun Jul Aug Sep Oct Nov Dec

Report for 2018 Aug
                   Monthly Climatological Summary for Aug 2018

Name: Walker Flat Weather   City: Walker Flat   State: SA
Elevation: 25 m  Lat: S 34° 45' 23"   Lon: E 139° 34' 12"

                  Temperature (°C), Rain (mm), Wind Speed (km/h)

                                      Heat  Cool        Avg
    Mean                              Deg   Deg         Wind                 Dom
Day Temp  High   Time   Low    Time   Days  Days  Rain  Speed High   Time    Dir
----------------------------------------------------------------------------------
 1  11.5  18.6   3:13p   4.9   6:12a   6.8   0.0   0.0   0.9  22.5   8:40a    NE
 2  16.4  22.3   2:30p   8.9   9:00a   2.9   1.1   8.4   9.6  59.5  12:11p   NNE
 3  11.3  14.4   1:45p   9.1   7:01a   7.0   0.0   2.0   5.9  40.2   3:00p   NNW
 4  14.3  18.6   1:16p   9.7   6:56a   4.0   0.0   0.0  10.9  49.9  12:48p   NNE
 5  12.4  19.8  12:26p   8.1   8:13a   5.9   0.0   1.0  10.4  61.2  10:23a   NNW
 6   8.9  13.2   3:16p   6.2   1:42a   9.4   0.0   3.6   4.6  40.2  12:41p   WNW
 7  12.5  14.6   1:18p   9.8   9:00a   5.8   0.0   0.4   5.5  43.5  10:33p   NNW
 8  12.0  16.8   1:52p   7.2   6:42a   6.3   0.0   0.0   4.5  35.4  11:24a   WNW
 9  15.1  20.1   4:22p   9.9   9:00a   3.4   0.2   0.0   9.4  35.4  11:46a   NNE
10  13.3  21.1   1:48p   7.0   6:32a   5.5   0.5   3.6   6.0  51.5  10:54a    NW
11   7.2  12.7   3:38p   3.9   2:06a  11.1   0.0   3.6   5.2  53.1  12:27p     W
12  11.4  15.4   1:21p   7.3   2:39a   6.9   0.0   0.0   4.3  32.2   3:19p     W
13  10.4  16.1   2:34p   5.8   5:45a   7.9   0.0   0.2   1.7  20.9   8:17a   WNW
14  16.6  21.1   3:00p   9.9   9:00a   2.0   0.3   0.0   7.2  48.3   2:06a   NNW
15  11.2  18.3  11:35a   6.4   6:38a   7.1   0.0   1.0   4.8  46.7  12:45p   WNW
16  10.2  15.2   2:32p   5.7   7:30a   8.1   0.0   0.2   2.7  29.0  11:54a   WNW
17  13.1  17.6   2:21p   7.6   7:14a   5.2   0.0   1.0   5.9  37.0   2:51p    NW
18  10.4  14.7  12:58p   6.8   7:02a   7.9   0.0   0.0  12.0  51.5  12:49p     W
19   9.6  14.0   1:01p   5.1   6:21a   8.7   0.0   0.0   6.7  41.8  10:14a   WSW
20  10.9  13.2   1:55p   8.4   9:00a   7.4   0.0   0.0   1.5  20.9   1:59p   WNW
21   8.8  15.4   3:20p   2.5   7:20a   9.5   0.0   0.2   1.0  24.1   2:03p     W
22  12.3  20.3   3:45p   5.8   6:30a   6.3   0.3   0.0   2.4  27.4  10:15a    NE
23  14.3  21.3   2:00p   8.4   7:07a   4.4   0.4   0.0   2.2  29.0  12:08p   ESE
24  12.8  20.1   2:45p   5.4   4:36a   5.8   0.3   0.0   1.9  30.6  10:16a   SSE
25  11.5  19.8   2:34p   3.4   6:50a   7.0   0.2   0.0   0.3  19.3   3:34p   SSW
26  12.4  19.3   1:56p   8.3  11:06p   6.0   0.1   0.0   1.7  29.0   4:53p   SSW
27   9.4  15.6   2:53p   2.1   6:37a   8.9   0.0   0.0   1.3  22.5   9:16a    SE
28  11.1  17.5   3:05p   6.8   1:11a   7.2   0.0   0.0   2.5  27.4   8:53a    NE
29  20.3  21.1  12:38p  11.7   9:00a   0.3   2.3   0.0  13.9  41.8   7:40a    NE
30  13.3  20.0  12:07p   9.3   6:21a   5.2   0.1   3.8   5.2  64.4   1:49p   NNE
31  12.6  17.6   3:13p   9.2   6:50a   5.7   0.0   1.0   3.6  37.0   3:48p     W
----------------------------------------------------------------------------------
    12.2  22.3     2     2.1    27   195.6   5.8  30.0   5.0  64.4    30     NNW

Max >=  27.0:  0
Max <=   0.0:  0
Min <=   0.0:  0
Min <= -18.0:  0
Max Rain: 8.4 on day 2
Days of Rain: 14 (>= 0.2 mm)  6 (>= 2.0 mm)  0 (>= 20.0 mm)
Heat Base: 18.3  Cool Base: 18.3  Method: Integration

The information provided herein is for informational purposes only and is not guaranteed to be accurate in any way. Do not make any life threatening decisions either directly or indirectly based on the information herein, no responsibility is accepted for any injuries, accidents or other incidents whether fatal or non-fatal, as a direct or indirect result of actions taken based upon the information herein.
Please refer to the Australian Government Bureau of Meteorology for the official weather and forecast.





page updated 23/09/2019 9:00:05 AM
powered by  cumulus v1.9.4 (1099)
cumulus software support forum
maintained by  Ankara Youth Camp

Flag Counter