WEATHER (Reports)

Walker Flat, South Australia    

home    gauges    today/yesterday    observations    reports    graphs    status
cam    month/year    monthly records   data   extremes   links   android   about

 

NOAA Style Reports Select the month or click ∨/∧ for other years data
Select a Year or Month report
V/Λ2019 > Jan Feb Mar Apr May Jun Jul Aug Sep Oct Nov Dec
V/Λ2018 > Jan Feb Mar Apr May Jun Jul Aug Sep Oct Nov Dec
V/Λ2017 > Jan Feb Mar Apr May Jun Jul Aug Sep Oct Nov Dec
V/Λ2016 > Jan Feb Mar Apr May Jun Jul Aug Sep Oct Nov Dec
V/Λ2015 > Jan Feb Mar Apr May Jun Jul Aug Sep Oct Nov Dec
V/Λ2014 > Jan Feb Mar Apr May Jun Jul Aug Sep Oct Nov Dec

Report for 2018 Oct
                   Monthly Climatological Summary for Oct 2018

Name: Walker Flat Weather   City: Walker Flat   State: SA
Elevation: 25 m  Lat: S 34° 45' 23"   Lon: E 139° 34' 12"

                  Temperature (°C), Rain (mm), Wind Speed (km/h)

                                      Heat  Cool        Avg
    Mean                              Deg   Deg         Wind                 Dom
Day Temp  High   Time   Low    Time   Days  Days  Rain  Speed High   Time    Dir
----------------------------------------------------------------------------------
 1  19.8  25.2   4:10p  12.7   6:29a   0.8   2.3   0.0   1.7  30.6  11:55a   NNE
 2  22.8  32.6   2:26p  14.3   5:29a   0.8   5.3   0.0   6.4  40.2  10:51a   WNW
 3  14.0  20.3   3:51p   8.7   5:21a   4.4   0.1   0.2  14.3  46.7   5:15p    SW
 4  11.9  17.6   1:54p   5.9   5:50a   6.4   0.0   0.0  10.2  53.1   2:38p    SW
 5  14.6  22.2   5:02p   9.6   2:47a   4.4   0.7   0.0   3.8  24.1   6:35p   SSW
 6  18.1  24.3   2:20p  12.7   9:00a   1.7   1.5   0.0   0.0   0.0   9:00a   ---
 7  22.4  28.4   5:01p  13.4   5:36a   0.7   4.0   0.0   0.4  45.1   9:27a   NNE
 8  19.8  26.3   3:20p  14.8   6:33a   1.1   2.5   0.2   8.4  53.1   3:10p     N
 9  13.9  18.3   3:23p   9.4   6:44a   4.3   0.0   2.8  14.4  41.8   4:25a    SW
10  13.8  19.6   4:33p   8.1   7:02a   4.0   0.1   0.0   8.0  33.8   1:23p   SSW
11  16.2  23.7   4:10p  11.0   5:20a   3.1   1.1   0.0   2.5  24.1   4:21p   SSW
12  19.1  24.2   4:11p  12.2   6:01a   1.3   2.1   0.0   2.2  29.0   1:19p   ENE
13  22.7  28.4   3:24p  18.9   5:01a   0.0   4.4   0.0   5.1  40.2   9:03a    NE
14  23.2  28.6   1:55p  18.5   8:29a   0.0   4.9   2.4   8.1  72.4   5:06a    NE
15  20.1  29.7   2:22p  14.6   5:34a   0.9   2.7   0.2   7.0  56.3  12:12p   NNE
16  16.1  20.1   2:04p  12.4   3:59a   2.5   0.2   0.0   7.5  45.1   1:04p   WNW
17  15.4  18.7   4:09p  12.5   7:01a   2.9   0.0   0.0   6.8  30.6   4:29p     W
18  17.6  26.0   4:50p  11.4   5:34a   2.3   1.6   0.0   1.7  22.5   5:47p    NW
19  19.0  30.5   5:17p  11.5   7:15a   2.3   3.0   0.0  12.9  51.5   6:09p   WNW
20  13.7  19.7   3:23p   6.6   6:34a   4.8   0.2   0.0   7.1  41.8  12:08p    SW
21  18.1  25.6   4:46p  10.7   5:25a   2.2   2.1   0.0   1.1  20.9   9:30a   NNE
22  21.0  33.2   3:33p  11.9   7:06a   1.7   4.4   0.0   9.0  43.5   4:10p   WSW
23  13.9  19.9   2:36p   6.9   6:53a   4.7   0.2   0.0   9.3  38.6  11:56a    SW
24  14.9  22.1   6:12p   7.5   6:24a   4.1   0.7   0.0   1.0  24.1   1:30p   ESE
25  16.6  29.6   2:28p   8.8   6:42a   3.8   2.1   0.0   8.8  45.1   4:15p    SW
26  15.7  23.9   4:19p   8.9   6:35a   3.7   1.1   0.0   3.9  35.4   5:22p    SW
27  17.5  25.5   3:59p  12.1   5:47a   2.4   1.6   0.0   7.6  35.4   3:13p    SW
28  15.0  24.2   4:07p   7.8   6:55a   4.2   0.9   0.0   5.7  33.8   4:48p    SW
29  16.6  27.0   6:19p   8.8   6:48a   3.5   1.8   0.0   1.7  38.6   6:48p    SW
30  20.5  31.1   4:16p  10.7   6:06a   1.9   4.1   0.0   2.6  41.8   5:54p    SW
31  26.7  34.9   4:23p  17.8   6:13a   0.0   8.4   0.0   0.4  30.6   6:30a   ENE
----------------------------------------------------------------------------------
    17.8  34.9    31     5.9     4    80.9  64.1   5.8   5.8  72.4    14     WSW

Max >=  27.0: 11
Max <=   0.0:  0
Min <=   0.0:  0
Min <= -18.0:  0
Max Rain: 2.8 on day 9
Days of Rain: 5 (>= 0.2 mm)  2 (>= 2.0 mm)  0 (>= 20.0 mm)
Heat Base: 18.3  Cool Base: 18.3  Method: Integration

The information provided herein is for informational purposes only and is not guaranteed to be accurate in any way. Do not make any life threatening decisions either directly or indirectly based on the information herein, no responsibility is accepted for any injuries, accidents or other incidents whether fatal or non-fatal, as a direct or indirect result of actions taken based upon the information herein.
Please refer to the Australian Government Bureau of Meteorology for the official weather and forecast.





page updated 23/09/2019 9:00:05 AM
powered by  cumulus v1.9.4 (1099)
cumulus software support forum
maintained by  Ankara Youth Camp

Flag Counter