WEATHER (Reports)

Walker Flat, South Australia    

home    gauges    today/yesterday    observations    reports    graphs    status
cam    month/year    monthly records   data   extremes   links   android   about

 

NOAA Style Reports Select the month or click ∨/∧ for other years data
Select a Year or Month report
V/Λ2019 > Jan Feb Mar Apr May Jun Jul Aug Sep Oct Nov Dec
V/Λ2018 > Jan Feb Mar Apr May Jun Jul Aug Sep Oct Nov Dec
V/Λ2017 > Jan Feb Mar Apr May Jun Jul Aug Sep Oct Nov Dec
V/Λ2016 > Jan Feb Mar Apr May Jun Jul Aug Sep Oct Nov Dec
V/Λ2015 > Jan Feb Mar Apr May Jun Jul Aug Sep Oct Nov Dec
V/Λ2014 > Jan Feb Mar Apr May Jun Jul Aug Sep Oct Nov Dec

Report for 2018 Nov
                   Monthly Climatological Summary for Nov 2018

Name: Walker Flat Weather   City: Walker Flat   State: SA
Elevation: 25 m  Lat: S 34° 45' 23"   Lon: E 139° 34' 12"

                  Temperature (°C), Rain (mm), Wind Speed (km/h)

                                      Heat  Cool        Avg
    Mean                              Deg   Deg         Wind                 Dom
Day Temp  High   Time   Low    Time   Days  Days  Rain  Speed High   Time    Dir
----------------------------------------------------------------------------------
 1  27.0  33.0  12:17p  20.1   7:14a   0.0   8.7   1.0   4.3  56.3  12:27p     N
 2  21.0  30.0  12:09p  13.9   1:21a   1.1   3.8   0.0  10.6  49.9  12:37p     W
 3  17.4  26.2   4:05p  11.1   5:18a   2.6   1.6   0.0   4.9  37.0   5:15p    SW
 4  21.5  30.3   3:27p  17.3  10:04p   0.2   3.5   8.6   3.6  30.6   9:45a     N
 5  21.9  28.8   2:33p  16.0   6:23a   0.4   4.0   2.6   5.6  29.0   1:01p     W
 6  16.1  22.1   3:27p  10.0   5:42a   2.9   0.8   0.0   9.7  38.6   1:05p     W
 7  12.7  17.7  12:58p   7.9   5:46a   5.6   0.0   0.2   8.7  53.1   1:44p   WSW
 8  15.2  21.6   4:12p   8.5   6:12a   3.7   0.5   0.0   3.4  29.0   3:24p     W
 9  18.0  25.4   4:18p   9.4   6:30a   2.6   2.3   0.0   3.3  40.2   3:42p   WSW
10  18.9  28.1   5:56p  10.1   6:33a   2.1   2.7   0.0   0.0   8.0   1:37a    SW
11  23.2  32.1   4:54p  15.8   5:21a   0.5   5.4   0.0   1.1  25.7  11:03a    NE
12  24.9  33.3   2:49p  19.2   5:49a   0.0   6.5   0.0   5.0  45.1   7:30p   NNE
13  19.4  25.4   1:50p  15.8   3:50a   1.0   2.0   0.0   8.5  35.4   3:54p    SW
14  17.8  24.1   1:18p  11.4   6:20a   2.1   1.6   0.0   8.5  40.2   5:16p    SW
15  16.6  24.3   4:42p  10.4   6:12a   2.9   1.2   0.0   5.5  35.4   6:21p    SW
16  16.5  24.4   2:24p   9.6   6:28a   3.3   1.5   0.0   9.9  46.7   6:50p    SW
17  18.2  26.5   5:06p  11.3   6:19a   1.9   1.8   0.0   5.0  38.6   3:59p    SW
18  22.9  31.2   4:52p  12.7   5:53a   0.9   5.1   0.0   0.5  25.7   1:07p   NNE
19  26.9  35.2   4:07p  17.2   9:44a   0.1   8.7   0.0   8.3  49.9   8:07p   WNW
20  15.7  20.4   6:21p  12.0   4:10a   2.8   0.2   4.2   5.9  41.8   9:54a     W
21  13.1  18.8   3:10p   9.7  11:00p   5.2   0.0   4.2  16.6  56.3   2:27p   WNW
22  13.5  18.1   3:04p  10.6   4:18a   4.8   0.0   1.0  15.7  59.5  11:10a   WSW
23  12.0  18.3   1:53p   8.2   5:25a   4.2   0.0   0.2   4.6  43.5  10:52a   WSW
24  16.0  21.3   3:12p  12.8  12:09a   2.8   0.5   2.2   2.1  27.4   7:29p    SW
25  16.2  22.5   2:51p  11.2   4:47a   3.0   0.9   0.0   8.4  41.8   3:34p    SW
26  18.2  25.7   4:49p  13.9   3:39a   1.7   1.6   0.6   5.7  40.2   6:19p   WSW
27  15.9  18.6   5:31p  13.4   2:14a   2.4   0.0   0.6  12.1  46.7   7:58p    SW
28  15.8  21.2   1:59p  11.1   4:38a   2.8   0.3   0.0  10.8  46.7   2:40p    SW
29  17.0  25.1   5:22p   9.7   5:21a   2.8   1.6   0.0   4.2  37.0   6:36p    SW
30  20.6  28.0   9:59a  13.9   5:39a   1.0   3.3   0.0   3.5  38.6   9:35a   SSW
----------------------------------------------------------------------------------
    18.3  35.2    19     7.9     7    67.4  70.1  25.4   6.6  59.5    22     WSW

Max >=  27.0: 10
Max <=   0.0:  0
Min <=   0.0:  0
Min <= -18.0:  0
Max Rain: 8.6 on day 4
Days of Rain: 11 (>= 0.2 mm)  5 (>= 2.0 mm)  0 (>= 20.0 mm)
Heat Base: 18.3  Cool Base: 18.3  Method: Integration

The information provided herein is for informational purposes only and is not guaranteed to be accurate in any way. Do not make any life threatening decisions either directly or indirectly based on the information herein, no responsibility is accepted for any injuries, accidents or other incidents whether fatal or non-fatal, as a direct or indirect result of actions taken based upon the information herein.
Please refer to the Australian Government Bureau of Meteorology for the official weather and forecast.





page updated 23/09/2019 9:00:05 AM
powered by  cumulus v1.9.4 (1099)
cumulus software support forum
maintained by  Ankara Youth Camp

Flag Counter