WEATHER (Reports)

Walker Flat, South Australia    

home    gauges    today/yesterday    observations    reports    graphs    status
cam    month/year    monthly records   data   extremes   links   android   about

 

NOAA Style Reports Select the month or click ∨/∧ for other years data
Select a Year or Month report
V/Λ2020 > Jan Feb Mar Apr May Jun Jul Aug Sep Oct Nov Dec
V/Λ2019 > Jan Feb Mar Apr May Jun Jul Aug Sep Oct Nov Dec
V/Λ2018 > Jan Feb Mar Apr May Jun Jul Aug Sep Oct Nov Dec
V/Λ2017 > Jan Feb Mar Apr May Jun Jul Aug Sep Oct Nov Dec
V/Λ2016 > Jan Feb Mar Apr May Jun Jul Aug Sep Oct Nov Dec
V/Λ2015 > Jan Feb Mar Apr May Jun Jul Aug Sep Oct Nov Dec
V/Λ2014 > Jan Feb Mar Apr May Jun Jul Aug Sep Oct Nov Dec

Report for 2019
                   Annual Climatological Summary for 2019

Name: Walker Flat Weather   City: Walker Flat   State: SA
Elevation: 25 m  Lat: S 34° 45' 23"   Lon: E 139° 34' 12"

                  Temperature (°C), Heat Base: 18.3  Cool Base: 18.3
                          Dep.  Heat  Cool                       Max  Max  Min  Min
        Mean  Mean        From  Deg   Deg                        >=   <=   <=   <=
 YR MO  Max   Min   Mean  Norm  Days  Days  Hi  Date  Low  Date 27.0  0.0  0.0 -18.0
------------------------------------------------------------------------------------
 19  1  33.8  17.3  24.5   1.6    13   205  45.6  24  12.0    9   27    0    0    0
 19  2  30.3  15.7  22.2  -1.5    20   125  41.7   3  10.1   13   20    0    0    0
 19  3  28.6  14.7  20.7   0.9    35   105  39.1   1   8.8   29   19    0    0    0
 19  4  24.7  13.0  18.7   0.8    64    75  35.2  16   6.4   11    8    0    0    0
 19  5  18.6   9.6  13.6  -0.2   156    10  27.6  23   6.4   16    1    0    0    0
 19  6  16.1   6.1  10.8  -0.6   226     1  22.8  28   0.5   23    0    0    0    0
 19  7  16.0   7.3  11.4   0.5   220     0  21.4   6   4.2    8    0    0    0    0
 19  8  15.6   6.2  10.6  -0.7   263     2  23.2  31   2.0   29    0    0    0    0
 19  9  20.2   7.9  13.8   0.3   157    22  29.3  19   1.7   17    2    0    0    0
 19 10  25.2  11.3  17.9   0.9    90    77  37.4  24   6.1    8   10    0    0    0
 19 11  24.4  13.6  18.3  -0.8    65    66  37.8  20   7.0   26    8    0    0    0
 19 12  30.1  15.7  22.4   1.3    31   136  45.8  20   9.8    6   16    0    0    0
------------------------------------------------------------------------------------
        23.6  11.5  17.1   0.2  1345   830  45.8 Dec   0.5  Jun  111    0    0    0

                                Precipitation (mm)

              Dep.   Max        Days of Rain
              From   Obs.           >=
 YR MO Total  Norm   Day Date  0.2  2.0 20.0
---------------------------------------------
 19  1   0.0  -1.6   0.0   0     0    0    0
 19  2   6.4   6.1   5.4   6     4    1    0
 19  3   3.0   2.1   1.6   3     6    0    0
 19  4   6.4   5.8   3.2  21     5    2    0
 19  5  36.0  34.5  15.0   9    19    3    0
 19  6  38.4  36.2  28.4  11    16    2    1
 19  7  14.4  13.6   4.0   6    18    2    0
 19  8  17.2  14.7   3.8   9    16    5    0
 19  9  27.2  25.8   8.2  20    11    4    0
 19 10   2.8   2.5   1.2  15     4    0    0
 19 11   6.8   6.1   2.4  29     5    3    0
 19 12   1.6   0.6   1.6  20     1    0    0
---------------------------------------------
       160.2 146.4  28.4  Jun  105   22    1

                                Wind Speed (km/h)
                          Dom
 YR MO   Avg.  Hi   Date  Dir
------------------------------
 19  1   7.3  57.9   12     S
 19  2   5.7  57.9    3     S
 19  3   5.2  51.5    5     S
 19  4   3.5  48.3   20     S
 19  5   2.2  66.0   29     S
 19  6   1.7  51.5    2     S
 19  7   2.2  59.5   12     S
 19  8   4.1  64.4    8   SSW
 19  9   5.5  67.6    6     W
 19 10   6.5  56.3   25   SSW
 19 11   9.8  57.9    6     S
 19 12   9.6  57.9   20     S
------------------------------
         5.3  67.6  Sep   SSW

The information provided herein is for informational purposes only and is not guaranteed to be accurate in any way. Do not make any life threatening decisions either directly or indirectly based on the information herein, no responsibility is accepted for any injuries, accidents or other incidents whether fatal or non-fatal, as a direct or indirect result of actions taken based upon the information herein.
Please refer to the Australian Government Bureau of Meteorology for the official weather and forecast.





page updated 2/04/2020 9:00:01 AM
powered by  cumulus v1.9.4 (1099)
cumulus software support forum
maintained by  Ankara Youth Camp

Flag Counter