WEATHER (Reports)

Walker Flat, South Australia    

home    gauges    today/yesterday    observations    reports    graphs    status
cam    month/year    monthly records   data   extremes   links   android   about

 

NOAA Style Reports Select the month or click ∨/∧ for other years data
Select a Year or Month report
V/Λ2019 > Jan Feb Mar Apr May Jun Jul Aug Sep Oct Nov Dec
V/Λ2018 > Jan Feb Mar Apr May Jun Jul Aug Sep Oct Nov Dec
V/Λ2017 > Jan Feb Mar Apr May Jun Jul Aug Sep Oct Nov Dec
V/Λ2016 > Jan Feb Mar Apr May Jun Jul Aug Sep Oct Nov Dec
V/Λ2015 > Jan Feb Mar Apr May Jun Jul Aug Sep Oct Nov Dec
V/Λ2014 > Jan Feb Mar Apr May Jun Jul Aug Sep Oct Nov Dec

Report for 2019 Jan
                   Monthly Climatological Summary for Jan 2019

Name: Walker Flat Weather   City: Walker Flat   State: SA
Elevation: 25 m  Lat: S 34° 45' 23"   Lon: E 139° 34' 12"

                  Temperature (°C), Rain (mm), Wind Speed (km/h)

                                      Heat  Cool        Avg
    Mean                              Deg   Deg         Wind                 Dom
Day Temp  High   Time   Low    Time   Days  Days  Rain  Speed High   Time    Dir
----------------------------------------------------------------------------------
 1  22.5  31.9   3:48p  15.8   6:15a   0.5   4.7   0.0  11.7  46.7   6:33p     S
 2  23.1  32.8   5:27p  15.8   6:15a   0.4   5.1   0.0   7.5  38.6   7:22p     S
 3  31.5  40.7   6:26p  22.2   5:56a   0.0  13.2   0.0   0.0   0.0  10:00a   ---
 4  20.9  29.9  10:00a  16.9   6:16a   0.2   2.8   0.0  15.0  51.5   4:55p     S
 5  18.7  25.3   2:39p  12.7   5:35a   1.6   2.0   0.0   9.8  53.1  12:24p     S
 6  19.7  27.7   3:49p  13.8   6:09a   1.3   2.7   0.0   9.2  45.1   6:04p     S
 7  20.8  29.2   4:17p  15.4   4:19a   0.7   3.2   0.0   8.4  29.0   5:38p     S
 8  20.4  28.0   1:47p  14.7   6:47a   0.8   2.9   0.0  11.8  43.5   5:44p     S
 9  18.0  24.8   3:20p  12.0   6:08a   2.1   1.8   0.0  10.5  40.2   6:24p     S
10  21.7  30.4   6:56p  14.1   6:09a   0.9   4.3   0.0   2.8  22.5   2:59p     S
11  28.9  38.8   4:03p  20.1   6:28a   0.0  10.6   0.0   6.9  37.0   9:26a     S
12  20.9  29.2   1:35p  13.3   6:42a   1.1   3.7   0.0  16.3  57.9   5:30p     S
13  23.3  32.8   3:34p  16.5   6:16a   0.2   5.2   0.0   7.7  38.6   6:05p     S
14  29.7  41.6   5:27p  19.5   7:11a   0.0  11.4   0.0   3.4  41.8   6:19p     S
15  29.9  40.2   5:42p  18.7   6:37a   0.0  11.6   0.0   5.0  48.3   1:33p     S
16  30.1  38.9   2:12p  23.7   1:00a   0.0  11.8   0.0   3.0  33.8   7:16p     S
17  29.7  40.7   4:22p  23.8   3:23a   0.0  11.4   0.0   3.6  48.3   5:42p     S
18  19.8  24.7  10:00a  15.5   6:52a   0.5   2.0   0.0   6.1  43.5   7:28p     S
19  20.8  28.1   3:41p  15.5   6:26a   0.6   3.2   0.0   7.2  43.5   6:05p     S
20  23.7  33.4   4:41p  17.7   6:50a   0.1   5.5   0.0   9.3  45.1   4:55p     S
21  27.0  38.6   4:36p  19.2   6:32a   0.0   8.7   0.0   4.1  40.2   6:52p     S
22  29.7  41.7   4:19p  20.6   6:32a   0.0  11.4   0.0   6.2  41.8   4:28p     S
23  30.0  39.9   5:32p  19.8   6:37a   0.0  11.7   0.0   4.1  35.4   9:48a     S
24  35.7  45.6   5:23p  24.3   7:30a   0.0  17.4   0.0   7.0  37.0   2:09a     S
25  24.4  34.3   1:21p  19.8   7:06a   0.0   6.1   0.0   9.4  38.6   2:26p     S
26  22.7  32.1   3:48p  17.2   7:13a   0.1   4.5   0.0   8.4  46.7   4:27p     S
27  21.0  28.4   3:38p  14.4   6:16a   0.7   3.4   0.0   5.8  33.8   8:12p     S
28  23.9  34.5   6:59p  16.6   6:53a   0.2   5.8   0.0   2.6  32.2   9:03p     S
29  25.6  36.6   4:45p  17.2   6:20a   0.1   7.4   0.0   3.1  37.0   7:09p     S
30  26.5  40.8   3:01p  17.1   6:10a   0.1   8.3   0.0  10.7  48.3   7:02p     S
31  18.7  24.9   3:38p  12.3   6:58a   1.7   2.1   0.0   8.7  45.1   6:14p     S
----------------------------------------------------------------------------------
    24.5  45.6    24    12.0     9    13.9 205.9   0.0   7.3  57.9    12       S

Max >=  27.0: 27
Max <=   0.0:  0
Min <=   0.0:  0
Min <= -18.0:  0
Max Rain: 0.0 on day 0
Days of Rain: 0 (>= 0.2 mm)  0 (>= 2.0 mm)  0 (>= 20.0 mm)
Heat Base: 18.3  Cool Base: 18.3  Method: Integration

The information provided herein is for informational purposes only and is not guaranteed to be accurate in any way. Do not make any life threatening decisions either directly or indirectly based on the information herein, no responsibility is accepted for any injuries, accidents or other incidents whether fatal or non-fatal, as a direct or indirect result of actions taken based upon the information herein.
Please refer to the Australian Government Bureau of Meteorology for the official weather and forecast.





page updated 23/09/2019 9:00:05 AM
powered by  cumulus v1.9.4 (1099)
cumulus software support forum
maintained by  Ankara Youth Camp

Flag Counter