WEATHER (Reports)

Walker Flat, South Australia    

home    gauges    today/yesterday    observations    reports    graphs    status
cam    month/year    monthly records   data   extremes   links   android   about

 

NOAA Style Reports Select the month or click ∨/∧ for other years data
Select a Year or Month report
V/Λ2019 > Jan Feb Mar Apr May Jun Jul Aug Sep Oct Nov Dec
V/Λ2018 > Jan Feb Mar Apr May Jun Jul Aug Sep Oct Nov Dec
V/Λ2017 > Jan Feb Mar Apr May Jun Jul Aug Sep Oct Nov Dec
V/Λ2016 > Jan Feb Mar Apr May Jun Jul Aug Sep Oct Nov Dec
V/Λ2015 > Jan Feb Mar Apr May Jun Jul Aug Sep Oct Nov Dec
V/Λ2014 > Jan Feb Mar Apr May Jun Jul Aug Sep Oct Nov Dec

Report for 2019 Mar
                   Monthly Climatological Summary for Mar 2019

Name: Walker Flat Weather   City: Walker Flat   State: SA
Elevation: 25 m  Lat: S 34° 45' 23"   Lon: E 139° 34' 12"

                  Temperature (°C), Rain (mm), Wind Speed (km/h)

                                      Heat  Cool        Avg
    Mean                              Deg   Deg         Wind                 Dom
Day Temp  High   Time   Low    Time   Days  Days  Rain  Speed High   Time    Dir
----------------------------------------------------------------------------------
 1  28.5  39.1   4:28p  20.4   7:20a   0.0  10.2   0.0   2.7  30.6   5:22p     S
 2  28.8  39.1   4:08p  18.2   6:54a   0.0  10.5   0.0   5.7  33.8  12:45p     S
 3  22.7  33.8   2:10p  16.7   7:15a   0.2   4.6   1.6   9.8  38.6   7:04p     S
 4  22.0  33.5   5:23p  16.3   7:16a   0.4   4.0   0.0   7.1  33.8   5:42p     S
 5  20.2  29.1   3:15p  14.0   6:53a   1.4   3.3   0.6  11.8  51.5   9:04p     S
 6  14.7  20.3   3:37p   9.3   7:09a   3.7   0.2   0.0   7.8  45.1  10:34a     S
 7  19.2  24.3   6:08p  13.3   7:19a   0.9   1.8   0.0   2.4  25.7   1:57p     S
 8  22.9  30.3  12:39p  18.0   1:49a   0.0   4.6   0.0   4.1  35.4   1:07p     S
 9  21.9  32.7   3:09p  15.6   5:40a   0.6   4.1   0.0   3.6  30.6   5:27p     S
10  23.4  28.7   1:48p  17.0   7:05a   0.1   4.6   0.0   2.7  38.6   1:47p     S
11  21.3  27.2   2:24p  17.8   7:28a   0.0   3.0   0.0   6.3  40.2   9:48a     S
13  16.5  22.3   2:56p   9.7   6:51a   2.8   1.0   0.0   0.5  40.2  12:18p     S
14  19.1  27.7   3:43p  12.7   7:11a   1.7   2.5   0.0   4.5  37.0   6:51p     S
15  19.0  26.4   4:02p  12.8   7:34a   1.6   2.3   0.0   4.3  32.2   6:21p     S
16  22.1  30.8   4:24p  16.2   5:29a   0.6   4.4   0.0   4.0  27.4   7:50p     S
17  21.4  32.1   2:48p  16.0   6:52a   0.6   3.7   0.0   8.6  38.6   7:05p     S
18  22.1  32.3   4:04p  16.9   4:37a   0.4   4.2   0.2   6.8  33.8   5:37p     S
19  22.5  33.2   3:36p  16.6   5:49a   0.4   4.5   0.2   4.5  32.2   6:18p     S
20  23.1  33.2   4:43p  16.2   7:43a   0.3   5.0   0.2   7.4  32.2   6:09p     S
21  20.6  27.5   3:59p  16.3   7:33a   0.4   2.6   0.0   9.0  33.8   7:55p     S
22  25.6  34.2   4:46p  19.8  10:00a   0.0   6.9   0.0   2.3  24.1   9:16p     S
24  21.9  29.4   1:27p  14.1   9:29a   0.9   7.8   0.0   5.0  41.8   2:36p     S
25  15.5  20.5   2:25p  11.2   7:58a   3.1   0.3   0.0   6.3  45.1  10:50a     S
26  16.2  21.9   4:43p  10.6   7:43a   2.9   0.8   0.0   1.6  29.0   4:46p     S
27  18.6  25.8   3:56p  11.4   7:30a   2.0   2.3   0.0   0.0   9.7  11:48p   ---
28  22.9  31.0   4:12p  16.3   3:43a   0.2   4.8   0.0   0.0   0.0  10:00a   ---
29  14.9  24.4  11:21a   8.8   6:02a   4.5   1.0   0.2   8.3  45.1   4:32p     S
30  15.1  18.1   3:47p  12.3   2:10a   3.2   0.0   0.0   6.7  40.2  10:11a     S
31  16.7  21.8   3:35p  12.6   2:40a   2.3   0.7   0.0   5.8  37.0   1:46p     S
----------------------------------------------------------------------------------
    20.7  39.1     1     8.8    29    35.2 105.7   3.0   5.2  51.5     5       S

Max >=  27.0: 19
Max <=   0.0:  0
Min <=   0.0:  0
Min <= -18.0:  0
Max Rain: 1.6 on day 3
Days of Rain: 6 (>= 0.2 mm)  0 (>= 2.0 mm)  0 (>= 20.0 mm)
Heat Base: 18.3  Cool Base: 18.3  Method: Integration

The information provided herein is for informational purposes only and is not guaranteed to be accurate in any way. Do not make any life threatening decisions either directly or indirectly based on the information herein, no responsibility is accepted for any injuries, accidents or other incidents whether fatal or non-fatal, as a direct or indirect result of actions taken based upon the information herein.
Please refer to the Australian Government Bureau of Meteorology for the official weather and forecast.





page updated 23/09/2019 9:00:05 AM
powered by  cumulus v1.9.4 (1099)
cumulus software support forum
maintained by  Ankara Youth Camp

Flag Counter