WEATHER (Reports)

Walker Flat, South Australia    

home    gauges    today/yesterday    observations    reports    graphs    status
cam    month/year    monthly records   data   extremes   links   android   about

 

NOAA Style Reports Select the month or click ∨/∧ for other years data
Select a Year or Month report
V/Λ2019 > Jan Feb Mar Apr May Jun Jul Aug Sep Oct Nov Dec
V/Λ2018 > Jan Feb Mar Apr May Jun Jul Aug Sep Oct Nov Dec
V/Λ2017 > Jan Feb Mar Apr May Jun Jul Aug Sep Oct Nov Dec
V/Λ2016 > Jan Feb Mar Apr May Jun Jul Aug Sep Oct Nov Dec
V/Λ2015 > Jan Feb Mar Apr May Jun Jul Aug Sep Oct Nov Dec
V/Λ2014 > Jan Feb Mar Apr May Jun Jul Aug Sep Oct Nov Dec

Report for 2019 May
                   Monthly Climatological Summary for May 2019

Name: Walker Flat Weather   City: Walker Flat   State: SA
Elevation: 25 m  Lat: S 34° 45' 23"   Lon: E 139° 34' 12"

                  Temperature (°C), Rain (mm), Wind Speed (km/h)

                                      Heat  Cool        Avg
    Mean                              Deg   Deg         Wind                 Dom
Day Temp  High   Time   Low    Time   Days  Days  Rain  Speed High   Time    Dir
----------------------------------------------------------------------------------
 1  16.1  20.4   2:05p  11.1   7:14a   2.7   0.5   0.2   5.4  35.4   1:37p     S
 2  14.1  20.3   3:06p   9.4   3:35a   4.4   0.2   0.0   2.4  38.6  10:23a     S
 3  15.2  20.6   2:00p  11.8   6:28a   3.4   0.3   0.2   3.4  35.4  11:59a     S
 4  11.9  11.9   9:00a  11.9   9:00a   6.4   0.0   0.0   0.0   0.0   9:00a   ---
 5  11.9  11.9   9:00a  11.9   9:00a   6.4   0.0   0.0   0.0   0.0   9:00a   ---
 6  11.9  11.9   9:00a  11.9   9:00a   6.4   0.0   0.0   0.0   0.0   9:00a   ---
 7  10.9  12.4  10:53p   8.2   5:24a   7.4   0.0   0.8   0.1  22.5  11:21p     S
 8  14.7  17.3  12:54p  12.2  11:55p   3.6   0.0   0.0   2.8  32.2   8:49a     S
 9   9.9  16.0   9:32a   7.4   5:13a   8.4   0.0  15.0   2.6  49.9  10:18a     S
10  11.1  14.6   2:52p   8.6   9:48p   7.2   0.0   0.2   4.2  48.3   1:37p     S
11  14.8  18.1   1:48p  12.1   9:00a   3.5   0.0   0.8   1.4  24.1  10:51a     S
12  14.0  17.4   3:08p   8.4   7:03a   4.3   0.0   0.0   0.2  17.7   8:29a     S
13  13.0  20.9   3:27p   7.2   7:26a   5.7   0.3   0.0   1.7  30.6  10:22a     S
14  13.9  21.9   4:26p   8.6   4:34a   5.0   0.6   0.2   0.0   1.6   2:21a   ---
15  13.1  21.1   3:38p   7.5   7:20a   5.5   0.3   0.2   0.0   3.2  10:53p   ---
16  12.4  20.1   3:16p   6.4   7:11a   6.1   0.2   0.2   0.0   1.6   9:53a   ---
17  12.4  20.6   3:13p   6.4   5:18a   6.1   0.3   0.0   1.3  24.1  11:33a     S
18  17.3  22.8   4:31p   8.9   9:00a   2.0   1.0   1.0   1.2  22.5   5:13a     S
19  17.0  22.9  11:52a  10.9   7:43a   2.1   0.9  10.8   3.4  35.4  10:01a     S
20  14.6  20.8   3:33p   9.8   7:36a   4.1   0.4   0.2   1.3  24.1   2:38p     S
21  13.7  22.5   1:52p   7.8   6:23a   5.3   0.7   0.2   1.2  17.7  12:18p     S
22  14.9  23.8   3:32p   9.7   9:00a   4.2   0.8   0.0   0.1   9.7  11:31p     S
23  18.7  27.6   3:15p  11.6   9:00a   1.2   1.6   0.2   3.3  33.8   8:18a     S
24  17.4  26.4  12:47p  11.1   5:33a   3.0   2.1   0.2   3.5  53.1   1:13p     S
25  13.0  19.6  12:21p   9.1   7:51a   5.3   0.0   1.0   1.8  33.8  12:20p     S
26  12.8  15.7   2:30p   9.5   3:50a   5.5   0.0   2.6   4.1  33.8   7:21p     S
27  12.0  14.9   2:45p   9.8   5:12a   6.3   0.0   0.0   5.8  48.3  10:02a     S
28  13.9  17.6   2:06p  10.9   7:33a   4.4   0.0   0.6   6.6  35.4   8:43a     S
29   9.5  13.7   1:06p   6.8   6:21a   8.8   0.0   1.4   6.3  66.0   1:07p     S
30  11.3  14.6   2:47p   8.9   9:00a   7.0   0.0   0.0   1.7  30.6   2:26p     S
31  13.3  15.8   1:29p  11.2   8:06a   5.0   0.0   0.0   2.8  30.6  12:54p     S
----------------------------------------------------------------------------------
    13.6  27.6    23     6.4    16   156.7  10.2  36.0   2.2  66.0    29       S

Max >=  27.0:  1
Max <=   0.0:  0
Min <=   0.0:  0
Min <= -18.0:  0
Max Rain: 15.0 on day 9
Days of Rain: 19 (>= 0.2 mm)  3 (>= 2.0 mm)  0 (>= 20.0 mm)
Heat Base: 18.3  Cool Base: 18.3  Method: Integration

The information provided herein is for informational purposes only and is not guaranteed to be accurate in any way. Do not make any life threatening decisions either directly or indirectly based on the information herein, no responsibility is accepted for any injuries, accidents or other incidents whether fatal or non-fatal, as a direct or indirect result of actions taken based upon the information herein.
Please refer to the Australian Government Bureau of Meteorology for the official weather and forecast.





page updated 23/09/2019 9:00:05 AM
powered by  cumulus v1.9.4 (1099)
cumulus software support forum
maintained by  Ankara Youth Camp

Flag Counter