WEATHER (Reports)

Walker Flat, South Australia    

home    gauges    today/yesterday    observations    reports    graphs    status
cam    month/year    monthly records   data   extremes   links   android   about

 

NOAA Style Reports Select the month or click ∨/∧ for other years data
Select a Year or Month report
V/Λ2020 > Jan Feb Mar Apr May Jun Jul Aug Sep Oct Nov Dec
V/Λ2019 > Jan Feb Mar Apr May Jun Jul Aug Sep Oct Nov Dec
V/Λ2018 > Jan Feb Mar Apr May Jun Jul Aug Sep Oct Nov Dec
V/Λ2017 > Jan Feb Mar Apr May Jun Jul Aug Sep Oct Nov Dec
V/Λ2016 > Jan Feb Mar Apr May Jun Jul Aug Sep Oct Nov Dec
V/Λ2015 > Jan Feb Mar Apr May Jun Jul Aug Sep Oct Nov Dec
V/Λ2014 > Jan Feb Mar Apr May Jun Jul Aug Sep Oct Nov Dec

Report for 2019 Sep
                   Monthly Climatological Summary for Sep 2019

Name: Walker Flat Weather   City: Walker Flat   State: SA
Elevation: 25 m  Lat: S 34° 45' 23"   Lon: E 139° 34' 12"

                  Temperature (°C), Rain (mm), Wind Speed (km/h)

                                      Heat  Cool        Avg
    Mean                              Deg   Deg         Wind                 Dom
Day Temp  High   Time   Low    Time   Days  Days  Rain  Speed High   Time    Dir
----------------------------------------------------------------------------------
 1  11.4  19.2  12:31p   3.8   6:28a   7.0   0.1   0.2   5.4  38.6  11:54a     W
 2  16.1  24.5   5:16p   9.8   9:00a   3.4   1.2   0.0   5.4  46.7  11:21a     N
 3  14.1  21.6   1:42p   8.8  11:54p   4.8   0.6   1.6   2.6  25.7   2:28p   WNW
 4  14.6  19.3   2:45p  12.3   9:00a   3.7   0.0   3.8   1.9  25.7   6:36a   SSW
 5  14.2  20.1  12:22p  10.8   3:00a   4.3   0.2   0.0   8.3  38.6   2:07p   WNW
 6  11.0  14.7  10:54a   7.9   4:20a   7.3   0.0   6.4  14.4  67.6  11:31a     W
 7  12.0  15.4   3:48p   9.6   4:09a   6.3   0.0   0.0   7.4  40.2   3:16p     W
 8  11.8  16.4  11:38a   7.1   6:34a   6.5   0.0   1.8  10.0  57.9  12:31p   WSW
 9   9.6  16.5   2:06p   2.7   6:48a   8.7   0.0   0.2   4.4  29.0   3:41p    SW
10  10.5  17.7   4:28p   3.6   6:52a   7.8   0.0   0.0   2.2  16.1  12:02p   ESE
11  23.2  26.6   3:14p  11.8   9:00a   0.5   5.5   0.0   4.5  32.2   8:50a     N
12  15.4  22.3  12:01p  10.2   6:49a   4.0   1.0   0.0   7.5  40.2   9:11a    SW
13  14.9  21.6   4:18p  10.8   9:00a   3.8   0.4   0.0   4.9  27.4   2:25p    SW
14  19.0  26.2   4:27p  12.4   9:00a   1.0   1.8   0.0   3.6  27.4  11:20a    NE
15  18.5  27.7   5:22p  10.4   8:52a   2.7   2.9   2.4   8.0  40.2  12:26a    SW
16   8.9  15.1   3:44p   3.1   6:27a   9.4   0.0   0.0   5.9  35.4  12:44p   SSW
17   9.0  15.6   3:25p   1.7   6:46a   9.3   0.0   0.0   2.8  22.5  10:22a   SSE
18  15.7  20.8   4:38p  10.7   9:00a   2.9   0.4   0.0   7.1  41.8   8:46a    NE
19  22.8  29.3   3:45p  15.2   5:18a   0.2   4.7   0.0   9.8  59.5   3:07p    NE
20  14.8  20.9  11:41a   8.7   5:51a   4.1   0.6   8.2   6.8  33.8   5:45p   WSW
21  10.8  16.2   3:10p   6.1   5:25a   7.5   0.0   0.6   5.9  46.7  12:26p     W
22  11.5  16.8   1:13p   6.8   4:58a   6.8   0.0   1.8   5.0  35.4   2:06p    NW
23  11.7  17.2   2:13p   6.0   6:36a   6.6   0.0   0.0   5.1  35.4   1:29p   WSW
24  11.8  17.6   2:53p   6.1   5:25a   6.5   0.0   0.2   2.2  22.5   6:04p    SW
25  12.7  19.4   2:52p   6.2   5:28a   5.7   0.1   0.0   2.9  19.3   8:10p    SE
26  16.7  26.7   3:01p   9.3   6:14a   3.5   2.0   0.0   2.8  27.4   9:42a    NW
27  11.9  21.5   9:35a   4.4   6:15a   6.7   0.3   0.0   7.8  40.2  12:45p    SW
28  12.0  17.9   4:48p   6.3   5:09a   6.3   0.0   0.0   2.9  27.4   7:11p    SW
29  13.3  19.2   2:31p   9.1   6:30a   5.1   0.1   0.0   5.5  27.4   5:46p    SW
30  13.8  20.7   2:56p   6.1   5:15a   4.9   0.4   0.0   3.6  20.9   1:54p    SE
----------------------------------------------------------------------------------
    13.8  29.3    19     1.7    17   157.3  22.3  27.2   5.5  67.6     6       W

Max >=  27.0:  2
Max <=   0.0:  0
Min <=   0.0:  0
Min <= -18.0:  0
Max Rain: 8.2 on day 20
Days of Rain: 11 (>= 0.2 mm)  4 (>= 2.0 mm)  0 (>= 20.0 mm)
Heat Base: 18.3  Cool Base: 18.3  Method: Integration

The information provided herein is for informational purposes only and is not guaranteed to be accurate in any way. Do not make any life threatening decisions either directly or indirectly based on the information herein, no responsibility is accepted for any injuries, accidents or other incidents whether fatal or non-fatal, as a direct or indirect result of actions taken based upon the information herein.
Please refer to the Australian Government Bureau of Meteorology for the official weather and forecast.





page updated 18/01/2020 9:00:01 AM
powered by  cumulus v1.9.4 (1099)
cumulus software support forum
maintained by  Ankara Youth Camp

Flag Counter