WEATHER (Reports)

Walker Flat, South Australia    

home    gauges    today/yesterday    observations    reports    graphs    status
cam    month/year    monthly records   data   extremes   links   android   about

 

NOAA Style Reports Select the month or click ∨/∧ for other years data
Select a Year or Month report
V/Λ2020 > Jan Feb Mar Apr May Jun Jul Aug Sep Oct Nov Dec
V/Λ2019 > Jan Feb Mar Apr May Jun Jul Aug Sep Oct Nov Dec
V/Λ2018 > Jan Feb Mar Apr May Jun Jul Aug Sep Oct Nov Dec
V/Λ2017 > Jan Feb Mar Apr May Jun Jul Aug Sep Oct Nov Dec
V/Λ2016 > Jan Feb Mar Apr May Jun Jul Aug Sep Oct Nov Dec
V/Λ2015 > Jan Feb Mar Apr May Jun Jul Aug Sep Oct Nov Dec
V/Λ2014 > Jan Feb Mar Apr May Jun Jul Aug Sep Oct Nov Dec

Report for 2019 Nov
                   Monthly Climatological Summary for Nov 2019

Name: Walker Flat Weather   City: Walker Flat   State: SA
Elevation: 25 m  Lat: S 34° 45' 23"   Lon: E 139° 34' 12"

                  Temperature (°C), Rain (mm), Wind Speed (km/h)

                                      Heat  Cool        Avg
    Mean                              Deg   Deg         Wind                 Dom
Day Temp  High   Time   Low    Time   Days  Days  Rain  Speed High   Time    Dir
----------------------------------------------------------------------------------
 1  22.3  33.8   2:46p  16.4   3:07a   0.7   4.8   2.0   9.9  49.9   2:23p     S
 2  19.1  26.0   4:05p  14.3   6:46a   1.2   1.9   0.0   6.6  33.8   5:16p     S
 3  16.1  22.4   1:34p  10.5   2:26a   3.2   1.0   0.0   7.8  38.6   3:48p     S
 4  13.8  19.7   2:13p   8.7   6:16a   4.6   0.1   2.0   9.5  53.1   2:45p     S
 5  18.3  25.3   3:27p  12.3   6:31a   1.9   1.9   0.0   4.2  40.2   9:54a     S
 6  18.0  24.6   1:26p  13.1   3:21a   1.8   1.5   0.0  15.2  57.9   5:02p     S
 7  16.6  21.2   3:00p  12.7   4:49a   2.2   0.5   0.2  14.4  53.1   9:30a     S
 8  13.0  17.4   2:31p   9.2   4:12a   5.3   0.0   0.0  14.3  56.3  10:33a     S
 9  15.8  20.6   3:07p  13.2   5:55a   2.9   0.4   0.0  12.3  40.2  12:41p     S
10  18.6  27.7   5:18p  11.4   4:01a   2.3   2.6   0.0   4.2  29.0   4:14p     S
11  23.8  35.2   3:47p  13.2   4:50a   1.7   7.2   0.0  14.5  49.9  11:20p     S
12  14.6  19.4   4:08p  12.3  11:03p   3.8   0.1   0.0  11.8  49.9   2:49p     S
13  12.3  12.3  10:00a  12.3  10:00a   6.0   0.0   0.0   4.8   4.8  10:00a     S
14  20.7  24.2   3:56p  12.3  10:00a   0.7   3.1   0.0  11.2  30.6   4:45p     S
15  21.3  21.3  10:00a  21.3  10:00a   0.0   3.0   0.0  12.9  16.1  10:00a     S
16  21.3  21.3  10:00a  21.3  10:00a   0.0   3.0   0.0  12.9  16.1  10:00a     S
17  21.3  21.3  10:00a  21.3  10:00a   0.0   3.0   0.0  12.9  16.1  10:00a     S
18  21.3  21.3  10:00a  21.3  10:00a   0.0   3.0   0.0  12.9  16.1  10:00a     S
19  21.3  21.3  10:00a  21.3  10:00a   0.0   3.0   0.0  12.9  16.1  10:00a     S
20  25.5  37.8   9:45p  20.6   8:39a   0.0   7.2   0.0  11.5  40.2   9:09a     S
21  16.6  22.7   4:41p  10.7   5:53a   2.6   0.9   0.0  10.3  53.1  10:11a   SSW
22  17.1  25.7   3:52p  10.5   5:33a   2.8   1.6   0.0   5.7  37.0   4:00p   SSW
23  17.0  24.9   1:52p   9.4   6:17a   3.0   1.7   0.0   6.6  40.2   4:38p   SSW
24  21.1  30.8   4:20p  12.5   5:56a   1.3   4.1   0.0   3.8  33.8   6:01p     S
25  19.2  30.8   3:47p  11.9   6:18a   2.4   3.3   0.0  14.7  53.1   7:34p     S
26  14.2  19.8   2:28p   7.0   5:27a   4.3   0.2   0.0   8.4  41.8   1:24p   SSW
27  19.1  29.3   3:24p  10.8   6:07a   2.4   3.2   0.0   6.1  32.2  10:21p     S
28  19.3  29.2   5:09p  13.0   6:42a   1.8   2.7   0.0   6.0  41.8   5:32p   SSW
29  15.2  22.9   2:51p   9.5   6:21a   3.9   0.7   2.4   7.2  40.2   3:16p   SSW
30  15.6  20.6   3:01p  12.2   3:06a   3.0   0.3   0.2   9.5  45.1   2:57p     S
----------------------------------------------------------------------------------
    18.3  37.8    20     7.0    26    65.8  66.0   6.8   9.8  57.9     6       S

Max >=  27.0:  8
Max <=   0.0:  0
Min <=   0.0:  0
Min <= -18.0:  0
Max Rain: 2.4 on day 29
Days of Rain: 5 (>= 0.2 mm)  3 (>= 2.0 mm)  0 (>= 20.0 mm)
Heat Base: 18.3  Cool Base: 18.3  Method: Integration

The information provided herein is for informational purposes only and is not guaranteed to be accurate in any way. Do not make any life threatening decisions either directly or indirectly based on the information herein, no responsibility is accepted for any injuries, accidents or other incidents whether fatal or non-fatal, as a direct or indirect result of actions taken based upon the information herein.
Please refer to the Australian Government Bureau of Meteorology for the official weather and forecast.





page updated 9/04/2020 9:00:02 AM
powered by  cumulus v1.9.4 (1099)
cumulus software support forum
maintained by  Ankara Youth Camp

Flag Counter