WEATHER (NOAA Style Reports)

Walker Flat, South Australia  

 

National Oceanic and Atmospheric Administration (NOAA) Style data reports

 

Click button to select month or click ∨/∧ for other year/month data

Select a Year or Month report
V/Λ2021 > Jan Feb Mar Apr May Jun Jul Aug Sep Oct Nov Dec
V/Λ2020 > Jan Feb Mar Apr May Jun Jul Aug Sep Oct Nov Dec
V/Λ2019 > Jan Feb Mar Apr May Jun Jul Aug Sep Oct Nov Dec
V/Λ2018 > Jan Feb Mar Apr May Jun Jul Aug Sep Oct Nov Dec
V/Λ2017 > Jan Feb Mar Apr May Jun Jul Aug Sep Oct Nov Dec
V/Λ2016 > Jan Feb Mar Apr May Jun Jul Aug Sep Oct Nov Dec
V/Λ2015 > Jan Feb Mar Apr May Jun Jul Aug Sep Oct Nov Dec
V/Λ2014 > Jan Feb Mar Apr May Jun Jul Aug Sep Oct Nov Dec

Report for 2021 May
                   Monthly Climatological Summary for May 2021

Name: Ankara Youth Camp   City: Walker Flat   State: SA
Elevation: 25 m  Lat: S 34° 45' 23"   Lon: E 139° 34' 11"

                  Temperature (°C), Rain (mm), Wind Speed (km/h)

                                      Heat  Cool        Avg
    Mean                              Deg   Deg         Wind                 Dom
Day Temp  High   Time   Low    Time   Days  Days  Rain  Speed High   Time    Dir
----------------------------------------------------------------------------------
01  19.7  27.8   15:45  12.1   07:17   2.9   0.2   0.0   5.3  34.0   11:41     S
02  16.6  25.1   15:02  10.7   05:49   5.0   0.0   0.0   3.0  24.0   16:25     S
03  13.3  18.2   13:32   7.6   07:16   7.7   0.0   1.8   5.2  31.0   11:29   SSW
04  11.4  16.6   13:53   6.3   07:08   9.6   0.0   0.0   6.6  40.0   13:54   SSW
05  12.1  17.9   15:17   7.8   06:52   8.9   0.0   0.0   2.4  21.0   13:05   SSW
06  14.3  18.9   15:21   9.3   09:00   6.7   0.0   0.0   2.4  21.0   12:57     S
07  16.5  24.4   12:13  11.1   04:49   5.0   0.0   0.0   1.1  18.0   12:13     S
08  13.5  20.2   13:51   8.1   06:43   7.5   0.0   0.0   1.4  37.0   14:15   SSW
09  15.6  21.4   15:09  10.9   09:00   5.4   0.0   1.0   3.7  29.0   06:54     S
10  13.3  17.3   11:36  10.3   07:17   7.7   0.0   1.2   9.7  51.0   12:20   SSW
11  12.4  15.1   15:13   9.3   22:23   8.6   0.0   0.0   4.9  31.0   16:00   SSW
12  12.1  19.9   16:17   7.1   03:04   8.9   0.0   0.0   1.2  13.0   07:28     S
13  11.8  17.0   10:49   7.2   02:56   9.2   0.0   0.0   5.2  35.0   11:29     S
14  12.7  16.9   12:51   9.3   03:11   8.3   0.0   0.0   6.2  48.0   13:38     S
15  13.3  16.3   14:22  10.9   05:09   7.7   0.0   0.0   5.5  29.0   10:44   SSW
16  13.6  17.6   13:13   9.8   23:55   7.4   0.0   0.0   3.8  31.0   13:24     S
17  11.3  18.2   14:42   4.2   07:15   9.7   0.0   0.0   3.0  26.0   12:52     S
----------------------------------------------------------------------------------
    13.7  27.8     1     4.2    17   126.2   0.2   4.0   4.2  51.0    10       S

Max >=  25.0  2
Max <=  35.0 17
Min <=  20.0 17
Min <=  10.0 11
Max Rain: 1.8 on day 3
Days of Rain: 3 (>= 0.2 mm)  0 (>= 2.0 mm)  0 (>= 20.0 mm)
Heat Base: 21.0  Cool Base: 26.0  Method: Integration


The information provided herein is for informational purposes only and is not guaranteed to be accurate in any way. Do not make any life threatening decisions either directly or indirectly based on the information herein, no responsibility is accepted for any injuries, accidents or other incidents whether fatal or non-fatal, as a direct or indirect result of actions taken based upon the information herein.
Please refer to the Australian Government Bureau of Meteorology for the official weather and forecast.


Copyright © 2021


script original author  Saratoga-Weather.org (Ken True)
and modified by  beteljuice



page updated 5/18/2021 9:00:01 AM
cumulus software support forum
powered by  cumulusMX v3.10.5 (3122)
maintained by  Ankara Youth Camp

Flag Counter